{"id":5,"date":"2024-04-04T07:05:23","date_gmt":"2024-04-04T04:05:23","guid":{"rendered":"https:\/\/sisu.ut.ee\/teravili\/avaleht\/"},"modified":"2024-04-26T09:14:49","modified_gmt":"2024-04-26T06:14:49","slug":"avaleht","status":"publish","type":"page","link":"https:\/\/sisu.ut.ee\/teravili\/","title":{"rendered":"Avaleht"},"content":{"rendered":"<p>II kooliastme kodundus\u00f5ppes omandatakse teadmisi ja oskusi igap\u00e4evaeluga toimetulekuks.<\/p>\n<p>Praktilise\u00a0toiduvalmistamise k\u00e4igus tutvutakse muuhulgas teraviljade, teraviljasaaduste ja teraviljatoitudega. K\u00e4esolev \u00f5piobjekt on loodud digitaalse abimaterjalina\u00a0\u00f5petajatele ja\u00a0lapsevanematele, et toetada \u00f5pilasi teraviljade ja\u00a0teraviljasaaduste tundma\u00f5ppimisel ning\u00a0teraviljatoitude valmistamisel.<\/p>\n<p><strong>\u00d5piobjekti eesm\u00e4rgiks on<\/strong>\u00a0 \u00f5ppida tundma\u00a08 erinevat teravilja (rukis, nisu, oder, kaer, tatar, mais, hirss, riis), teraviljasaadusi ja \u00f5ppida neist saadustest\u00a0teraviljatoitusid valmistama.<\/p>\n<p><strong>\u00d5piobjekti l\u00e4binu<\/strong>:<\/p>\n<ul>\n<li>kirjeldab\u00a0ja\u00a0\u00a0m\u00e4\u00e4rab iseloomulike tunnuste j\u00e4rgi\u00a0\u00f5pitud teravilju;<\/li>\n<li>kirjeldab m\u00f5iste\u00a0t\u00e4istera\u00a0t\u00e4hendust ja t\u00e4isteratoodete kasulikkust;<\/li>\n<li>m\u00e4\u00e4rab\u00a0teraviljasaadusi\u00a0t\u00f6\u00f6tlemisviiside kaudu;<\/li>\n<li>valmistab \u00f5ppevideote abil teraviljatoitusid, kasutades\u00a0k\u00fclm- ja kuumt\u00f6\u00f6tlemistehnikaid.<\/li>\n<\/ul>\n<p>K\u00e4esolevat \u00f5piobjekti saab kasutada erinevates olukordades: \u00f5ppet\u00f6\u00f6 l\u00e4biviimisel kontakttunnis, \u00f5ppet\u00f6\u00f6 korraldamisel\u00a0kodu- v\u00f5i distants\u00f5ppel olles, \u00f5pilastele koduseid \u00f5pi\u00fclesandeid andes v\u00f5i nende \u00f5ppetunnist eemaldamisel.\u00a0Sellest tulenevalt saavad \u00f5pilased iseseisvalt oma teadmisi kontrollida k\u00e4esolevas \u00f5piobjektis loodud testide abil, kuid vajadusel saata ka tagasiside (n\u00e4iteks fotod isevalmistatud toitudest)\u00a0\u00f5pi\u00fclesande andnud inimesele.<\/p>\n<p>P\u00f5nevat avastamist ja katsetamist soovides<\/p>\n<p>Daily Harjaks<br>\n\u00d5piobjekti \u201d Teravili ja teraviljatoidud\u201d autor<br>\nViljandi, 2021<\/p>\n","protected":false},"excerpt":{"rendered":"<p>II kooliastme kodundus\u00f5ppes omandatakse teadmisi ja oskusi igap\u00e4evaeluga toimetulekuks. Praktilise\u00a0toiduvalmistamise k\u00e4igus tutvutakse muuhulgas teraviljade, teraviljasaaduste ja teraviljatoitudega. K\u00e4esolev \u00f5piobjekt on loodud digitaalse abimaterjalina\u00a0\u00f5petajatele ja\u00a0lapsevanematele, et toetada \u00f5pilasi teraviljade ja\u00a0teraviljasaaduste tundma\u00f5ppimisel ning\u00a0teraviljatoitude valmistamisel. \u00d5piobjekti eesm\u00e4rgiks on\u00a0 \u00f5ppida tundma\u00a08 erinevat teravilja (rukis, &#8230;<\/p>\n","protected":false},"author":247,"featured_media":0,"parent":0,"menu_order":0,"comment_status":"closed","ping_status":"closed","template":"","meta":{"_acf_changed":false,"inline_featured_image":false,"footnotes":""},"class_list":["post-5","page","type-page","status-publish","hentry"],"acf":[],"_links":{"self":[{"href":"https:\/\/sisu.ut.ee\/teravili\/wp-json\/wp\/v2\/pages\/5","targetHints":{"allow":["GET"]}}],"collection":[{"href":"https:\/\/sisu.ut.ee\/teravili\/wp-json\/wp\/v2\/pages"}],"about":[{"href":"https:\/\/sisu.ut.ee\/teravili\/wp-json\/wp\/v2\/types\/page"}],"author":[{"embeddable":true,"href":"https:\/\/sisu.ut.ee\/teravili\/wp-json\/wp\/v2\/users\/247"}],"replies":[{"embeddable":true,"href":"https:\/\/sisu.ut.ee\/teravili\/wp-json\/wp\/v2\/comments?post=5"}],"version-history":[{"count":2,"href":"https:\/\/sisu.ut.ee\/teravili\/wp-json\/wp\/v2\/pages\/5\/revisions"}],"predecessor-version":[{"id":309,"href":"https:\/\/sisu.ut.ee\/teravili\/wp-json\/wp\/v2\/pages\/5\/revisions\/309"}],"wp:attachment":[{"href":"https:\/\/sisu.ut.ee\/teravili\/wp-json\/wp\/v2\/media?parent=5"}],"curies":[{"name":"wp","href":"https:\/\/api.w.org\/{rel}","templated":true}]}}