{"id":283,"date":"2024-04-26T08:59:04","date_gmt":"2024-04-26T05:59:04","guid":{"rendered":"https:\/\/sisu.ut.ee\/teravili\/testi-oma-teadmisi-nisu\/"},"modified":"2024-04-26T08:59:04","modified_gmt":"2024-04-26T05:59:04","slug":"testi-oma-teadmisi-nisu","status":"publish","type":"page","link":"https:\/\/sisu.ut.ee\/teravili\/testi-oma-teadmisi-nisu\/","title":{"rendered":"Testi oma teadmisi &#8211; nisu"},"content":{"rendered":"<div id=\"watupro_quiz\" class=\"quiz-area single-page-quiz\">\n<p id=\"submittingExam5\" style=\"display:none;text-align:center;\"><img loading=\"lazy\" decoding=\"async\" src=\"https:\/\/sisu.ut.ee\/wp-content\/plugins\/watupro\/img\/loading.gif\" width=\"16\" height=\"16\"><\/p>\n\n\n\n<form action=\"\" method=\"post\" class=\"quiz-form\" id=\"quiz-5\" enctype=\"multipart\/form-data\">\n<div class=\"watu-question \" id=\"question-1\" style=\";\"><div id=\"questionWrap-1\" class=\"  watupro-required-18 watupro-question-id-18\">\n\t\t\t<div class=\"question-content\"><div><p>Millisel pildil on nisup\u00f5ld?<\/p><\/div><input type=\"hidden\" name=\"question_id[]\" id=\"qID_1\" value=\"18\" class=\"watupro-question-id\"><input type=\"hidden\" id=\"answerType18\" class=\"answerTypeCnt1\" value=\"radio\"><input type=\"hidden\" id=\"watupro-required-question-18\"><!-- end question-content--><\/div><div class=\"question-choices watupro-choices-columns \" id=\"questionChoices18\"><div class=\"watupro-question-choice  \" dir=\"auto\"><input type=\"radio\" name=\"answer-18[]\" id=\"answer-id-69\" class=\"answer   answerof-18 \" value=\"69\"><label for=\"answer-id-69\" id=\"answer-label-69\" class=\" answer\"><span><p><img loading=\"lazy\" decoding=\"async\" width=\"1920\" height=\"1272\" class=\"alignnone wp-image-52\" style=\"\" src=\"https:\/\/multisite.ut.ee\/wp-content\/uploads\/sites\/479\/riisipold.jpg\" title=\"riisipold.jpg\" alt=\"Riisip\u00f5ld\" srcset=\"https:\/\/sisu.ut.ee\/wp-content\/uploads\/sites\/479\/riisipold.jpg 1920w, https:\/\/sisu.ut.ee\/wp-content\/uploads\/sites\/479\/riisipold-300x199.jpg 300w, https:\/\/sisu.ut.ee\/wp-content\/uploads\/sites\/479\/riisipold-1024x678.jpg 1024w, https:\/\/sisu.ut.ee\/wp-content\/uploads\/sites\/479\/riisipold-768x509.jpg 768w, https:\/\/sisu.ut.ee\/wp-content\/uploads\/sites\/479\/riisipold-1536x1018.jpg 1536w\" sizes=\"auto, (max-width: 1920px) 100vw, 1920px\"><\/p><\/span><\/label><\/div><div class=\"watupro-question-choice  \" dir=\"auto\"><input type=\"radio\" name=\"answer-18[]\" id=\"answer-id-67\" class=\"answer   answerof-18 \" value=\"67\"><label for=\"answer-id-67\" id=\"answer-label-67\" class=\" answer\"><span><p><img loading=\"lazy\" decoding=\"async\" width=\"1920\" height=\"1280\" class=\"alignnone wp-image-48\" style=\"\" src=\"https:\/\/multisite.ut.ee\/wp-content\/uploads\/sites\/479\/tatrapold.jpg\" title=\"tatrapold.jpg\" alt=\"Tatrap\u00f5ld\" srcset=\"https:\/\/sisu.ut.ee\/wp-content\/uploads\/sites\/479\/tatrapold.jpg 1920w, https:\/\/sisu.ut.ee\/wp-content\/uploads\/sites\/479\/tatrapold-300x200.jpg 300w, https:\/\/sisu.ut.ee\/wp-content\/uploads\/sites\/479\/tatrapold-1024x683.jpg 1024w, https:\/\/sisu.ut.ee\/wp-content\/uploads\/sites\/479\/tatrapold-768x512.jpg 768w, https:\/\/sisu.ut.ee\/wp-content\/uploads\/sites\/479\/tatrapold-1536x1024.jpg 1536w\" sizes=\"auto, (max-width: 1920px) 100vw, 1920px\"><\/p><\/span><\/label><\/div><div class=\"watupro-question-choice  \" dir=\"auto\"><input type=\"radio\" name=\"answer-18[]\" id=\"answer-id-68\" class=\"answer   answerof-18 \" value=\"68\"><label for=\"answer-id-68\" id=\"answer-label-68\" class=\" answer\"><span><p><img loading=\"lazy\" decoding=\"async\" width=\"180\" height=\"140\" class=\"alignnone wp-image-160\" style=\"\" src=\"https:\/\/multisite.ut.ee\/wp-content\/uploads\/sites\/479\/20200809_124821_moment.jpg\" title=\"20200809_124821_moment.jpg\" alt=\"Nisup\u00f5ld\"><\/p><\/span><\/label><\/div><!-- end question-choices--><\/div><!-- end questionWrap--><\/div><\/div><div class=\"watu-question \" id=\"question-2\" style=\";\"><div id=\"questionWrap-2\" class=\"  watupro-required-23 watupro-question-id-23\">\n\t\t\t<div class=\"question-content\"><div><p>Miks on t\u00e4isteratooted kasulikud?<\/p><\/div><input type=\"hidden\" name=\"question_id[]\" id=\"qID_2\" value=\"23\" class=\"watupro-question-id\"><input type=\"hidden\" id=\"answerType23\" class=\"answerTypeCnt2\" value=\"checkbox\"><input type=\"hidden\" id=\"watupro-required-question-23\"><!-- end question-content--><\/div><div class=\"question-choices watupro-choices-columns \" id=\"questionChoices23\"><div class=\"watupro-question-choice  \" dir=\"auto\"><input type=\"checkbox\" name=\"answer-23[]\" id=\"answer-id-77\" class=\"answer   answerof-23 \" value=\"77\"><label for=\"answer-id-77\" id=\"answer-label-77\" class=\" answer\"><span><p>t\u00e4isteratoodete puhul on\u00a0teradelt kooritud \u00e4ra kestad, seet\u00f5ttu on tooted paremini seeditavad<\/p><\/span><\/label><\/div><div class=\"watupro-question-choice  \" dir=\"auto\"><input type=\"checkbox\" name=\"answer-23[]\" id=\"answer-id-80\" class=\"answer   answerof-23 \" value=\"80\"><label for=\"answer-id-80\" id=\"answer-label-80\" class=\" answer\"><span><p>t\u00e4isteratoodetes on h\u00e4sti s\u00e4ilinud rafineeritud suhkur, mis on inimesele vajalik energiaallikas<\/p><\/span><\/label><\/div><div class=\"watupro-question-choice  \" dir=\"auto\"><input type=\"checkbox\" name=\"answer-23[]\" id=\"answer-id-78\" class=\"answer   answerof-23 \" value=\"78\"><label for=\"answer-id-78\" id=\"answer-label-78\" class=\" answer\"><span><p>t\u00e4isteratooted hoiavad k\u00f5hu kauem t\u00e4is ja aitavad v\u00e4ltida n\u00e4ljatunnet<\/p><\/span><\/label><\/div><div class=\"watupro-question-choice  \" dir=\"auto\"><input type=\"checkbox\" name=\"answer-23[]\" id=\"answer-id-79\" class=\"answer   answerof-23 \" value=\"79\"><label for=\"answer-id-79\" id=\"answer-label-79\" class=\" answer\"><span><p>t\u00e4isteratoodetes on s\u00e4ilinud vajalikud\u00a0kiudained, vitamiinid\u00a0ja mineraalained\u00a0<\/p><\/span><\/label><\/div><!-- end question-choices--><\/div><!-- end questionWrap--><\/div><\/div><div class=\"watu-question \" id=\"question-3\" style=\";\"><div id=\"questionWrap-3\" class=\"  watupro-required-21 watupro-question-id-21\">\n\t\t\t<div class=\"question-content\"><div><p>Kuidas kutsutakse peenemat nisutangu, mida valmistatakse k\u00f5va nisu koorimata teradest.<\/p><\/div><input type=\"hidden\" name=\"question_id[]\" id=\"qID_3\" value=\"21\" class=\"watupro-question-id\"><input type=\"hidden\" id=\"answerType21\" class=\"answerTypeCnt3\" value=\"radio\"><input type=\"hidden\" id=\"watupro-required-question-21\"><!-- end question-content--><\/div><div class=\"question-choices watupro-choices-columns \" id=\"questionChoices21\"><div class=\"watupro-question-choice  \" dir=\"auto\"><input type=\"radio\" name=\"answer-21[]\" id=\"answer-id-73\" class=\"answer   answerof-21 \" value=\"73\"><label for=\"answer-id-73\" id=\"answer-label-73\" class=\" answer\"><span><p>kuskuss<\/p><\/span><\/label><\/div><div class=\"watupro-question-choice  \" dir=\"auto\"><input type=\"radio\" name=\"answer-21[]\" id=\"answer-id-74\" class=\"answer   answerof-21 \" value=\"74\"><label for=\"answer-id-74\" id=\"answer-label-74\" class=\" answer\"><span><p>kuspuss<\/p><\/span><\/label><\/div><div class=\"watupro-question-choice  \" dir=\"auto\"><input type=\"radio\" name=\"answer-21[]\" id=\"answer-id-75\" class=\"answer   answerof-21 \" value=\"75\"><label for=\"answer-id-75\" id=\"answer-label-75\" class=\" answer\"><span><p>kurkuss<\/p><\/span><\/label><\/div><!-- end question-choices--><\/div><!-- end questionWrap--><\/div><\/div><div class=\"watu-question \" id=\"question-4\" style=\";\"><div id=\"questionWrap-4\" class=\"  watupro-required-20 watupro-question-id-20\">\n\t\t\t<div class=\"question-content\"><div><p>Nisust (v\u00e4lja arvatud t\u00e4isteranisust) valmistatud tooted on vitamiinide ja mineraalainete poolest \u00fcsna vaesed.<\/p><\/div><input type=\"hidden\" name=\"question_id[]\" id=\"qID_4\" value=\"20\" class=\"watupro-question-id\"><input type=\"hidden\" id=\"answerType20\" class=\"answerTypeCnt4\" value=\"radio\"><input type=\"hidden\" id=\"watupro-required-question-20\"><!-- end question-content--><\/div><div class=\"question-choices watupro-choices-columns \" id=\"questionChoices20\"><div class=\"watupro-question-choice  \" dir=\"auto\"><input type=\"radio\" name=\"answer-20[]\" id=\"answer-id-71\" class=\"answer   answerof-20 \" value=\"71\"><label for=\"answer-id-71\" id=\"answer-label-71\" class=\" answer\"><span>True<\/span><\/label><\/div><div class=\"watupro-question-choice  \" dir=\"auto\"><input type=\"radio\" name=\"answer-20[]\" id=\"answer-id-72\" class=\"answer   answerof-20 \" value=\"72\"><label for=\"answer-id-72\" id=\"answer-label-72\" class=\" answer\"><span>False<\/span><\/label><\/div><!-- end question-choices--><\/div><!-- end questionWrap--><\/div><\/div><div class=\"watu-question \" id=\"question-5\" style=\";\"><div id=\"questionWrap-5\" class=\"  watupro-required-22 watupro-question-id-22\">\n\t\t\t<div class=\"question-content\"><p>Kuidas kutsutakse k\u00f5va nisu|mille kleepvalgusisaldus on v\u00e4iksem?\u00a0<select name=\"gap_22_1\" class=\"watupro-gap answer answerof-22\"><option value=\"\"><\/option><option value=\"purunisu\">purunisu<\/option><option value=\"durumnisu\">durumnisu<\/option><option value=\"turunisu\">turunisu<\/option><\/select><\/p>\n<input type=\"hidden\" name=\"question_id[]\" id=\"qID_5\" value=\"22\" class=\"watupro-question-id\"><input type=\"hidden\" id=\"answerType22\" class=\"answerTypeCnt5\" value=\"gaps\"><input type=\"hidden\" id=\"watupro-required-question-22\"><!-- end question-content--><\/div><!-- end questionWrap--><\/div><\/div><div class=\"watu-question \" id=\"question-6\" style=\";\"><div id=\"questionWrap-6\" class=\"  watupro-required-17 watupro-question-id-17\">\n\t\t\t<div class=\"question-content\"><div><p>Kui kaua on nisu Eestis kasvatatud?<\/p><\/div><input type=\"hidden\" name=\"question_id[]\" id=\"qID_6\" value=\"17\" class=\"watupro-question-id\"><input type=\"hidden\" id=\"answerType17\" class=\"answerTypeCnt6\" value=\"radio\"><input type=\"hidden\" id=\"watupro-required-question-17\"><!-- end question-content--><\/div><div class=\"question-choices watupro-choices-columns \" id=\"questionChoices17\"><div class=\"watupro-question-choice  \" dir=\"auto\"><input type=\"radio\" name=\"answer-17[]\" id=\"answer-id-66\" class=\"answer   answerof-17 \" value=\"66\"><label for=\"answer-id-66\" id=\"answer-label-66\" class=\" answer\"><span><p>\u00fcle 4000 aasta<\/p><\/span><\/label><\/div><div class=\"watupro-question-choice  \" dir=\"auto\"><input type=\"radio\" name=\"answer-17[]\" id=\"answer-id-64\" class=\"answer   answerof-17 \" value=\"64\"><label for=\"answer-id-64\" id=\"answer-label-64\" class=\" answer\"><span><p>100 aastat<\/p><\/span><\/label><\/div><div class=\"watupro-question-choice  \" dir=\"auto\"><input type=\"radio\" name=\"answer-17[]\" id=\"answer-id-65\" class=\"answer   answerof-17 \" value=\"65\"><label for=\"answer-id-65\" id=\"answer-label-65\" class=\" answer\"><span><p>1000 aastat<\/p><\/span><\/label><\/div><!-- end question-choices--><\/div><!-- end questionWrap--><\/div><\/div><div class=\"watu-question \" id=\"question-7\" style=\";\"><div id=\"questionWrap-7\" class=\"  watupro-required-19 watupro-question-id-19\">\n\t\t\t<div class=\"question-content\"><p>Kui toodete valmistamisel kasutatakse \u00e4ra kogu viljatera koos kestaga|nimetatakse neid tooteid\u00a0<select name=\"gap_19_1\" class=\"watupro-gap answer answerof-19\"><option value=\"\"><\/option><option value=\"vilja\">vilja<\/option><option value=\"teravilja\">teravilja<\/option><option value=\"t\u00e4istera\">t\u00e4istera<\/option><\/select> toodeteks.<\/p>\n<input type=\"hidden\" name=\"question_id[]\" id=\"qID_7\" value=\"19\" class=\"watupro-question-id\"><input type=\"hidden\" id=\"answerType19\" class=\"answerTypeCnt7\" value=\"gaps\"><input type=\"hidden\" id=\"watupro-required-question-19\"><!-- end question-content--><\/div><!-- end questionWrap--><\/div><\/div><div style=\"display:none\" id=\"question-8\">\n\t<div class=\"question-content\">\n\t\t<img loading=\"lazy\" decoding=\"async\" src=\"https:\/\/sisu.ut.ee\/wp-content\/plugins\/watupro\/img\/loading.gif\" width=\"16\" height=\"16\" alt=\"Loading...\" title=\"Loading...\">\u00a0Loading...\t<\/div>\n<\/div>\n\n<br>\n\t\n\t\t\t<div class=\"watupro_buttons flex \" id=\"watuPROButtons5\">\n\t\t  <div id=\"prev-question\" style=\"display:none;\"><input type=\"button\" value=\"&lt; Previous\" onclick=\"WatuPRO.nextQuestion(event, 'previous');\"><\/div>\t\t  \t\t  \t\t   \n\t\t   \t  \t\t<div><input type=\"button\" name=\"action\" class=\"watupro-submit-button\" onclick=\"WatuPRO.submitResult(event)\" id=\"action-button\" value=\"View Results\">\n\t\t<\/div>\n\t\t<\/div>\n\t\t\n\t<input type=\"hidden\" name=\"quiz_id\" value=\"5\" id=\"watuPROExamID\">\n\t<input type=\"hidden\" name=\"start_time\" id=\"startTime\" value=\"2026-04-14 18:35:18\">\n\t<input type=\"hidden\" name=\"start_timestamp\" id=\"startTimeStamp\" value=\"1776191718\">\n\t<input type=\"hidden\" name=\"question_ids\" value=\"\">\n\t<input type=\"hidden\" name=\"watupro_questions\" value=\"18:69,67,68 | 23:77,80,78,79 | 21:73,74,75 | 20:71,72 | 22:76 | 17:66,64,65 | 19:70\">\n\t<input type=\"hidden\" name=\"no_ajax\" value=\"0\">\t\t\t<\/form>\n\t<p>\u00a0<\/p>\n<\/div>\n\n<script type=\"text\/javascript\">\n\/\/jQuery(document).ready(function(){\ndocument.addEventListener(\"DOMContentLoaded\", function(event) { \t\nvar question_ids = \"18,23,21,20,22,17,19\";\nWatuPROSettings[5] = {};\nWatuPRO.qArr = question_ids.split(',');\nWatuPRO.exam_id = 5;\t    \nWatuPRO.post_id = 283;\nWatuPRO.store_progress = 0;\nWatuPRO.curCatPage = 1;\nWatuPRO.requiredIDs=\"0,18,23,21,20,22,17,19\".split(\",\");\nWatuPRO.hAppID = \"0.05950500 1776180918\";\nvar url = \"https:\/\/sisu.ut.ee\/wp-content\/plugins\/watupro\/show_exam.php\";\nWatuPRO.examMode = 1;\nWatuPRO.siteURL=\"https:\/\/sisu.ut.ee\/teravili\/wp-admin\/admin-ajax.php\";\nWatuPRO.emailIsNotRequired = 0;\nWatuPRO.perDecade = 10;\nWatuPROIntel.init(5);\nWatuPRO.inCategoryPages=1;});    \t \n<\/script>\n\n","protected":false},"excerpt":{"rendered":"","protected":false},"author":9,"featured_media":0,"parent":0,"menu_order":0,"comment_status":"closed","ping_status":"closed","template":"","meta":{"_acf_changed":false,"inline_featured_image":false,"footnotes":""},"class_list":["post-283","page","type-page","status-publish","hentry"],"acf":[],"_links":{"self":[{"href":"https:\/\/sisu.ut.ee\/teravili\/wp-json\/wp\/v2\/pages\/283","targetHints":{"allow":["GET"]}}],"collection":[{"href":"https:\/\/sisu.ut.ee\/teravili\/wp-json\/wp\/v2\/pages"}],"about":[{"href":"https:\/\/sisu.ut.ee\/teravili\/wp-json\/wp\/v2\/types\/page"}],"author":[{"embeddable":true,"href":"https:\/\/sisu.ut.ee\/teravili\/wp-json\/wp\/v2\/users\/9"}],"replies":[{"embeddable":true,"href":"https:\/\/sisu.ut.ee\/teravili\/wp-json\/wp\/v2\/comments?post=283"}],"version-history":[{"count":0,"href":"https:\/\/sisu.ut.ee\/teravili\/wp-json\/wp\/v2\/pages\/283\/revisions"}],"wp:attachment":[{"href":"https:\/\/sisu.ut.ee\/teravili\/wp-json\/wp\/v2\/media?parent=283"}],"curies":[{"name":"wp","href":"https:\/\/api.w.org\/{rel}","templated":true}]}}