{"id":278,"date":"2024-04-26T08:56:42","date_gmt":"2024-04-26T05:56:42","guid":{"rendered":"https:\/\/sisu.ut.ee\/teravili\/testi-oma-teadmisi-riis\/"},"modified":"2024-04-26T08:56:42","modified_gmt":"2024-04-26T05:56:42","slug":"testi-oma-teadmisi-riis","status":"publish","type":"page","link":"https:\/\/sisu.ut.ee\/teravili\/testi-oma-teadmisi-riis\/","title":{"rendered":"Testi oma teadmisi &#8211; riis"},"content":{"rendered":"<div id=\"watupro_quiz\" class=\"quiz-area single-page-quiz\">\n<p id=\"submittingExam10\" style=\"display:none;text-align:center;\"><img loading=\"lazy\" decoding=\"async\" src=\"https:\/\/sisu.ut.ee\/wp-content\/plugins\/watupro\/img\/loading.gif\" width=\"16\" height=\"16\"><\/p>\n\n\n\n<form action=\"\" method=\"post\" class=\"quiz-form\" id=\"quiz-10\" enctype=\"multipart\/form-data\">\n<div class=\"watu-question \" id=\"question-1\" style=\";\"><div id=\"questionWrap-1\" class=\"  watupro-required-56 watupro-question-id-56\">\n\t\t\t<div class=\"question-content\"><div><p>Riisi sorte liigitatakse tera pikkuse j\u00e4rgi kolmeks: <strong>l\u00fchike ehk \u00fcmarateraline<\/strong> on kleepuv, 4-5 mm suurune; <strong>keskmise teraga<\/strong> - 5-6 mm suurune ja <strong>pikateraline<\/strong> - 6 mm suurune.<\/p><\/div><input type=\"hidden\" name=\"question_id[]\" id=\"qID_1\" value=\"56\" class=\"watupro-question-id\"><input type=\"hidden\" id=\"answerType56\" class=\"answerTypeCnt1\" value=\"radio\"><input type=\"hidden\" id=\"watupro-required-question-56\"><!-- end question-content--><\/div><div class=\"question-choices watupro-choices-columns \" id=\"questionChoices56\"><div class=\"watupro-question-choice  \" dir=\"auto\"><input type=\"radio\" name=\"answer-56[]\" id=\"answer-id-175\" class=\"answer   answerof-56 \" value=\"175\"><label for=\"answer-id-175\" id=\"answer-label-175\" class=\" answer\"><span>True<\/span><\/label><\/div><div class=\"watupro-question-choice  \" dir=\"auto\"><input type=\"radio\" name=\"answer-56[]\" id=\"answer-id-176\" class=\"answer   answerof-56 \" value=\"176\"><label for=\"answer-id-176\" id=\"answer-label-176\" class=\" answer\"><span>False<\/span><\/label><\/div><!-- end question-choices--><\/div><!-- end questionWrap--><\/div><\/div><div class=\"watu-question \" id=\"question-2\" style=\";\"><div id=\"questionWrap-2\" class=\"  watupro-required-52 watupro-question-id-52\">\n\t\t\t<div class=\"question-content\"><div><p>Mitmendal kohal on riis maailmas teraviljade tootmiskoguselt?<\/p><\/div><input type=\"hidden\" name=\"question_id[]\" id=\"qID_2\" value=\"52\" class=\"watupro-question-id\"><input type=\"hidden\" id=\"answerType52\" class=\"answerTypeCnt2\" value=\"checkbox\"><input type=\"hidden\" id=\"watupro-required-question-52\"><!-- end question-content--><\/div><div class=\"question-choices watupro-choices-columns \" id=\"questionChoices52\"><div class=\"watupro-question-choice  \" dir=\"auto\"><input type=\"checkbox\" name=\"answer-52[]\" id=\"answer-id-162\" class=\"answer   answerof-52 \" value=\"162\"><label for=\"answer-id-162\" id=\"answer-label-162\" class=\" answer\"><span><p>2. kohal<\/p><\/span><\/label><\/div><div class=\"watupro-question-choice  \" dir=\"auto\"><input type=\"checkbox\" name=\"answer-52[]\" id=\"answer-id-163\" class=\"answer   answerof-52 \" value=\"163\"><label for=\"answer-id-163\" id=\"answer-label-163\" class=\" answer\"><span><p>3. kohal<\/p><\/span><\/label><\/div><div class=\"watupro-question-choice  \" dir=\"auto\"><input type=\"checkbox\" name=\"answer-52[]\" id=\"answer-id-161\" class=\"answer   answerof-52 \" value=\"161\"><label for=\"answer-id-161\" id=\"answer-label-161\" class=\" answer\"><span><p>1. kohal<\/p><\/span><\/label><\/div><!-- end question-choices--><\/div><!-- end questionWrap--><\/div><\/div><div class=\"watu-question \" id=\"question-3\" style=\";\"><div id=\"questionWrap-3\" class=\"  watupro-required-55 watupro-question-id-55\">\n\t\t\t<div class=\"question-content\"><div><p>Milliseid olulisi\u00a0toitaineid sisaldab riis?<\/p><\/div><input type=\"hidden\" name=\"question_id[]\" id=\"qID_3\" value=\"55\" class=\"watupro-question-id\"><input type=\"hidden\" id=\"answerType55\" class=\"answerTypeCnt3\" value=\"checkbox\"><input type=\"hidden\" id=\"watupro-required-question-55\"><!-- end question-content--><\/div><div class=\"question-choices watupro-choices-columns \" id=\"questionChoices55\"><div class=\"watupro-question-choice  \" dir=\"auto\"><input type=\"checkbox\" name=\"answer-55[]\" id=\"answer-id-174\" class=\"answer   answerof-55 \" value=\"174\"><label for=\"answer-id-174\" id=\"answer-label-174\" class=\" answer\"><span><p>rafineeritud suhkrut<\/p><\/span><\/label><\/div><div class=\"watupro-question-choice  \" dir=\"auto\"><input type=\"checkbox\" name=\"answer-55[]\" id=\"answer-id-171\" class=\"answer   answerof-55 \" value=\"171\"><label for=\"answer-id-171\" id=\"answer-label-171\" class=\" answer\"><span><p>vitamiine\u00a0<\/p><\/span><\/label><\/div><div class=\"watupro-question-choice  \" dir=\"auto\"><input type=\"checkbox\" name=\"answer-55[]\" id=\"answer-id-170\" class=\"answer   answerof-55 \" value=\"170\"><label for=\"answer-id-170\" id=\"answer-label-170\" class=\" answer\"><span><p>mineraalaineid<\/p><\/span><\/label><\/div><div class=\"watupro-question-choice  \" dir=\"auto\"><input type=\"checkbox\" name=\"answer-55[]\" id=\"answer-id-169\" class=\"answer   answerof-55 \" value=\"169\"><label for=\"answer-id-169\" id=\"answer-label-169\" class=\" answer\"><span><p>kiudaineid<\/p><\/span><\/label><\/div><div class=\"watupro-question-choice  \" dir=\"auto\"><input type=\"checkbox\" name=\"answer-55[]\" id=\"answer-id-172\" class=\"answer   answerof-55 \" value=\"172\"><label for=\"answer-id-172\" id=\"answer-label-172\" class=\" answer\"><span><p>valke<\/p><\/span><\/label><\/div><div class=\"watupro-question-choice  \" dir=\"auto\"><input type=\"checkbox\" name=\"answer-55[]\" id=\"answer-id-168\" class=\"answer   answerof-55 \" value=\"168\"><label for=\"answer-id-168\" id=\"answer-label-168\" class=\" answer\"><span><p>gluteeni<\/p><\/span><\/label><\/div><div class=\"watupro-question-choice  \" dir=\"auto\"><input type=\"checkbox\" name=\"answer-55[]\" id=\"answer-id-173\" class=\"answer   answerof-55 \" value=\"173\"><label for=\"answer-id-173\" id=\"answer-label-173\" class=\" answer\"><span><p>vett<\/p><\/span><\/label><\/div><!-- end question-choices--><\/div><!-- end questionWrap--><\/div><\/div><div class=\"watu-question \" id=\"question-4\" style=\";\"><div id=\"questionWrap-4\" class=\"  watupro-required-57 watupro-question-id-57\">\n\t\t\t<div class=\"question-content\"><div><p>Riis jaguneb kolme suurde r\u00fchma: valge riis, punane riis ja kollane riis.<\/p><\/div><input type=\"hidden\" name=\"question_id[]\" id=\"qID_4\" value=\"57\" class=\"watupro-question-id\"><input type=\"hidden\" id=\"answerType57\" class=\"answerTypeCnt4\" value=\"radio\"><input type=\"hidden\" id=\"watupro-required-question-57\"><!-- end question-content--><\/div><div class=\"question-choices watupro-choices-columns \" id=\"questionChoices57\"><div class=\"watupro-question-choice  \" dir=\"auto\"><input type=\"radio\" name=\"answer-57[]\" id=\"answer-id-177\" class=\"answer   answerof-57 \" value=\"177\"><label for=\"answer-id-177\" id=\"answer-label-177\" class=\" answer\"><span>True<\/span><\/label><\/div><div class=\"watupro-question-choice  \" dir=\"auto\"><input type=\"radio\" name=\"answer-57[]\" id=\"answer-id-178\" class=\"answer   answerof-57 \" value=\"178\"><label for=\"answer-id-178\" id=\"answer-label-178\" class=\" answer\"><span>False<\/span><\/label><\/div><!-- end question-choices--><\/div><!-- end questionWrap--><\/div><\/div><div class=\"watu-question \" id=\"question-5\" style=\";\"><div id=\"questionWrap-5\" class=\"  watupro-required-53 watupro-question-id-53\">\n\t\t\t<div class=\"question-content\"><p><select name=\"gap_53_1\" class=\"watupro-gap answer answerof-53\"><option value=\"\"><\/option><option value=\"Valge riis\">Valge riis<\/option><option value=\"Pruun riis\">Pruun riis<\/option><option value=\"Metsik riis\">Metsik riis<\/option><\/select> ehk <strong>t\u00e4isterariis\u00a0<\/strong>on lihvimata|suure toitev\u00e4\u00e4rtusega|sisaldades palju v\u00e4\u00e4rtuslikke vitamiine|mineraalaineid ja kiudaineid.<\/p>\n<input type=\"hidden\" name=\"question_id[]\" id=\"qID_5\" value=\"53\" class=\"watupro-question-id\"><input type=\"hidden\" id=\"answerType53\" class=\"answerTypeCnt5\" value=\"gaps\"><input type=\"hidden\" id=\"watupro-required-question-53\"><!-- end question-content--><\/div><!-- end questionWrap--><\/div><\/div><div class=\"watu-question \" id=\"question-6\" style=\";\"><div id=\"questionWrap-6\" class=\"  watupro-required-54 watupro-question-id-54\">\n\t\t\t<div class=\"question-content\"><div><p>Millisel pildil on riisip\u00f5ld?<\/p><\/div><input type=\"hidden\" name=\"question_id[]\" id=\"qID_6\" value=\"54\" class=\"watupro-question-id\"><input type=\"hidden\" id=\"answerType54\" class=\"answerTypeCnt6\" value=\"radio\"><input type=\"hidden\" id=\"watupro-required-question-54\"><!-- end question-content--><\/div><div class=\"question-choices watupro-choices-columns \" id=\"questionChoices54\"><div class=\"watupro-question-choice  \" dir=\"auto\"><input type=\"radio\" name=\"answer-54[]\" id=\"answer-id-165\" class=\"answer   answerof-54 \" value=\"165\"><label for=\"answer-id-165\" id=\"answer-label-165\" class=\" answer\"><span><p><img loading=\"lazy\" decoding=\"async\" width=\"1920\" height=\"1280\" class=\"alignnone wp-image-48\" style=\"\" src=\"https:\/\/multisite.ut.ee\/wp-content\/uploads\/sites\/479\/tatrapold.jpg\" title=\"tatrapold.jpg\" alt=\"Tatrap\u00f5ld\" srcset=\"https:\/\/sisu.ut.ee\/wp-content\/uploads\/sites\/479\/tatrapold.jpg 1920w, https:\/\/sisu.ut.ee\/wp-content\/uploads\/sites\/479\/tatrapold-300x200.jpg 300w, https:\/\/sisu.ut.ee\/wp-content\/uploads\/sites\/479\/tatrapold-1024x683.jpg 1024w, https:\/\/sisu.ut.ee\/wp-content\/uploads\/sites\/479\/tatrapold-768x512.jpg 768w, https:\/\/sisu.ut.ee\/wp-content\/uploads\/sites\/479\/tatrapold-1536x1024.jpg 1536w\" sizes=\"auto, (max-width: 1920px) 100vw, 1920px\"><\/p><\/span><\/label><\/div><div class=\"watupro-question-choice  \" dir=\"auto\"><input type=\"radio\" name=\"answer-54[]\" id=\"answer-id-166\" class=\"answer   answerof-54 \" value=\"166\"><label for=\"answer-id-166\" id=\"answer-label-166\" class=\" answer\"><span><p><img loading=\"lazy\" decoding=\"async\" width=\"180\" height=\"140\" class=\"alignnone wp-image-160\" style=\"\" src=\"https:\/\/multisite.ut.ee\/wp-content\/uploads\/sites\/479\/20200809_124821_moment.jpg\" title=\"20200809_124821_moment.jpg\" alt=\"Nisup\u00f5ld\"><\/p><\/span><\/label><\/div><div class=\"watupro-question-choice  \" dir=\"auto\"><input type=\"radio\" name=\"answer-54[]\" id=\"answer-id-167\" class=\"answer   answerof-54 \" value=\"167\"><label for=\"answer-id-167\" id=\"answer-label-167\" class=\" answer\"><span><p><img loading=\"lazy\" decoding=\"async\" width=\"1920\" height=\"1272\" class=\"alignnone wp-image-52\" style=\"\" src=\"https:\/\/multisite.ut.ee\/wp-content\/uploads\/sites\/479\/riisipold.jpg\" title=\"riisipold.jpg\" alt=\"Riisip\u00f5ld\" srcset=\"https:\/\/sisu.ut.ee\/wp-content\/uploads\/sites\/479\/riisipold.jpg 1920w, https:\/\/sisu.ut.ee\/wp-content\/uploads\/sites\/479\/riisipold-300x199.jpg 300w, https:\/\/sisu.ut.ee\/wp-content\/uploads\/sites\/479\/riisipold-1024x678.jpg 1024w, https:\/\/sisu.ut.ee\/wp-content\/uploads\/sites\/479\/riisipold-768x509.jpg 768w, https:\/\/sisu.ut.ee\/wp-content\/uploads\/sites\/479\/riisipold-1536x1018.jpg 1536w\" sizes=\"auto, (max-width: 1920px) 100vw, 1920px\"><\/p><\/span><\/label><\/div><!-- end question-choices--><\/div><!-- end questionWrap--><\/div><\/div><div class=\"watu-question \" id=\"question-7\" style=\";\"><div id=\"questionWrap-7\" class=\"  watupro-required-51 watupro-question-id-51\">\n\t\t\t<div class=\"question-content\"><div><p>Eestis kasvatatakse riisi.<\/p><\/div><input type=\"hidden\" name=\"question_id[]\" id=\"qID_7\" value=\"51\" class=\"watupro-question-id\"><input type=\"hidden\" id=\"answerType51\" class=\"answerTypeCnt7\" value=\"radio\"><input type=\"hidden\" id=\"watupro-required-question-51\"><!-- end question-content--><\/div><div class=\"question-choices watupro-choices-columns \" id=\"questionChoices51\"><div class=\"watupro-question-choice  \" dir=\"auto\"><input type=\"radio\" name=\"answer-51[]\" id=\"answer-id-159\" class=\"answer   answerof-51 \" value=\"159\"><label for=\"answer-id-159\" id=\"answer-label-159\" class=\" answer\"><span>True<\/span><\/label><\/div><div class=\"watupro-question-choice  \" dir=\"auto\"><input type=\"radio\" name=\"answer-51[]\" id=\"answer-id-160\" class=\"answer   answerof-51 \" value=\"160\"><label for=\"answer-id-160\" id=\"answer-label-160\" class=\" answer\"><span>False<\/span><\/label><\/div><!-- end question-choices--><\/div><!-- end questionWrap--><\/div><\/div><div style=\"display:none\" id=\"question-8\">\n\t<div class=\"question-content\">\n\t\t<img loading=\"lazy\" decoding=\"async\" src=\"https:\/\/sisu.ut.ee\/wp-content\/plugins\/watupro\/img\/loading.gif\" width=\"16\" height=\"16\" alt=\"Loading...\" title=\"Loading...\">\u00a0Loading...\t<\/div>\n<\/div>\n\n<br>\n\t\n\t\t\t<div class=\"watupro_buttons flex \" id=\"watuPROButtons10\">\n\t\t  <div id=\"prev-question\" style=\"display:none;\"><input type=\"button\" value=\"&lt; Previous\" onclick=\"WatuPRO.nextQuestion(event, 'previous');\"><\/div>\t\t  \t\t  \t\t   \n\t\t   \t  \t\t<div><input type=\"button\" name=\"action\" class=\"watupro-submit-button\" onclick=\"WatuPRO.submitResult(event)\" id=\"action-button\" value=\"View Results\">\n\t\t<\/div>\n\t\t<\/div>\n\t\t\n\t<input type=\"hidden\" name=\"quiz_id\" value=\"10\" id=\"watuPROExamID\">\n\t<input type=\"hidden\" name=\"start_time\" id=\"startTime\" value=\"2026-04-14 18:46:06\">\n\t<input type=\"hidden\" name=\"start_timestamp\" id=\"startTimeStamp\" value=\"1776192366\">\n\t<input type=\"hidden\" name=\"question_ids\" value=\"\">\n\t<input type=\"hidden\" name=\"watupro_questions\" value=\"56:175,176 | 52:162,163,161 | 55:174,171,170,169,172,168,173 | 57:177,178 | 53:164 | 54:165,166,167 | 51:159,160\">\n\t<input type=\"hidden\" name=\"no_ajax\" value=\"0\">\t\t\t<\/form>\n\t<p>\u00a0<\/p>\n<\/div>\n\n<script type=\"text\/javascript\">\n\/\/jQuery(document).ready(function(){\ndocument.addEventListener(\"DOMContentLoaded\", function(event) { \t\nvar question_ids = \"56,52,55,57,53,54,51\";\nWatuPROSettings[10] = {};\nWatuPRO.qArr = question_ids.split(',');\nWatuPRO.exam_id = 10;\t    \nWatuPRO.post_id = 278;\nWatuPRO.store_progress = 0;\nWatuPRO.curCatPage = 1;\nWatuPRO.requiredIDs=\"0,56,52,55,57,53,54,51\".split(\",\");\nWatuPRO.hAppID = \"0.32778800 1776181566\";\nvar url = \"https:\/\/sisu.ut.ee\/wp-content\/plugins\/watupro\/show_exam.php\";\nWatuPRO.examMode = 1;\nWatuPRO.siteURL=\"https:\/\/sisu.ut.ee\/teravili\/wp-admin\/admin-ajax.php\";\nWatuPRO.emailIsNotRequired = 0;\nWatuPRO.perDecade = 10;\nWatuPROIntel.init(10);\nWatuPRO.inCategoryPages=1;});    \t \n<\/script>\n\n","protected":false},"excerpt":{"rendered":"","protected":false},"author":9,"featured_media":0,"parent":0,"menu_order":0,"comment_status":"closed","ping_status":"closed","template":"","meta":{"_acf_changed":false,"inline_featured_image":false,"footnotes":""},"class_list":["post-278","page","type-page","status-publish","hentry"],"acf":[],"_links":{"self":[{"href":"https:\/\/sisu.ut.ee\/teravili\/wp-json\/wp\/v2\/pages\/278","targetHints":{"allow":["GET"]}}],"collection":[{"href":"https:\/\/sisu.ut.ee\/teravili\/wp-json\/wp\/v2\/pages"}],"about":[{"href":"https:\/\/sisu.ut.ee\/teravili\/wp-json\/wp\/v2\/types\/page"}],"author":[{"embeddable":true,"href":"https:\/\/sisu.ut.ee\/teravili\/wp-json\/wp\/v2\/users\/9"}],"replies":[{"embeddable":true,"href":"https:\/\/sisu.ut.ee\/teravili\/wp-json\/wp\/v2\/comments?post=278"}],"version-history":[{"count":0,"href":"https:\/\/sisu.ut.ee\/teravili\/wp-json\/wp\/v2\/pages\/278\/revisions"}],"wp:attachment":[{"href":"https:\/\/sisu.ut.ee\/teravili\/wp-json\/wp\/v2\/media?parent=278"}],"curies":[{"name":"wp","href":"https:\/\/api.w.org\/{rel}","templated":true}]}}