{"id":4,"date":"2024-04-04T05:45:35","date_gmt":"2024-04-04T02:45:35","guid":{"rendered":"https:\/\/sisu.ut.ee\/teke\/sisuloojad\/"},"modified":"2024-04-04T05:47:05","modified_gmt":"2024-04-04T02:47:05","slug":"sisuloojad","status":"publish","type":"page","link":"https:\/\/sisu.ut.ee\/teke\/sisuloojad\/","title":{"rendered":"TeKE uurib Eesti sisuloojate keelekasutust"},"content":{"rendered":"<p style=\"text-align: justify\">\n\t<span style=\"font-size:15px\"><img loading=\"lazy\" decoding=\"async\" width=\"656\" height=\"146\" class=\"alignnone wp-image-44\" style=\"width: 225px;height: 50px;float: right;margin: 10px\" src=\"https:\/\/sisu.ut.ee\/wp-content\/uploads\/sites\/408\/yt_01.png\" title=\"yt_01.png\" alt=\"YT\" srcset=\"https:\/\/sisu.ut.ee\/wp-content\/uploads\/sites\/408\/yt_01.png 656w, https:\/\/sisu.ut.ee\/wp-content\/uploads\/sites\/408\/yt_01-300x67.png 300w\" sizes=\"auto, (max-width: 656px) 100vw, 656px\"><strong>2021. aasta l\u00f5pus moodustus TeKE t\u00f6\u00f6r\u00fchma liikmetest ja praktikat l\u00e4bivatest\u00a0tudengitest Eesti sisuloojate keelekasutusega tegelev uurimisruhm, mis keskendub esmajoones<\/strong> <strong>eesti-inglise koodivahetuse<\/strong> <strong>uurimisele.<\/strong><\/span>\n<\/p>\n<p style=\"text-align: justify\">\n\t<span style=\"font-size:15px\">L\u00e4hema vaatluse all\u00a0videopostitused\u00a0kaheksalt eesti noorte seas h\u00e4sti tuntud juutuuberilt\u00a0ehk Youtube\u2019is positusi tegevalt\u00a0sisuloojalt (Andrei Zevakin,\u00a0Robin Valting,\u00a0Maria Rannav\u00e4li, Hensugusta ehk Henri Karpov,\u00a0Martti Hallik,\u00a0Sidni Tomson,\u00a0Liisa P\u00e4rnpuu ja\u00a0Karin Larven).\u00a0Lisaks veebimaterjali anal\u00fc\u00fcsile\u00a0on sisuloojatega l\u00e4bi viidud intervjuud, mis aitavad heita valgust\u00a0sisuloojate keelehoiakutele.<\/span>\n<\/p>\n<p style=\"text-align: justify\">\n\t<span style=\"font-size:15px\">Uurimisr\u00fchma t\u00f6\u00f6 tulemusena on s\u00fcndinud <strong>ettekanne T\u00dc eesti ja \u00fcldkeeleteaduse instituudis emakeelep\u00e4eval<\/strong> (14.03.2022).\u00a0<\/span>\n<\/p>\n<p style=\"text-align: justify\">\n\t<span style=\"font-size:15px\">Valmimas on <strong>artikkel koodivahetusest<\/strong> ning <strong>ettekanded sisuloojate keelehoiakutest<\/strong> ning <strong>inglise keele m\u00f5julisest s\u00f5navarast<\/strong>.<\/span>\n<\/p>\n<p style=\"text-align: justify\">\n\t<span style=\"font-size:15px\"><img loading=\"lazy\" decoding=\"async\" width=\"748\" height=\"273\" class=\"alignnone wp-image-45\" style=\"width: 329px;height: 120px;margin-left: 10px;margin-right: 10px;float: right\" src=\"https:\/\/sisu.ut.ee\/wp-content\/uploads\/sites\/408\/juutuuberid_emakeelepaev.jpg\" title=\"juutuuberid_emakeelepaev.jpg\" alt=\"juutuuberid_emakeelepaev\" srcset=\"https:\/\/sisu.ut.ee\/wp-content\/uploads\/sites\/408\/juutuuberid_emakeelepaev.jpg 748w, https:\/\/sisu.ut.ee\/wp-content\/uploads\/sites\/408\/juutuuberid_emakeelepaev-300x109.jpg 300w\" sizes=\"auto, (max-width: 748px) 100vw, 748px\">Sellest, mida p\u00f5nevat Eesti sisuloojate keelekasutusest leiab, r\u00e4\u00e4gime hea meelega ka kooli\u00f5pilastele. <strong>T\u00f6\u00f6toas<\/strong>\u00a0<strong>\u201cJuutuuberite keel: kas estonglish?\u201d<\/strong>\u00a0arutleme, kui palju ja miks kasutavad juutuuberid inglise keelt ja kuiv\u00f5rd peegeldub\u00a0selles noorte keelekasutus laiemalt. Loe l\u00e4hemalt <strong><a data-url=\"https:\/\/sisu.ut.ee\/teke\/estonglish\" href=\"https:\/\/sisu.ut.ee\/teke\/estonglish\" title=\"\">Tartu \u00fclikoolis l\u00e4bi viidud t\u00f6\u00f6toast emakeeleol\u00fcmpiaadil l\u00f5ppvooru j\u00f5udnutele<\/a><\/strong>.<\/span><\/p>\n","protected":false},"excerpt":{"rendered":"<p>2021. aasta l\u00f5pus moodustus TeKE t\u00f6\u00f6r\u00fchma liikmetest ja praktikat l\u00e4bivatest\u00a0tudengitest Eesti sisuloojate keelekasutusega tegelev uurimisruhm, mis keskendub esmajoones eesti-inglise koodivahetuse uurimisele. L\u00e4hema vaatluse all\u00a0videopostitused\u00a0kaheksalt eesti noorte seas h\u00e4sti tuntud juutuuberilt\u00a0ehk Youtube\u2019is positusi tegevalt\u00a0sisuloojalt (Andrei Zevakin,\u00a0Robin Valting,\u00a0Maria Rannav\u00e4li, Hensugusta ehk Henri &#8230;<\/p>\n","protected":false},"author":214,"featured_media":0,"parent":0,"menu_order":0,"comment_status":"closed","ping_status":"closed","template":"","meta":{"_acf_changed":false,"inline_featured_image":false,"footnotes":""},"class_list":["post-4","page","type-page","status-publish","hentry"],"acf":[],"_links":{"self":[{"href":"https:\/\/sisu.ut.ee\/teke\/wp-json\/wp\/v2\/pages\/4","targetHints":{"allow":["GET"]}}],"collection":[{"href":"https:\/\/sisu.ut.ee\/teke\/wp-json\/wp\/v2\/pages"}],"about":[{"href":"https:\/\/sisu.ut.ee\/teke\/wp-json\/wp\/v2\/types\/page"}],"author":[{"embeddable":true,"href":"https:\/\/sisu.ut.ee\/teke\/wp-json\/wp\/v2\/users\/214"}],"replies":[{"embeddable":true,"href":"https:\/\/sisu.ut.ee\/teke\/wp-json\/wp\/v2\/comments?post=4"}],"version-history":[{"count":1,"href":"https:\/\/sisu.ut.ee\/teke\/wp-json\/wp\/v2\/pages\/4\/revisions"}],"predecessor-version":[{"id":246,"href":"https:\/\/sisu.ut.ee\/teke\/wp-json\/wp\/v2\/pages\/4\/revisions\/246"}],"wp:attachment":[{"href":"https:\/\/sisu.ut.ee\/teke\/wp-json\/wp\/v2\/media?parent=4"}],"curies":[{"name":"wp","href":"https:\/\/api.w.org\/{rel}","templated":true}]}}