{"id":30,"date":"2024-04-04T05:45:38","date_gmt":"2024-04-04T02:45:38","guid":{"rendered":"https:\/\/sisu.ut.ee\/teke\/opetajale_ja_opilasele\/"},"modified":"2024-04-04T05:47:04","modified_gmt":"2024-04-04T02:47:04","slug":"opetajale_ja_opilasele","status":"publish","type":"page","link":"https:\/\/sisu.ut.ee\/teke\/opetajale_ja_opilasele\/","title":{"rendered":"\u00d5petajale ja \u00f5pilasele"},"content":{"rendered":"<p style=\"text-align: justify\">\n\t<strong><span style=\"font-size:22px\"><span style=\"color:#800000\">Hea \u00f5petaja!<\/span><\/span><\/strong>\n<\/p>\n<p style=\"text-align: justify\">\n\t<span style=\"font-size:15px\"><strong>2024. aastal on Teie \u00f5pilastel v\u00f5imalus osaleda Eesti keeleteaduses!<\/strong>\u00a0Kogume 12-18aastastelt \u00f5pilastelt kirjalikke t\u0161\u00e4tivestlusi ja selle protsessi t\u00e4pse juhise leiad siit: <a data-url=\"https:\/\/sisu.ut.ee\/teke\/tsatikorje\" href=\"https:\/\/sisu.ut.ee\/teke\/tsatikorje\" target=\"_blank\" title=\"\" rel=\"noopener\">T\u0161\u00e4tikorje 2024<\/a>. \u00d5pilased ja vestlustes osalevad s\u00f5brad saavad meie k\u00e4est vastutasuks Apollo kinkekaardid.<\/span>\n<\/p>\n<hr>\n<p style=\"text-align:justify\">\n\t<span style=\"font-size:22px\"><span style=\"color:#800000\"><strong>Noortekeele teemaline videoloeng<\/strong><\/span><\/span>\n<\/p>\n<p style=\"text-align:justify\">\n\t<span style=\"font-size:15px\">T\u00dc eesti ja \u00fcldkeeleteaduse instituudi YouTube\u2019is on \u00fcleval noortekeele teemaline videoloeng, mida saab kasutada n\u00e4iteks emakeeletundide rikastamiseks. Loengus tutvustab TeKE projekti eestvedaja Virve Vihman, miks ja kuidas uuritakse noortekeelt ning millised keelejooned seda iseloomustavad. Teema paremaks kinnistamiseks oleme koostanud t\u00f6\u00f6lehe, mida saab t\u00e4ita paralleelselt videoloenguga; samuti sisaldab t\u00f6\u00f6leht lisa\u00fclesandeid. Videoloeng\u00a0ja t\u00f6\u00f6leht sobivad k\u00e4sitlemiseks alates 7. klassist.<\/span>\n<\/p>\n<p style=\"text-align:justify\">\n\tNoortekeele <span>videoloeng<\/span>\n<\/p>\n<p style=\"text-align:justify\">\n\t<a data-fid=\"82672\" href=\"https:\/\/sisu.ut.ee\/wp-content\/uploads\/sites\/408\/tooleht_teke.docx.pdf\">Noortekeele videoloengu t\u00f6\u00f6leht (pdf)<\/a>\n<\/p>\n<p style=\"text-align:justify\">\n\t<a data-fid=\"82671\" href=\"https:\/\/sisu.ut.ee\/wp-content\/uploads\/sites\/408\/tooleht_teke.docx\">Noortekeele videoloengu t\u00f6\u00f6leht (docx)<\/a>\n<\/p>\n<hr>\n<p style=\"text-align: justify\">\n\t<span style=\"color:#800000\"><span style=\"font-size:22px\"><strong>Kutsu keeleteadlane k\u00fclla!<\/strong><\/span><\/span>\n<\/p>\n<p style=\"text-align: justify\">\n\t<span style=\"font-size:15px\">Teismeliste keelt uurides ei keskendu TeKE<strong>\u00a0<\/strong>projektis osalevad teadlased sellele,\u00a0kas noored r\u00e4\u00e4givad \u201c\u00f5igesti\u201d v\u00f5i \u201ch\u00e4sti\u201d, vaid sellele,\u00a0<em>kuidas<\/em>\u00a0noored keelt kasutavad ja <em>miks<\/em> nad seda just nii teevad.\u00a0Seel\u00e4bi saab otsida\u00a0vastust juba laiematele k\u00fcsimustele nagu kuidas m\u00f5jutab eesti keelt digitaalse suhtluse ja inglise keele\u00a0levik ning\u00a0milline osa on keelemuutuses teismelistel.<\/span>\n<\/p>\n<p style=\"text-align: justify\">\n\t<span style=\"font-size:15px\">Tartu \u00fclikooli keeleteadlased tulevad\u00a0r\u00f5\u00f5muga koolitundi keeleteemadel r\u00e4\u00e4kima. TeKE projektis pakume kahte t\u00f6\u00f6tuba, millest esimene keskendub \u00fcldisemalt noorte keelekasutusele, teine aga Eesti sisuloojate inglise keele kasutusele.\u00a0K\u00f5ige paremini sobivad t\u00f6\u00f6toad g\u00fcmnaasiumiastme \u00f5pilastele, aga meeleldi kohandame oma teemasid ka p\u00f5hikoolile. Uuri l\u00e4hemalt TeKE\u00a0projekti koordinaatorilt (Aive Mandel, aive.mandel@ut.ee).<\/span>\n<\/p>\n<hr>\n<ul>\n<li style=\"text-align: justify\">\n\t\t<img loading=\"lazy\" decoding=\"async\" width=\"779\" height=\"443\" class=\"alignnone wp-image-118\" style=\"width: 200px;height: 114px;float: right;margin-left: 10px;margin-right: 10px\" src=\"https:\/\/sisu.ut.ee\/wp-content\/uploads\/sites\/408\/sonapilv.jpg\" title=\"sonapilv.jpg\" alt=\"sonapilv\" srcset=\"https:\/\/sisu.ut.ee\/wp-content\/uploads\/sites\/408\/sonapilv.jpg 779w, https:\/\/sisu.ut.ee\/wp-content\/uploads\/sites\/408\/sonapilv-300x171.jpg 300w, https:\/\/sisu.ut.ee\/wp-content\/uploads\/sites\/408\/sonapilv-768x437.jpg 768w\" sizes=\"auto, (max-width: 779px) 100vw, 779px\"><span style=\"font-size:15px\"><strong>T\u00f6\u00f6tuba.\u00a0Kuidas sa r\u00e4\u00e4gid? Eesti teismeliste keelest ja selle uurimisest. <\/strong>Teismelised on leidlikud ja loovad keelekasutajad. Arutleme \u00fcheskoos, mis iseloomustab t\u00e4naste teismeliste keelt, miks see on keeleteadlaste jaoks p\u00f5nev ja oluline teema ning kuidas teadlased noorte keelekasutust uurivad. Loe seni toimunud t\u00f6\u00f6tubade kohta <a data-url=\"https:\/\/sisu.ut.ee\/teke\/teke-koolis\" href=\"https:\/\/sisu.ut.ee\/teke\/teke-koolis\" title=\"\">siit<\/a>.<\/span>\n\t<\/li>\n<\/ul>\n<hr>\n<ul>\n<li style=\"text-align: justify\">\n\t\t<img loading=\"lazy\" decoding=\"async\" width=\"694\" height=\"526\" class=\"alignnone wp-image-119\" style=\"width: 200px;height: 152px;float: right;margin-left: 10px;margin-right: 10px\" src=\"https:\/\/sisu.ut.ee\/wp-content\/uploads\/sites\/408\/sonapilv_yt.jpg\" title=\"sonapilv_yt.jpg\" alt=\"sonapilv_yt\" srcset=\"https:\/\/sisu.ut.ee\/wp-content\/uploads\/sites\/408\/sonapilv_yt.jpg 694w, https:\/\/sisu.ut.ee\/wp-content\/uploads\/sites\/408\/sonapilv_yt-300x227.jpg 300w\" sizes=\"auto, (max-width: 694px) 100vw, 694px\"><span style=\"font-size:15px\"><strong>T\u00f6\u00f6tuba.\u00a0Juutuuberite keel: kas estonglish?<\/strong>\u00a0T\u00f6\u00f6toas r\u00e4\u00e4gime, mis iseloomustab Eesti sisuloojate keelekasutust ja keelehoiakuid. Anal\u00fc\u00fcsime videotest p\u00e4rinevate keelen\u00e4idete p\u00f5hjal, kui palju ja\u00a0mille jaoks kasutavad sisuloojad inglise keelt, mil m\u00e4\u00e4ral peegeldab nende keelekasutus noorte keelt laiemalt ning milline roll on noortel ja inglise keelel keelemuutuses.\u00a0Loe TeKE juutuuberite projekti ja\u00a0seni toimunud t\u00f6\u00f6tubade kohta\u00a0<a data-url=\"https:\/\/sisu.ut.ee\/teke\/sisuloojad\" href=\"https:\/\/sisu.ut.ee\/teke\/sisuloojad\" title=\"\">siit<\/a>.<\/span>\n\t<\/li>\n<\/ul>\n<hr>\n<ul>\n<li style=\"text-align: justify\">\n\t\t<span style=\"font-size:15px\"><strong>K\u00f5ikide Tartu \u00fclikooli eesti ja \u00fcldkeeleteaduse instituudi\u00a0pakutavate t\u00f6\u00f6tubade kohta leiad info\u00a0<\/strong><a data-url=\"https:\/\/sisu.ut.ee\/keeleteadlanekooli\/avaleht\" href=\"https:\/\/sisu.ut.ee\/keeleteadlanekooli\/avaleht\" target=\"_blank\" title=\"\" rel=\"noopener\">siit<\/a><strong>\u00a0<\/strong>(kontakt:\u00a0Kirsi Laanesoo, kirsi.laanesoo@ut.ee).<\/span>\n\t<\/li>\n<\/ul>\n<hr>\n<p style=\"text-align: justify\">\n\t<span style=\"font-size:22px\"><span style=\"color:#a52a2a\"><strong>K\u00f5ige \u00f5igem noorte keele uurija on noor ise!<\/strong><\/span><\/span>\n<\/p>\n<p style=\"text-align: justify\">\n\t<span style=\"font-size:15px\"><strong>Oled kooli\u00f5pilane, kellele pakub eakaaslaste keelekasutus huvi?<\/strong> Oled m\u00e4rganud enda v\u00f5i oma s\u00f5prade keeles midagi p\u00f5nevat ja tahaksid seda p\u00f5hjalikumalt anal\u00fc\u00fcsida? Kirjuta uurimist\u00f6\u00f6 teismeliste keelest! TeKE uurimisruhma liikmed on valmis\u00a0n\u00f5u andma nii \u00f5pilastele kui ka \u00f5petajatele\u00a0ja tulevad ka ise appi \u00f5pilast\u00f6id juhendama. <\/span>\n<\/p>\n<p style=\"text-align: justify\">\n\t<span style=\"font-size:15px\"><strong>Sinu sahtlis\/k\u00f5vakettal kogub tolmu m\u00f5ni\u00a0p\u00f5nev \u00f5pilast\u00f6\u00f6 noorte keelekasutusest?<\/strong> Jaga seda TeKE uurijatega!<\/span>\n<\/p>\n<p style=\"text-align: justify\">\n\t<span style=\"font-size:15px\">Anna endast\u00a0m\u00e4rku aadressil <strong>teke@ut.ee<\/strong>!<\/span>\n<\/p>\n<hr>\n<p style=\"text-align: justify\">\n\t<span style=\"font-size:22px\"><span style=\"color:#a52a2a\"><strong>TeKE projektis kasutatud ankeedid ja juhendid<\/strong><\/span><\/span>\n<\/p>\n<p style=\"text-align: justify\">\n\t<span style=\"font-size: 15px\">Siin\u00a0on \u00e4ra toodud juhendid, mida kasutasime teismeliste keeleandmete kogumisel \u2013 meil on hea meel, kui veel keegi saab neist andmete kogumisel tuge ja inspiratsiooni.<\/span>\n<\/p>\n<p style=\"text-align: justify\">\n\t<span style=\"font-size:15px\"><span class=\"file media-element file-os-files-link\" data-file_info=\"%7B%22fid%22:%2257518%22,%22view_mode%22:%22os_files_link%22,%22type%22:%22media%22%7D\"><a href=\"https:\/\/sisu.ut.ee\/wp-content\/uploads\/sites\/408\/suulise_vestluse_salvestamise_juhend_01.pdf\">Suulise vestluse salvestamise juhend (pdf)<\/a><\/span><\/span>\n<\/p>\n<p style=\"text-align: justify\">\n\t<span style=\"font-size:15px\"><span class=\"file media-element file-os-files-link\" data-file_info=\"%7B%22fid%22:%2271761%22,%22view_mode%22:%22os_files_link%22,%22type%22:%22media%22%7D\"><a href=\"https:\/\/sisu.ut.ee\/wp-content\/uploads\/sites\/408\/diktofoni_kasutusjuhend_02.pdf\">Diktofoni kasutusjuhend<\/a><\/span><span class=\"file media-element file-os-files-link\" data-file_info=\"%7B%22fid%22:%2271760%22,%22view_mode%22:%22os_files_link%22,%22type%22:%22media%22%7D\">\u00a0(pdf)<\/span><\/span>\n<\/p>\n<p style=\"text-align: justify\">\n\t<span style=\"font-size:15px\"><span class=\"file media-element file-os-files-link\" data-file_info=\"%7B%22fid%22:%2253701%22,%22view_mode%22:%22os_files_link%22,%22type%22:%22media%22%7D\"><a href=\"https:\/\/sisu.ut.ee\/wp-content\/uploads\/sites\/408\/tsattide_saatmise_juhend.pdf\">T\u0161\u00e4ttide saatmise juhend (pdf)<\/a><\/span><\/span>\n<\/p>\n<p style=\"text-align: justify\">\n\t<span style=\"font-size:15px\"><span class=\"file media-element file-os-files-link\" data-file_info=\"%7B%22fid%22:%2253702%22,%22view_mode%22:%22os_files_link%22,%22type%22:%22media%22%7D\"><a href=\"https:\/\/sisu.ut.ee\/wp-content\/uploads\/sites\/408\/tsattide_kopeerimine_messengerist.pdf\">T\u0161\u00e4ttide kopeerimine Messengerist (pdf)<\/a><\/span><\/span>\n<\/p>\n<p style=\"text-align:justify\">\n\t<span style=\"font-size:15px\">*<a data-url=\"https:\/\/survey.ut.ee\/index.php\/372265?lang=et\" href=\"https:\/\/survey.ut.ee\/index.php\/372265?lang=et\" target=\"_blank\" title=\"\" rel=\"noopener\">TeKE uuringus osalejate taustak\u00fcsitlus<\/a>\u00a0[ligip\u00e4\u00e4setav koodiga]<\/span>\n<\/p>\n<p style=\"text-align:justify\">\n\t<span style=\"font-size:15px\">*<a data-url=\"https:\/\/survey.ut.ee\/index.php\/557234?lang=et\" href=\"https:\/\/survey.ut.ee\/index.php\/557234?lang=et\" target=\"_blank\" title=\"\" rel=\"noopener\">Salvestuse taustainfo vorm TeKE keelesaadikule<\/a>\u00a0[suletud]<\/span>\n<\/p>\n<hr>\n<p style=\"text-align: justify\">\n\t<strong><span style=\"font-size:15px\">T\u0161\u00e4ttide allalaadimise juhised.\u00a0<\/span><\/strong><span style=\"font-size:15px\">K\u00f5ige lihtsam viis oma kirjalikke netivestlusi salvestada on kasutada <em>copy-paste\u2019<\/em>i ehk kopeerida vestluse tekst nt Wordi faili (vaata\u00a0<strong>t\u0161\u00e4ttide saatmise juhendit\u00a0<\/strong>ja <strong>Messengerist t\u0161\u00e4ttide kopeerimise juhendit<\/strong>). Kui soovid korraga k\u00e4tte saada rohkem andmeid, v\u00f5id kasutada\u00a0ka all toodud juhendeid vestluste allalaadimiseks erinevatelt suhtlusplatvormidelt. See on natuke keerulisem ja andmete kohale j\u00f5udmine v\u00f5ib v\u00f5tta mitu p\u00e4eva aega.<\/span><\/p>\n","protected":false},"excerpt":{"rendered":"<p>Hea \u00f5petaja! 2024. aastal on Teie \u00f5pilastel v\u00f5imalus osaleda Eesti keeleteaduses!\u00a0Kogume 12-18aastastelt \u00f5pilastelt kirjalikke t\u0161\u00e4tivestlusi ja selle protsessi t\u00e4pse juhise leiad siit: T\u0161\u00e4tikorje 2024. \u00d5pilased ja vestlustes osalevad s\u00f5brad saavad meie k\u00e4est vastutasuks Apollo kinkekaardid. Noortekeele teemaline videoloeng T\u00dc eesti &#8230;<\/p>\n","protected":false},"author":214,"featured_media":0,"parent":0,"menu_order":0,"comment_status":"closed","ping_status":"closed","template":"","meta":{"_acf_changed":false,"inline_featured_image":false,"footnotes":""},"class_list":["post-30","page","type-page","status-publish","hentry"],"acf":[],"_links":{"self":[{"href":"https:\/\/sisu.ut.ee\/teke\/wp-json\/wp\/v2\/pages\/30","targetHints":{"allow":["GET"]}}],"collection":[{"href":"https:\/\/sisu.ut.ee\/teke\/wp-json\/wp\/v2\/pages"}],"about":[{"href":"https:\/\/sisu.ut.ee\/teke\/wp-json\/wp\/v2\/types\/page"}],"author":[{"embeddable":true,"href":"https:\/\/sisu.ut.ee\/teke\/wp-json\/wp\/v2\/users\/214"}],"replies":[{"embeddable":true,"href":"https:\/\/sisu.ut.ee\/teke\/wp-json\/wp\/v2\/comments?post=30"}],"version-history":[{"count":1,"href":"https:\/\/sisu.ut.ee\/teke\/wp-json\/wp\/v2\/pages\/30\/revisions"}],"predecessor-version":[{"id":220,"href":"https:\/\/sisu.ut.ee\/teke\/wp-json\/wp\/v2\/pages\/30\/revisions\/220"}],"wp:attachment":[{"href":"https:\/\/sisu.ut.ee\/teke\/wp-json\/wp\/v2\/media?parent=30"}],"curies":[{"name":"wp","href":"https:\/\/api.w.org\/{rel}","templated":true}]}}