{"id":29,"date":"2024-04-04T05:45:38","date_gmt":"2024-04-04T02:45:38","guid":{"rendered":"https:\/\/sisu.ut.ee\/teke\/avaleht\/"},"modified":"2024-05-08T08:22:40","modified_gmt":"2024-05-08T05:22:40","slug":"avaleht","status":"publish","type":"page","link":"https:\/\/sisu.ut.ee\/teke\/","title":{"rendered":"Avaleht"},"content":{"rendered":"<hr>\n<p><span style=\"font-size: 24px;\"><span style=\"color: #a52a2a;\"><strong>T\u0161\u00e4tikorje 2023-2024<\/strong><\/span><\/span><\/p>\n<hr>\n<p><strong><span style=\"font-size: 15px;\">T\u00e4helepanu k\u00f5ik noored <\/span>\u2013 2023. aasta detsembris algab suur kampaania, mille k\u00e4igus kogume\u00a0t\u0161\u00e4tifaile, et uurida\u00a0noorte keelt!<\/strong><\/p>\n<p>Kas kasutad Messengeri t\u0161\u00e4tiplatvormi? Ootame sind osalema!<\/p>\n<p><u><strong><span style=\"color: #b22222;\">Lae juhendi j\u00e4rgi alla kolm t\u0161\u00e4tifaili ning kingime sulle su vaeva eest 20eurose Apollo kinkekaardi!<\/span><\/strong><\/u><\/p>\n<p>Osalemiseks on vaja teha kolme asja:<\/p>\n<ul>\n<li><span style=\"font-size: 15px;\">Saata meile digiallkirjastatud n\u00f5usolekuleht v\u00f5i pilt k\u00e4sitsi allkirjastatud lehest,<\/span><\/li>\n<li><span style=\"font-size: 15px;\">T\u00e4ita l\u00fchike veebik\u00fcsimustik,<\/span><\/li>\n<li><span style=\"font-size: 15px;\">Saata meile kolm t\u0161\u00e4tifaili, mille saad Facebooki kaudu alla laadida.<\/span><\/li>\n<\/ul>\n<p><a title=\"\" href=\"https:\/\/sisu.ut.ee\/teke\/tsatikorje\" target=\"_blank\" rel=\"noopener\" data-url=\"https:\/\/sisu.ut.ee\/teke\/tsatikorje\">N\u00f5usolekulehed, k\u00fcsimustiku ja t\u00e4psed juhised selleks k\u00f5igeks leiad siit!<\/a><\/p>\n<hr>\n<p><span style=\"font-size: 24px;\"><span style=\"color: #a52a2a;\"><strong>TeKE projektist<\/strong><\/span><\/span><\/p>\n<hr>\n<p style=\"text-align: justify;\"><strong><span style=\"font-size: 15px;\">Teismelised on innovaatilised keelekasutajad, kuid nende roll keelemuutustes pole veel l\u00f5puni selge. Seega on oluline p\u00f6\u00f6rata teismeliste keelekasutusele t\u00e4helepanu, et kirjeldada nende keelt ja kultuuri, uurida keeleuuendust, aga ka j\u00e4lgida pikemaajalisi keelelisi ja \u00fchiskondlikke protsesse.\u00a0Paraku napib Eesti noorte k\u00f5ne- ja netikeele kohta s\u00fcstemaatiliselt kogutud andmeid ja empiirilisi uuringuid.<\/span><\/strong><\/p>\n<p><img loading=\"lazy\" decoding=\"async\" width=\"2278\" height=\"1639\" class=\"alignnone wp-image-112\" style=\"width: 300px; height: 216px; margin: 10px; float: right;\" title=\"TeKE uurimisruhm Ida-Virumaal M\u00e4etagusel oktoobris 2020.\" src=\"https:\/\/sisu.ut.ee\/wp-content\/uploads\/sites\/408\/pilt1.jpeg\" alt=\"TeKE t\u00f6\u00f6r\u00fchm\" srcset=\"https:\/\/sisu.ut.ee\/wp-content\/uploads\/sites\/408\/pilt1.jpeg 2278w, https:\/\/sisu.ut.ee\/wp-content\/uploads\/sites\/408\/pilt1-300x216.jpeg 300w, https:\/\/sisu.ut.ee\/wp-content\/uploads\/sites\/408\/pilt1-1024x737.jpeg 1024w, https:\/\/sisu.ut.ee\/wp-content\/uploads\/sites\/408\/pilt1-768x553.jpeg 768w, https:\/\/sisu.ut.ee\/wp-content\/uploads\/sites\/408\/pilt1-1536x1105.jpeg 1536w, https:\/\/sisu.ut.ee\/wp-content\/uploads\/sites\/408\/pilt1-2048x1474.jpeg 2048w, https:\/\/sisu.ut.ee\/wp-content\/uploads\/sites\/408\/pilt1-1920x1381.jpeg 1920w\" sizes=\"auto, (max-width: 2278px) 100vw, 2278px\"><span style=\"font-size: 15px;\">Projekt <strong>\u201cTeismeliste Keel Eestis\u201d (TeKE)\u00a0<\/strong>v\u00f5tab vaatluse alla noortekeele, eesm\u00e4rgiga koostada Eesti esimene ulatuslik teismeliste k\u00f5ne- ja netikeele korpus, et hoogustada seel\u00e4bi teismeliste keelekasutuse uurimist Eestis. Projektis uuritakse teismeliste keelekasutust ja koodivahetust, keelekasutuse varieerumist vanuse, soo ja piirkondade l\u00f5ikes ning v\u00f5rreldakse netikeelt suulise keelega. Projekt l\u00e4htub\u00a0noorte uurimisel kodanikuteaduse\u00a0p\u00f5him\u00f5ttest ja rakendab andmet\u00f6\u00f6tluses keeletehnoloogia v\u00f5imalusi.<\/span><\/p>\n<p><em>Projekti \u201cTeismeliste Keel Eestis\u201d (november 2019\u00a0\u2013 2022)\u00a0rahastab\u00a0Haridus- ja Teadusministeeriumi teadus- ja arendustegevuse programm\u00a0\u201eEesti keel ja kultuur digiajastul 2019\u20132027\u201c.<\/em><\/p>\n","protected":false},"excerpt":{"rendered":"<p>T\u0161\u00e4tikorje 2023-2024 T\u00e4helepanu k\u00f5ik noored \u2013 2023. aasta detsembris algab suur kampaania, mille k\u00e4igus kogume\u00a0t\u0161\u00e4tifaile, et uurida\u00a0noorte keelt! Kas kasutad Messengeri t\u0161\u00e4tiplatvormi? Ootame sind osalema! Lae juhendi j\u00e4rgi alla kolm t\u0161\u00e4tifaili ning kingime sulle su vaeva eest 20eurose Apollo kinkekaardi! &#8230;<\/p>\n","protected":false},"author":214,"featured_media":0,"parent":0,"menu_order":0,"comment_status":"closed","ping_status":"closed","template":"","meta":{"_acf_changed":false,"inline_featured_image":false,"footnotes":""},"class_list":["post-29","page","type-page","status-publish","hentry"],"acf":[],"_links":{"self":[{"href":"https:\/\/sisu.ut.ee\/teke\/wp-json\/wp\/v2\/pages\/29","targetHints":{"allow":["GET"]}}],"collection":[{"href":"https:\/\/sisu.ut.ee\/teke\/wp-json\/wp\/v2\/pages"}],"about":[{"href":"https:\/\/sisu.ut.ee\/teke\/wp-json\/wp\/v2\/types\/page"}],"author":[{"embeddable":true,"href":"https:\/\/sisu.ut.ee\/teke\/wp-json\/wp\/v2\/users\/214"}],"replies":[{"embeddable":true,"href":"https:\/\/sisu.ut.ee\/teke\/wp-json\/wp\/v2\/comments?post=29"}],"version-history":[{"count":5,"href":"https:\/\/sisu.ut.ee\/teke\/wp-json\/wp\/v2\/pages\/29\/revisions"}],"predecessor-version":[{"id":275,"href":"https:\/\/sisu.ut.ee\/teke\/wp-json\/wp\/v2\/pages\/29\/revisions\/275"}],"wp:attachment":[{"href":"https:\/\/sisu.ut.ee\/teke\/wp-json\/wp\/v2\/media?parent=29"}],"curies":[{"name":"wp","href":"https:\/\/api.w.org\/{rel}","templated":true}]}}