{"id":15,"date":"2024-04-04T05:45:36","date_gmt":"2024-04-04T02:45:36","guid":{"rendered":"https:\/\/sisu.ut.ee\/teke\/teke-koolis\/"},"modified":"2024-04-04T05:47:05","modified_gmt":"2024-04-04T02:47:05","slug":"teke-koolis","status":"publish","type":"page","link":"https:\/\/sisu.ut.ee\/teke\/teke-koolis\/","title":{"rendered":"TeKE koolis"},"content":{"rendered":"<p>\n\t13.05.2022.\u00a0<strong>TeKE k\u00fclastas\u00a0Tartu Hugo Treffneri G\u00fcmnaasiumi.\u00a0<\/strong>Loe l\u00e4hemalt\u00a0<a href=\"https:\/\/sisu.ut.ee\/teke\/htg2022\" title=\"\">siit<\/a>.\n<\/p>\n<p>\n\t18.03.2022.<em>\u00a0<\/em><strong>TeKE k\u00fclastas Saaremaa G\u00fcmnaasiumi ja Kuressaare Nooruse Kooli<\/strong>. Loe l\u00e4hemalt\u00a0<a href=\"https:\/\/sisu.ut.ee\/teke\/kuressaare\" title=\"\">siit<\/a>.\n<\/p>\n<p>\n\t16.03.2022.\u00a0<strong>TeKE k\u00fclastas Tartu Katoliku Hariduskeskust.<\/strong>\u00a0Loe l\u00e4hemalt\u00a0<a href=\"https:\/\/sisu.ut.ee\/teke\/katoliku\" title=\"\">siit<\/a>.\n<\/p>\n<p>\n\t14.03.2022.\u00a0<strong>TeKE k\u00fclastas\u00a0Antsla G\u00fcmnaasiumi<\/strong>.\u00a0Loe l\u00e4hemalt\u00a0<a href=\"https:\/\/sisu.ut.ee\/teke\/antsla2022\" title=\"\">siit<\/a>.\n<\/p>\n<p>\n\t\u00a0<\/p>\n","protected":false},"excerpt":{"rendered":"<p>13.05.2022.\u00a0TeKE k\u00fclastas\u00a0Tartu Hugo Treffneri G\u00fcmnaasiumi.\u00a0Loe l\u00e4hemalt\u00a0siit. 18.03.2022.\u00a0TeKE k\u00fclastas Saaremaa G\u00fcmnaasiumi ja Kuressaare Nooruse Kooli. Loe l\u00e4hemalt\u00a0siit. 16.03.2022.\u00a0TeKE k\u00fclastas Tartu Katoliku Hariduskeskust.\u00a0Loe l\u00e4hemalt\u00a0siit. 14.03.2022.\u00a0TeKE k\u00fclastas\u00a0Antsla G\u00fcmnaasiumi.\u00a0Loe l\u00e4hemalt\u00a0siit. \u00a0<\/p>\n","protected":false},"author":214,"featured_media":0,"parent":0,"menu_order":0,"comment_status":"closed","ping_status":"closed","template":"","meta":{"_acf_changed":false,"inline_featured_image":false,"footnotes":""},"class_list":["post-15","page","type-page","status-publish","hentry"],"acf":[],"_links":{"self":[{"href":"https:\/\/sisu.ut.ee\/teke\/wp-json\/wp\/v2\/pages\/15","targetHints":{"allow":["GET"]}}],"collection":[{"href":"https:\/\/sisu.ut.ee\/teke\/wp-json\/wp\/v2\/pages"}],"about":[{"href":"https:\/\/sisu.ut.ee\/teke\/wp-json\/wp\/v2\/types\/page"}],"author":[{"embeddable":true,"href":"https:\/\/sisu.ut.ee\/teke\/wp-json\/wp\/v2\/users\/214"}],"replies":[{"embeddable":true,"href":"https:\/\/sisu.ut.ee\/teke\/wp-json\/wp\/v2\/comments?post=15"}],"version-history":[{"count":1,"href":"https:\/\/sisu.ut.ee\/teke\/wp-json\/wp\/v2\/pages\/15\/revisions"}],"predecessor-version":[{"id":235,"href":"https:\/\/sisu.ut.ee\/teke\/wp-json\/wp\/v2\/pages\/15\/revisions\/235"}],"wp:attachment":[{"href":"https:\/\/sisu.ut.ee\/teke\/wp-json\/wp\/v2\/media?parent=15"}],"curies":[{"name":"wp","href":"https:\/\/api.w.org\/{rel}","templated":true}]}}