{"id":65,"date":"2024-04-04T04:32:47","date_gmt":"2024-04-04T01:32:47","guid":{"rendered":"https:\/\/sisu.ut.ee\/teadustoo_alused\/too-vormistamine-ja-viimistlemine\/"},"modified":"2024-04-17T16:32:45","modified_gmt":"2024-04-17T13:32:45","slug":"too-vormistamine-ja-viimistlemine","status":"publish","type":"page","link":"https:\/\/sisu.ut.ee\/teadustoo_alused\/too-vormistamine-ja-viimistlemine\/","title":{"rendered":"T\u00f6\u00f6 vormistamine ja viimistlemine"},"content":{"rendered":"<p>H\u00e4sti vormistatud ja viimistletud, keeleliselt korrektne t\u00f6\u00f6 loob sinu uuringust esmamulje ning m\u00f5jutab ka l\u00f5pphinnet. J\u00e4ta selleks piisavalt aega. Veel parem, tegele sellega jooksvalt kogu uurimisprotsessi jooksul.<\/p>\n<p style=\"padding-left: 30px;\"><em>V\u00f5ib juhtuda, et satud ummikusse ja ei oska kuidagi oma uuringuga edasi minna. Abi v\u00f5ib olla sellest, kui tegeled vahelduseks tunni-paar v\u00f5i lausa p\u00e4evakese t\u00f6\u00f6 vormistamisega \u2013\u00a0<em>kontrollid t\u00f6\u00f6 vastavust n\u00f5uetele, <\/em>ajades n\u00e4puga j\u00e4rge oma instituudi v\u00f5i teaduskonna kirjalike t\u00f6\u00f6de juhendis. Vahelduseks korrastad viited ja viitekirjeid, loed olemasolevaid tekste \u00fcle, lood ja parandad t\u00f6\u00f6 struktuuri, kontrollid \u00f5igekirja jne. Ja nagu imev\u00e4el, leiad selle niidikese, mis viib sind edasi.<\/em><\/p>\n<p>T\u00e4psemad juhised, kuidas kirjutada akadeemilist teksti, leiad ainekursuse moodulist \u201c<a href=\"https:\/\/sisu.ut.ee\/teadustoo_alused\/teadustoo-alused\/\" target=\"_blank\" rel=\"noopener\">Akadeemiline kirjutamine\u201d.<\/a><\/p>\n","protected":false},"excerpt":{"rendered":"<p>H\u00e4sti vormistatud ja viimistletud, keeleliselt korrektne t\u00f6\u00f6 loob sinu uuringust esmamulje ning m\u00f5jutab ka l\u00f5pphinnet. J\u00e4ta selleks piisavalt aega. Veel parem, tegele sellega jooksvalt kogu uurimisprotsessi jooksul. V\u00f5ib juhtuda, et satud ummikusse ja ei oska kuidagi oma uuringuga edasi minna. &#8230;<\/p>\n","protected":false},"author":3,"featured_media":0,"parent":0,"menu_order":0,"comment_status":"closed","ping_status":"closed","template":"","meta":{"_acf_changed":false,"inline_featured_image":false,"footnotes":""},"class_list":["post-65","page","type-page","status-publish","hentry"],"acf":[],"_links":{"self":[{"href":"https:\/\/sisu.ut.ee\/teadustoo_alused\/wp-json\/wp\/v2\/pages\/65","targetHints":{"allow":["GET"]}}],"collection":[{"href":"https:\/\/sisu.ut.ee\/teadustoo_alused\/wp-json\/wp\/v2\/pages"}],"about":[{"href":"https:\/\/sisu.ut.ee\/teadustoo_alused\/wp-json\/wp\/v2\/types\/page"}],"author":[{"embeddable":true,"href":"https:\/\/sisu.ut.ee\/teadustoo_alused\/wp-json\/wp\/v2\/users\/3"}],"replies":[{"embeddable":true,"href":"https:\/\/sisu.ut.ee\/teadustoo_alused\/wp-json\/wp\/v2\/comments?post=65"}],"version-history":[{"count":2,"href":"https:\/\/sisu.ut.ee\/teadustoo_alused\/wp-json\/wp\/v2\/pages\/65\/revisions"}],"predecessor-version":[{"id":297,"href":"https:\/\/sisu.ut.ee\/teadustoo_alused\/wp-json\/wp\/v2\/pages\/65\/revisions\/297"}],"wp:attachment":[{"href":"https:\/\/sisu.ut.ee\/teadustoo_alused\/wp-json\/wp\/v2\/media?parent=65"}],"curies":[{"name":"wp","href":"https:\/\/api.w.org\/{rel}","templated":true}]}}