{"id":26,"date":"2024-04-04T04:32:44","date_gmt":"2024-04-04T01:32:44","guid":{"rendered":"https:\/\/sisu.ut.ee\/teadustoo_alused\/teadustoo-alused\/"},"modified":"2024-04-04T04:33:11","modified_gmt":"2024-04-04T01:33:11","slug":"teadustoo-alused","status":"publish","type":"page","link":"https:\/\/sisu.ut.ee\/teadustoo_alused\/teadustoo-alused\/","title":{"rendered":"Akadeemiline kirjutamine"},"content":{"rendered":"<p style=\"text-align: justify\">Teadust\u00f6\u00f6 lahutamatuks osaks on tutvumine varasemate teoreetiliste k\u00e4sitlustega ja teiste autorite seisukohtadega ning oma uurimistulemuste tutvustamine. \u00dclikooli\u00f5pingute v\u00e4ltel saadakse partneriks teadlastevahelises kommunikatsiooniprotsessis: loetakse teaduskirjandust ning esitletakse oma uurimistulemusi.\u00a0 \u00dclevaate selleks vajalikest teadmistest annab teile akadeemilise kirjutamise moodul. Mooduli \u00f5ppematerjalide l\u00e4bit\u00f6\u00f6tamise j\u00e4rel saate teadmised teadusteksti olemusest, teadusstiili erip\u00e4radest ja sellest, kuidas teadustekste oskuslikult lugeda ning mil viisil teiste autorite seisukohti oma teksti integreerida. Lisaks tutvute akadeemiliste tekstide liikidega ning kirjutamisprotsessi etappidega.\u00a0<\/p>\n<p style=\"text-align: justify\">Mooduli l\u00e4bimiseks tuleb <span>teemade ja alateemade kaupa\u00a0<\/span>l\u00e4bi t\u00f6\u00f6tada\u00a0<span>\u00f5ppematerjalid<\/span>.\u00a0 \u00d5ppematerjalide juures on m\u00f5tlemis\u00fclesanded ja enesetestid, mida saate kasutada omandatud teadmiste kinnistamiseks. Moodul l\u00f5ppeb testiga, mille edukas sooritamine kinnitab l\u00e4bi t\u00f6\u00f6tatud teemade omandamist.<\/p>\n","protected":false},"excerpt":{"rendered":"<p>Teadust\u00f6\u00f6 lahutamatuks osaks on tutvumine varasemate teoreetiliste k\u00e4sitlustega ja teiste autorite seisukohtadega ning oma uurimistulemuste tutvustamine. \u00dclikooli\u00f5pingute v\u00e4ltel saadakse partneriks teadlastevahelises kommunikatsiooniprotsessis: loetakse teaduskirjandust ning esitletakse oma uurimistulemusi.\u00a0 \u00dclevaate selleks vajalikest teadmistest annab teile akadeemilise kirjutamise moodul. Mooduli \u00f5ppematerjalide l\u00e4bit\u00f6\u00f6tamise &#8230;<\/p>\n","protected":false},"author":3,"featured_media":0,"parent":0,"menu_order":0,"comment_status":"closed","ping_status":"closed","template":"","meta":{"_acf_changed":false,"inline_featured_image":false,"footnotes":""},"class_list":["post-26","page","type-page","status-publish","hentry"],"acf":[],"_links":{"self":[{"href":"https:\/\/sisu.ut.ee\/teadustoo_alused\/wp-json\/wp\/v2\/pages\/26","targetHints":{"allow":["GET"]}}],"collection":[{"href":"https:\/\/sisu.ut.ee\/teadustoo_alused\/wp-json\/wp\/v2\/pages"}],"about":[{"href":"https:\/\/sisu.ut.ee\/teadustoo_alused\/wp-json\/wp\/v2\/types\/page"}],"author":[{"embeddable":true,"href":"https:\/\/sisu.ut.ee\/teadustoo_alused\/wp-json\/wp\/v2\/users\/3"}],"replies":[{"embeddable":true,"href":"https:\/\/sisu.ut.ee\/teadustoo_alused\/wp-json\/wp\/v2\/comments?post=26"}],"version-history":[{"count":1,"href":"https:\/\/sisu.ut.ee\/teadustoo_alused\/wp-json\/wp\/v2\/pages\/26\/revisions"}],"predecessor-version":[{"id":239,"href":"https:\/\/sisu.ut.ee\/teadustoo_alused\/wp-json\/wp\/v2\/pages\/26\/revisions\/239"}],"wp:attachment":[{"href":"https:\/\/sisu.ut.ee\/teadustoo_alused\/wp-json\/wp\/v2\/media?parent=26"}],"curies":[{"name":"wp","href":"https:\/\/api.w.org\/{rel}","templated":true}]}}