{"id":14,"date":"2024-04-04T04:32:43","date_gmt":"2024-04-04T01:32:43","guid":{"rendered":"https:\/\/sisu.ut.ee\/teadustoo_alused\/otsinguportaal-ebsco-discovery\/"},"modified":"2024-09-26T22:09:26","modified_gmt":"2024-09-26T19:09:26","slug":"otsinguportaal-ebsco-discovery","status":"publish","type":"page","link":"https:\/\/sisu.ut.ee\/teadustoo_alused\/otsinguportaal-ebsco-discovery\/","title":{"rendered":"Otsinguportaal EBSCO Discovery"},"content":{"rendered":"<p><a href=\"http:\/\/search.ebscohost.com.ezproxy.utlib.ut.ee\/login.aspx?authtype=ip,uid&amp;profile=eds\" target=\"_blank\" rel=\"noopener\"><strong>EBSCO Discovery\u00a0<\/strong><\/a>\u00a0v\u00f5imaldab otsida korraga enamikus Tartu \u00fclikoolile avatud teadusandmebaasides ja muudes teadusinfo ressurssides.\u00a0 E-kataloog ESTER ja Eesti artiklite andmebaas ISE ei ole Discovery otsingusse integreeritud, samuti m\u00f5ned andmebaasid.\u00a0\u00a0<\/p>\n<blockquote>\n<p>Soovi korral lugege lisaks\u00a0 <em>EBSCO Discovery kasutamine<\/em>\u00a0 \u2013\u00a0<a href=\"https:\/\/sisu.ut.ee\/edsjuhend\" target=\"_blank\" rel=\"noopener\">https:\/\/sisu.ut.ee\/edsjuhend<\/a>.<\/p>\n<\/blockquote>\n\n\n<div class=\"ratio ratio-16x9 mb-3\"><div class=\"video-placeholder-wrapper video-placeholder-wrapper--16x9\">\n\t\t\t    <div class=\"video-placeholder d-flex justify-content-center align-items-center\">\n\t\t\t        <div class=\"overlay text-white p-2 w-100 text-center d-block justify-content-center align-items-center\">\n\t\t\t            <div>Kolmandate osapoolte sisu n\u00e4gemiseks palun n\u00f5ustu k\u00fcpsistega.<\/div>\n\t\t\t            <button class=\"btn btn-secondary btn-sm mt-1 consent-change\">Muuda n\u00f5usolekut<\/button>\n\t\t\t        <\/div>\n\t\t\t    <\/div>\n\t\t\t<\/div>\n<\/div>\n\n\n\n\n\n","protected":false},"excerpt":{"rendered":"<p>EBSCO Discovery\u00a0\u00a0v\u00f5imaldab otsida korraga enamikus Tartu \u00fclikoolile avatud teadusandmebaasides ja muudes teadusinfo ressurssides.\u00a0 E-kataloog ESTER ja Eesti artiklite andmebaas ISE ei ole Discovery otsingusse integreeritud, samuti m\u00f5ned andmebaasid.\u00a0\u00a0 Soovi korral lugege lisaks\u00a0 EBSCO Discovery kasutamine\u00a0 \u2013\u00a0https:\/\/sisu.ut.ee\/edsjuhend. Kolmandate osapoolte sisu n\u00e4gemiseks &#8230;<\/p>\n","protected":false},"author":3,"featured_media":0,"parent":0,"menu_order":0,"comment_status":"closed","ping_status":"closed","template":"","meta":{"_acf_changed":false,"inline_featured_image":false,"footnotes":""},"class_list":["post-14","page","type-page","status-publish","hentry"],"acf":[],"_links":{"self":[{"href":"https:\/\/sisu.ut.ee\/teadustoo_alused\/wp-json\/wp\/v2\/pages\/14","targetHints":{"allow":["GET"]}}],"collection":[{"href":"https:\/\/sisu.ut.ee\/teadustoo_alused\/wp-json\/wp\/v2\/pages"}],"about":[{"href":"https:\/\/sisu.ut.ee\/teadustoo_alused\/wp-json\/wp\/v2\/types\/page"}],"author":[{"embeddable":true,"href":"https:\/\/sisu.ut.ee\/teadustoo_alused\/wp-json\/wp\/v2\/users\/3"}],"replies":[{"embeddable":true,"href":"https:\/\/sisu.ut.ee\/teadustoo_alused\/wp-json\/wp\/v2\/comments?post=14"}],"version-history":[{"count":3,"href":"https:\/\/sisu.ut.ee\/teadustoo_alused\/wp-json\/wp\/v2\/pages\/14\/revisions"}],"predecessor-version":[{"id":371,"href":"https:\/\/sisu.ut.ee\/teadustoo_alused\/wp-json\/wp\/v2\/pages\/14\/revisions\/371"}],"wp:attachment":[{"href":"https:\/\/sisu.ut.ee\/teadustoo_alused\/wp-json\/wp\/v2\/media?parent=14"}],"curies":[{"name":"wp","href":"https:\/\/api.w.org\/{rel}","templated":true}]}}