{"id":10,"date":"2024-04-04T04:32:43","date_gmt":"2024-04-04T01:32:43","guid":{"rendered":"https:\/\/sisu.ut.ee\/teadustoo_alused\/ulevaade-kursusest\/"},"modified":"2024-04-17T16:11:03","modified_gmt":"2024-04-17T13:11:03","slug":"ulevaade-kursusest","status":"publish","type":"page","link":"https:\/\/sisu.ut.ee\/teadustoo_alused\/ulevaade-kursusest\/","title":{"rendered":"\u00dclevaade kursusest"},"content":{"rendered":"<h3 style=\"text-align: left;\" align=\"center\"><strong>Eesm\u00e4rk ja \u00f5piv\u00e4ljundid<\/strong><\/h3>\n<p style=\"text-align: left;\" align=\"center\"><strong>Kursuse eesm\u00e4rgiks<\/strong>\u00a0on anda \u00fclevaade teadust\u00f6\u00f6 alustest ehk sellest, mis on teadus, millised on sotsiaalteaduslikud paradigmad, milline on teadusliku uurimisprotsessi \u00fclesehitus ja loogika, millised on teadust\u00f6\u00f6 eetika p\u00f5hiprintsiibid, millised on sotsiaalteadustes kasutatavad peamised teaduskirjanduse andmebaasid ja kuidas neist leida teemakohaseid allikaid ning millised on akadeemilise kirjutamise p\u00f5hit\u00f5ed.<\/p>\n<h5><strong>\u00d5piv\u00e4ljundid<\/strong><\/h5>\n<p><strong><div class=\"accordion mb-3\">\n        <div class=\"accordion-item accordion-item--white\">\n        <h2 class=\"accordion-header\" id=\"accordion-69de5d8b26251-heading\">\n            <button class=\"accordion-button collapsed\" type=\"button\" data-bs-toggle=\"collapse\" data-bs-target=\"#accordion-69de5d8b26251-collapse\" aria-expanded=\"true\" aria-controls=\"accordion-69de5d8b26251-collapse\">Teadusest \u00fcldiselt<\/button>\n        <\/h2>\n        <div id=\"accordion-69de5d8b26251-collapse\" class=\"accordion-collapse collapse\" aria-labelledby=\"accordion-69de5d8b26251-heading\">\n            <div class=\"accordion-body\"> \u2013 m\u00f5istab \u00fcldjoontes teadusliku l\u00e4henemisviisi isee\u00e4rasusi<br>\n\u2013 saab aru sellest, et milleks on teadust\u00f6\u00f6 vajalik \u00a0ja mis on\u00a0teadust\u00f6\u00f6 peamised\u00a0eesm\u00e4rgid<strong><\/strong><\/div>\n        <\/div>\n        <\/div>\n    <\/div><\/strong><\/p>\n<p><strong><div class=\"accordion mb-3\">\n        <div class=\"accordion-item accordion-item--white\">\n        <h2 class=\"accordion-header\" id=\"accordion-69de5d8b26257-heading\">\n            <button class=\"accordion-button collapsed\" type=\"button\" data-bs-toggle=\"collapse\" data-bs-target=\"#accordion-69de5d8b26257-collapse\" aria-expanded=\"true\" aria-controls=\"accordion-69de5d8b26257-collapse\">Sotsiaalteaduslikud paradigmad<\/button>\n        <\/h2>\n        <div id=\"accordion-69de5d8b26257-collapse\" class=\"accordion-collapse collapse\" aria-labelledby=\"accordion-69de5d8b26257-heading\">\n            <div class=\"accordion-body\"> <span style=\"color: #000000;\">\u2013 m\u00f5istab seda, et teadus ei paku\u00a0<\/span>l\u00f5plikke vastuseid ja teaduslikule l\u00e4henemisele on omane kahtlemine<br>\n<span style=\"color: #000000;\">\u2013 tunneb \u00fcldjoontes erinevaid sotsiaalteaduslikke l\u00e4henemisi ja paradigmasid<br>\n<\/span><span style=\"color: #000000;\">\u2013 on kursis m\u00f5ningate oluliste sotsiaalteaduslike probleemidega<br>\n<\/span><span style=\"color: #000000;\">\u2013 on kuulnud m\u00f5ningaid teadusfilosoofia p\u00f5him\u00f5isteid\u00a0<\/span><strong><\/strong><\/div>\n        <\/div>\n        <\/div>\n    <\/div><\/strong><\/p>\n<p><strong><div class=\"accordion mb-3\">\n        <div class=\"accordion-item accordion-item--white\">\n        <h2 class=\"accordion-header\" id=\"accordion-69de5d8b2625a-heading\">\n            <button class=\"accordion-button collapsed\" type=\"button\" data-bs-toggle=\"collapse\" data-bs-target=\"#accordion-69de5d8b2625a-collapse\" aria-expanded=\"true\" aria-controls=\"accordion-69de5d8b2625a-collapse\">Uurimist\u00f6\u00f6 protsess ja teadusliku uurimist\u00f6\u00f6 loogika<\/button>\n        <\/h2>\n        <div id=\"accordion-69de5d8b2625a-collapse\" class=\"accordion-collapse collapse\" aria-labelledby=\"accordion-69de5d8b2625a-heading\">\n            <div class=\"accordion-body\"> \u2013 on omandanud esmased teadmised akadeemilise uurimist\u00f6\u00f6 protsessi kohta;<br>\n\u2013 teab akadeemilise uurimist\u00f6\u00f6 etappe;<br>\n\u2013 tunneb olulisemaid uurimisviise ja -strateegiaid;<br>\n\u2013 teab \u00fcldjoontes, kuidas kavandada ja l\u00e4bi viia uurimist\u00f6\u00f6d.<strong><\/strong><\/div>\n        <\/div>\n        <\/div>\n    <\/div><\/strong><\/p>\n<p><strong><div class=\"accordion mb-3\">\n        <div class=\"accordion-item accordion-item--white\">\n        <h2 class=\"accordion-header\" id=\"accordion-69de5d8b2625c-heading\">\n            <button class=\"accordion-button collapsed\" type=\"button\" data-bs-toggle=\"collapse\" data-bs-target=\"#accordion-69de5d8b2625c-collapse\" aria-expanded=\"true\" aria-controls=\"accordion-69de5d8b2625c-collapse\">Teaduseetika p\u00f5him\u00f5isted<\/button>\n        <\/h2>\n        <div id=\"accordion-69de5d8b2625c-collapse\" class=\"accordion-collapse collapse\" aria-labelledby=\"accordion-69de5d8b2625c-heading\">\n            <div class=\"accordion-body\">\u2013 teab teaduseetika p\u00f5hialuseid ja reegleid nende j\u00e4rgimiseks teadust\u00f6\u00f6 kavandamisel ning l\u00e4biviimisel;<br>\n\u2013 teab teadlase eetika p\u00f5hialuseid ja tunneb head teadustava;<br>\n\u2013 on omandanud \u00fcldise \u00fclevaate inimuuringute l\u00e4biviimisel t\u00e4helepanu vajavatest k\u00fcsimustest.<strong><\/strong><\/div>\n        <\/div>\n        <\/div>\n    <\/div><\/strong><\/p>\n<p><strong><div class=\"accordion mb-3\">\n        <div class=\"accordion-item accordion-item--white\">\n        <h2 class=\"accordion-header\" id=\"accordion-69de5d8b2625e-heading\">\n            <button class=\"accordion-button collapsed\" type=\"button\" data-bs-toggle=\"collapse\" data-bs-target=\"#accordion-69de5d8b2625e-collapse\" aria-expanded=\"true\" aria-controls=\"accordion-69de5d8b2625e-collapse\">Akadeemiline petturlus<\/button>\n        <\/h2>\n        <div id=\"accordion-69de5d8b2625e-collapse\" class=\"accordion-collapse collapse\" aria-labelledby=\"accordion-69de5d8b2625e-heading\">\n            <div class=\"accordion-body\">\u00a0\u2013 oskab selgitada akadeemilise petturluse sisu ja teab, missugused dokumendid reguleerivad Tartu \u00dclikoolis (ja kitsamalt sotsiaalteaduste valdkonnas) akadeemilise petturluse menetlemise korda ning missugused on akadeemilise petturluse tagaj\u00e4rjed;\n<p>\u2013 oskab tuua n\u00e4iteid akadeemilise petturluse erinevatest liikidest ja on teadlik, kuidas akadeemilist petturlust v\u00e4ltida.<strong><\/strong><\/p><\/div>\n        <\/div>\n        <\/div>\n    <\/div><\/strong><\/p>\n<p><strong><div class=\"accordion mb-3\">\n        <div class=\"accordion-item accordion-item--white\">\n        <h2 class=\"accordion-header\" id=\"accordion-69de5d8b26261-heading\">\n            <button class=\"accordion-button collapsed\" type=\"button\" data-bs-toggle=\"collapse\" data-bs-target=\"#accordion-69de5d8b26261-collapse\" aria-expanded=\"true\" aria-controls=\"accordion-69de5d8b26261-collapse\">Akadeemiline kirjutamine<\/button>\n        <\/h2>\n        <div id=\"accordion-69de5d8b26261-collapse\" class=\"accordion-collapse collapse\" aria-labelledby=\"accordion-69de5d8b26261-heading\">\n            <div class=\"accordion-body\"> <span style=\"color: #000000;\">\u2013 teab akadeemilise kirjutamise p\u00f5hitavasid;<br>\n<\/span><span style=\"color: #000000;\">\u2013 m\u00f5istab teadusstiili erip\u00e4rasid;<br>\n<\/span><span style=\"color: #000000;\">\u2013 teab, kuidas teadustekste t\u00f5husamalt lugeda;<br>\n<\/span><span style=\"color: #000000;\">\u2013 saab aru teadusliku teksti kirjutamise erinevatest etappidest ja m\u00f5istab nende t\u00e4htsust kirjutamisprotsessi tulemuslikkuse seisukohast;<br>\n<\/span><span style=\"color: #000000;\">\u2013 teab peamisi refereerimise ja tsiteerimise p\u00f5him\u00f5tteid<\/span>.<strong><\/strong><\/div>\n        <\/div>\n        <\/div>\n    <\/div><\/strong><\/p>\n<h5><strong>Kuidas kursust l\u00e4bida?<\/strong><\/h5>\n<p><strong><div class=\"accordion mb-3\">\n        <div class=\"accordion-item accordion-item--white\">\n        <h2 class=\"accordion-header\" id=\"accordion-69de5d8b26265-heading\">\n            <button class=\"accordion-button collapsed\" type=\"button\" data-bs-toggle=\"collapse\" data-bs-target=\"#accordion-69de5d8b26265-collapse\" aria-expanded=\"true\" aria-controls=\"accordion-69de5d8b26265-collapse\">\u00d5pijuhis<\/button>\n        <\/h2>\n        <div id=\"accordion-69de5d8b26265-collapse\" class=\"accordion-collapse collapse\" aria-labelledby=\"accordion-69de5d8b26265-heading\">\n            <div class=\"accordion-body\">Kursuse maht on 2 EAP ehk 52 tundi ning kursus on t\u00e4ielikult veebip\u00f5hine. Kursuse \u00f5ppematerjalid on sisu.ut.ee lehek\u00fcljel. Moodle.ut.ee lehel toimub testide sooritamine ning \u00f5ppej\u00f5udude ja kaas\u00f5ppijatega suhtlemine.\n<p>Kursusel on kuus peamist teemat:<\/p>\n<ul>\n<li>Teaduse olemus<\/li>\n<li>Sotsiaalteaduslikud paradigmad<\/li>\n<li>Uurimist\u00f6\u00f6 protsess ja teadusliku uurimist\u00f6\u00f6 loogika<\/li>\n<li>Teaduseetika p\u00f5hiprintsiibid<\/li>\n<li>Allikate valik ja viidete haldamine<\/li>\n<li>Akadeemiline kirjutamine<\/li>\n<\/ul>\n<p>Teemad on soovitav l\u00e4bida etteantud j\u00e4rjekorras. Samas on teemad varasemate teadmiste v\u00e4rskendamiseks l\u00e4bitavad ka eraldi.\u00a0\u00a0Iga teema kohta on sisu.ut.ee lehel<\/p>\n<ul>\n<li>lugemistekstid;<\/li>\n<li>videod ja n\u00e4ited;<\/li>\n<li>m\u00f5tte\u00fclesanded;<\/li>\n<li>enesekontrolli testid;<\/li>\n<li>soovitused lisalugemiseks.<\/li>\n<\/ul>\n<p>Soovitame teemaga tutvumist alustada teema esilehel oleva teksti lugemisest. Selgituste ja n\u00e4idete lehel olev materjal toetab eelneva teksti m\u00f5istmist. Ka m\u00f5tte\u00fclesannete sooritamine on iga teema puhul oluline. Enesehindamiseks on sisu.ut.ee lehel valikvastustega testid, mis on k\u00fcll vabatahtlikud, kuid aitavad hinnata teemast arusaamist.<\/p>\n<p>Hindamine on mitteeristav. Kursuse l\u00e4bimiseks tuleb iga teema kohta t\u00e4ita test mMoodle\u2019i keskkonnas.<strong>\u00a0<\/strong><\/p><\/div>\n        <\/div>\n        <\/div>\n    <\/div><\/strong><\/p>\n<p><strong>Kursus on avatud terve semestri.\u00a0<\/strong>V\u00f5id valida aga endale sobiva kursuse l\u00e4bimise tempo.<\/p>\n<p>Oleme v\u00e4ga t\u00e4nulikud, kui v\u00f5tate kursuse l\u00e4bimise j\u00e4rel aja, et m\u00f5elda\u00a0kursuse \u00fclesehitusele, sisule , \u00f5ppematerjalidele ning annate meile tagasisidet, kuidas kursus toetas teie \u00f5ppimist. Tagasiside on v\u00e4ga oluline kursuse parendamiseks. Tagasiside k\u00fcsimustik on moodle.ut.ee lehel.<\/p>\n","protected":false},"excerpt":{"rendered":"<p>Eesm\u00e4rk ja \u00f5piv\u00e4ljundid Kursuse eesm\u00e4rgiks\u00a0on anda \u00fclevaade teadust\u00f6\u00f6 alustest ehk sellest, mis on teadus, millised on sotsiaalteaduslikud paradigmad, milline on teadusliku uurimisprotsessi \u00fclesehitus ja loogika, millised on teadust\u00f6\u00f6 eetika p\u00f5hiprintsiibid, millised on sotsiaalteadustes kasutatavad peamised teaduskirjanduse andmebaasid ja kuidas neist &#8230;<\/p>\n","protected":false},"author":3,"featured_media":0,"parent":0,"menu_order":0,"comment_status":"closed","ping_status":"closed","template":"","meta":{"_acf_changed":false,"inline_featured_image":false,"footnotes":""},"class_list":["post-10","page","type-page","status-publish","hentry"],"acf":[],"_links":{"self":[{"href":"https:\/\/sisu.ut.ee\/teadustoo_alused\/wp-json\/wp\/v2\/pages\/10","targetHints":{"allow":["GET"]}}],"collection":[{"href":"https:\/\/sisu.ut.ee\/teadustoo_alused\/wp-json\/wp\/v2\/pages"}],"about":[{"href":"https:\/\/sisu.ut.ee\/teadustoo_alused\/wp-json\/wp\/v2\/types\/page"}],"author":[{"embeddable":true,"href":"https:\/\/sisu.ut.ee\/teadustoo_alused\/wp-json\/wp\/v2\/users\/3"}],"replies":[{"embeddable":true,"href":"https:\/\/sisu.ut.ee\/teadustoo_alused\/wp-json\/wp\/v2\/comments?post=10"}],"version-history":[{"count":5,"href":"https:\/\/sisu.ut.ee\/teadustoo_alused\/wp-json\/wp\/v2\/pages\/10\/revisions"}],"predecessor-version":[{"id":276,"href":"https:\/\/sisu.ut.ee\/teadustoo_alused\/wp-json\/wp\/v2\/pages\/10\/revisions\/276"}],"wp:attachment":[{"href":"https:\/\/sisu.ut.ee\/teadustoo_alused\/wp-json\/wp\/v2\/media?parent=10"}],"curies":[{"name":"wp","href":"https:\/\/api.w.org\/{rel}","templated":true}]}}