{"id":7,"date":"2024-04-04T06:17:20","date_gmt":"2024-04-04T03:17:20","guid":{"rendered":"https:\/\/sisu.ut.ee\/sygiskool\/xiii-geoloogia-sugiskool\/"},"modified":"2024-04-04T06:24:25","modified_gmt":"2024-04-04T03:24:25","slug":"xiii-geoloogia-sugiskool","status":"publish","type":"page","link":"https:\/\/sisu.ut.ee\/sygiskool\/xiii-geoloogia-sugiskool\/","title":{"rendered":"XIII geoloogia s\u00fcgiskool"},"content":{"rendered":"<p>\r\n\t\u00a0\r\n<\/p>\r\n\r\n<p>\r\n\t\u00a0\r\n<\/p>\r\n\r\n<p style=\"text-align: justify\">\r\n\t<strong>XIII\u00a0Geoloogia s\u00fcgiskool<\/strong> toimus aastal 2017 looduskaunis<img loading=\"lazy\" decoding=\"async\" width=\"1800\" height=\"1882\" class=\"alignnone wp-image-29\" style=\"float: right;margin: 15px;width: 180px;height: 188px\" src=\"https:\/\/sisu.ut.ee\/wp-content\/uploads\/sites\/447\/xiii_logo.jpg\" title=\"xiii_logo.jpg\" alt=\"XIII s\u00fcgiskooli logo\" srcset=\"https:\/\/sisu.ut.ee\/wp-content\/uploads\/sites\/447\/xiii_logo.jpg 1800w, https:\/\/sisu.ut.ee\/wp-content\/uploads\/sites\/447\/xiii_logo-287x300.jpg 287w, https:\/\/sisu.ut.ee\/wp-content\/uploads\/sites\/447\/xiii_logo-979x1024.jpg 979w, https:\/\/sisu.ut.ee\/wp-content\/uploads\/sites\/447\/xiii_logo-768x803.jpg 768w, https:\/\/sisu.ut.ee\/wp-content\/uploads\/sites\/447\/xiii_logo-1469x1536.jpg 1469w\" sizes=\"auto, (max-width: 1800px) 100vw, 1800px\"> Nelij\u00e4rve piirkonnas kus arutleti teemadel\u00a0<strong>Maa varad<\/strong>.\r\n<\/p>\r\n\r\n<p style=\"text-align: justify\">\r\n\tGeoloogina tihtipeale unustatakse, et maavarad ei ole ainsad Maa varad, mis m\u00e4ngivad samuti olulist rolli kultuuris ja ka igap\u00e4eva elus. XIII s\u00fcgiskoolis arutleti, mil m\u00e4\u00e4ral on kultuur, elustik ja inimene v\u00f5rdv\u00e4\u00e4rsed maavaradega ning millised v\u00f5iksid olla nendevahelised seosed, millega edaspidiselt arvestada.\r\n<\/p>\r\n\r\n<p style=\"text-align: justify\">\r\n\t<img decoding=\"async\" alt=\"\" src=\"xiii_logo.jpg\">\r\n<\/p>\r\n\r\n<p style=\"text-align: justify\">\r\n\tGeoloogia s\u00fcgiskooli kogumiku\u00a0<em><strong>Schola\u00a0Geologica XIII\u00a0<\/strong><\/em>digiversiooni v\u00f5ite sirvida <a data-url=\"https:\/\/sisu.ut.ee\/wp-content\/uploads\/sites\/447\/schola_geologica_xiii_2017.pdf\" href=\"https:\/\/sisu.ut.ee\/wp-content\/uploads\/sites\/447\/schola_geologica_xiii_2017.pdf\" target=\"_blank\" title=\"XIII s\u00fcgiskooli kogumik\" rel=\"noopener\">siit<\/a>.\r\n<\/p>\r\n\r\n<p>\r\n\t\u00a0\r\n<\/p>\r\n<br><figure class=\"wp-block-gallery has-nested-images columns-3 is-cropped wp-block-gallery-1 is-layout-flex wp-block-gallery-is-layout-flex\"><figure class=\"wp-block-image size-large\"><a href=\"https:\/\/sisu.ut.ee\/wp-content\/uploads\/sites\/447\/xiii_logo.jpg\"><img decoding=\"async\" data-id=\"29\" src=\"https:\/\/sisu.ut.ee\/wp-content\/uploads\/sites\/447\/xiii_logo.jpg\" alt=\"\" class=\"wp-ima&lt;\/figcaption&gt;&lt;\/figure&gt;&lt;figure class=\" wp-block-image size-large><\/a><a href=\"https:\/\/sisu.ut.ee\/wp-content\/uploads\/sites\/447\/xiii_logo.jpg\"><img decoding=\"async\" data-id=\"29\" src=\"https:\/\/sisu.ut.ee\/wp-content\/uploads\/sites\/447\/xiii_logo.jpg\" alt=\"\" class=\"wp-ima&lt;\/figcaption&gt;&lt;\/figure&gt;&lt;\/figure&gt;\"><\/a><\/figure><\/figure>","protected":false},"excerpt":{"rendered":"<p>\u00a0 \u00a0 XIII\u00a0Geoloogia s\u00fcgiskool toimus aastal 2017 looduskaunis Nelij\u00e4rve piirkonnas kus arutleti teemadel\u00a0Maa varad. Geoloogina tihtipeale unustatakse, et maavarad ei ole ainsad Maa varad, mis m\u00e4ngivad samuti olulist rolli kultuuris ja ka igap\u00e4eva elus. XIII s\u00fcgiskoolis arutleti, mil m\u00e4\u00e4ral on &#8230;<\/p>\n","protected":false},"author":219,"featured_media":0,"parent":0,"menu_order":0,"comment_status":"closed","ping_status":"closed","template":"","meta":{"_acf_changed":false,"inline_featured_image":false,"footnotes":""},"class_list":["post-7","page","type-page","status-publish","hentry"],"acf":[],"_links":{"self":[{"href":"https:\/\/sisu.ut.ee\/sygiskool\/wp-json\/wp\/v2\/pages\/7","targetHints":{"allow":["GET"]}}],"collection":[{"href":"https:\/\/sisu.ut.ee\/sygiskool\/wp-json\/wp\/v2\/pages"}],"about":[{"href":"https:\/\/sisu.ut.ee\/sygiskool\/wp-json\/wp\/v2\/types\/page"}],"author":[{"embeddable":true,"href":"https:\/\/sisu.ut.ee\/sygiskool\/wp-json\/wp\/v2\/users\/219"}],"replies":[{"embeddable":true,"href":"https:\/\/sisu.ut.ee\/sygiskool\/wp-json\/wp\/v2\/comments?post=7"}],"version-history":[{"count":2,"href":"https:\/\/sisu.ut.ee\/sygiskool\/wp-json\/wp\/v2\/pages\/7\/revisions"}],"predecessor-version":[{"id":444,"href":"https:\/\/sisu.ut.ee\/sygiskool\/wp-json\/wp\/v2\/pages\/7\/revisions\/444"}],"wp:attachment":[{"href":"https:\/\/sisu.ut.ee\/sygiskool\/wp-json\/wp\/v2\/media?parent=7"}],"curies":[{"name":"wp","href":"https:\/\/api.w.org\/{rel}","templated":true}]}}