{"id":6,"date":"2024-04-04T06:17:19","date_gmt":"2024-04-04T03:17:19","guid":{"rendered":"https:\/\/sisu.ut.ee\/sygiskool\/xiv-sugiskooli-ajakava\/"},"modified":"2024-04-04T06:24:25","modified_gmt":"2024-04-04T03:24:25","slug":"xiv-sugiskooli-ajakava","status":"publish","type":"page","link":"https:\/\/sisu.ut.ee\/sygiskool\/xiv-sugiskooli-ajakava\/","title":{"rendered":"XIV s\u00fcgiskooli ajakava"},"content":{"rendered":"<p>\n\t\u00a0\n<\/p>\n<p>\n\t\u00a0\n<\/p>\n<p>\n\t<strong>REEDE, 12. oktoober<\/strong><br>14.30 \u2013 V\u00e4ljas\u00f5it Tallinnast, TT\u00dc peahoone eest (Ehitajate tee 5)<br>15.30 \u2013 V\u00e4ljas\u00f5it Tartust, Chemicumi eest (Ravila 14a)<br>17.00 \u2013 Saabumine, registreerimine, tervitusamps<br>18.15 \u2013 Avas\u00f5na<br>18.30 \u2013 Raine Pajo. Eesti Energia arenguplaanidest<br>19.00 \u2013 Erik Puura. Mida teha oma elu ajal, mis moodustab olematu vahemiku<br>geoloogilisest ajast?<br>19.30 \u2013 Tavo Ani. Eesti 3D-alusp\u00f5hja mudeli loomine<br>20.00\u2013 \u00d5htus\u00f6\u00f6k<br>21.00 \u2013 \u00d5htune kava\n<\/p>\n<p>\n\t<br><strong>LAUP\u00c4EV, 13. oktoober<\/strong><br>08.00-09.00 Hommikus\u00f6\u00f6k ja \u00e4rkamine<br>09.00 \u2013 Kalev Kallemets. Maa aluse transpordi ja ehituse v\u00f5imalustest Tallinnas<br>09.30 \u2013 Alvar Soesoo. Inimvara, kaos ja korrap\u00e4ra Eesti Maap\u00f5uevisioonis<br>10.00 \u2013 Peeter Talviste. Eraettev\u00f5tted maap\u00f5uevisioonis<br>10.30 \u2013 Kohvipaus<br>11.00 \u2013 Maap\u00f5uevisioonist professoritega (Kirsim\u00e4e, Meidla, Hints, Veski, Soesoo)<br>12.30 \u2013 L\u00f5unas\u00f6\u00f6k<br>13.30 \u2013 Ekskursioon p\u00f5rgu, Devonit uurima\n<\/p>\n<p>\n\t17.00 \u2013 \u00d5htus\u00f6\u00f6k<br>18.00 \u2013 GeoHack (infotehnoloogilised lahendused maap\u00f5uevisioonis)<br>19.30 \u2013 Kohvipaus<br>20.00 \u2013 Sten Suuroja. Talsinki tunnelivisioon<br>20.30 \u2013 Aivo Averin. Kes teeb, sel juhtub\u2026<br>21.00 \u2013 \u00d5htune kava\n<\/p>\n<p>\n\t<br><strong>P\u00dcHAP\u00c4EV, 14. oktoober<\/strong><br>08.30 \u2013 Hommikus\u00f6\u00f6k ja \u00e4rkamine<br>09.30 \u2013 Siim Nirgi. M\u00f5ni m\u00f5te Eesti aluskorra potentsiaalist<br>10.00 \u2013 Peeter Eek. Kas praegused j\u00e4\u00e4tmed on muutumas hindamatukas maavaraks?<br>10.30 \u2013 Maile Polikarpus. Virumaade p\u00f5hjaveemudelist<br>11.00 \u2013 Kohvipaus<br>11.30 \u2013 Andres Marandi. Teadlaste objektiivsus \u2013 on see v\u00f5imalik?<br>12.00 \u2013 Peeter Paaver. Mida teha p\u00f5levkivituhaga?<br>12.30 \u2013 L\u00f5pps\u00f5na, pakkimine, pildistamine, tagasiside<br>13.00 \u2013 L\u00f5pul\u00f5una<br>14.00 \u2013 Lahkumine Tallinnasse ja Tartusse\n<\/p>\n<p>\n\t\u00a0<\/p>\n","protected":false},"excerpt":{"rendered":"<p>\u00a0 \u00a0 REEDE, 12. oktoober14.30 \u2013 V\u00e4ljas\u00f5it Tallinnast, TT\u00dc peahoone eest (Ehitajate tee 5)15.30 \u2013 V\u00e4ljas\u00f5it Tartust, Chemicumi eest (Ravila 14a)17.00 \u2013 Saabumine, registreerimine, tervitusamps18.15 \u2013 Avas\u00f5na18.30 \u2013 Raine Pajo. Eesti Energia arenguplaanidest19.00 \u2013 Erik Puura. Mida teha oma elu &#8230;<\/p>\n","protected":false},"author":219,"featured_media":0,"parent":0,"menu_order":0,"comment_status":"closed","ping_status":"closed","template":"","meta":{"_acf_changed":false,"inline_featured_image":false,"footnotes":""},"class_list":["post-6","page","type-page","status-publish","hentry"],"acf":[],"_links":{"self":[{"href":"https:\/\/sisu.ut.ee\/sygiskool\/wp-json\/wp\/v2\/pages\/6","targetHints":{"allow":["GET"]}}],"collection":[{"href":"https:\/\/sisu.ut.ee\/sygiskool\/wp-json\/wp\/v2\/pages"}],"about":[{"href":"https:\/\/sisu.ut.ee\/sygiskool\/wp-json\/wp\/v2\/types\/page"}],"author":[{"embeddable":true,"href":"https:\/\/sisu.ut.ee\/sygiskool\/wp-json\/wp\/v2\/users\/219"}],"replies":[{"embeddable":true,"href":"https:\/\/sisu.ut.ee\/sygiskool\/wp-json\/wp\/v2\/comments?post=6"}],"version-history":[{"count":1,"href":"https:\/\/sisu.ut.ee\/sygiskool\/wp-json\/wp\/v2\/pages\/6\/revisions"}],"predecessor-version":[{"id":438,"href":"https:\/\/sisu.ut.ee\/sygiskool\/wp-json\/wp\/v2\/pages\/6\/revisions\/438"}],"wp:attachment":[{"href":"https:\/\/sisu.ut.ee\/sygiskool\/wp-json\/wp\/v2\/media?parent=6"}],"curies":[{"name":"wp","href":"https:\/\/api.w.org\/{rel}","templated":true}]}}