{"id":26,"date":"2024-04-04T06:17:21","date_gmt":"2024-04-04T03:17:21","guid":{"rendered":"https:\/\/sisu.ut.ee\/sygiskool\/xvi-sugiskooli-ajakava\/"},"modified":"2024-04-04T06:24:24","modified_gmt":"2024-04-04T03:24:24","slug":"xvi-sugiskooli-ajakava","status":"publish","type":"page","link":"https:\/\/sisu.ut.ee\/sygiskool\/xvi-sugiskooli-ajakava\/","title":{"rendered":"XVI s\u00fcgiskooli ajakava"},"content":{"rendered":"<p>\n\t\u00a0\n<\/p>\n<p>\n\t<strong>25. september \u2013 reede<\/strong>\n<\/p>\n<p>\n\t14:45-15:15 Kohastumine ja settimine\n<\/p>\n<p>\n\t15:15-15:45 Avaturgutus\n<\/p>\n<p>\n\t<strong>16:00-21:00 I sessioon: elus ja eluta<\/strong>\n<\/p>\n<p>\n\t16:00-16:15 Avas\u00f5nad\n<\/p>\n<p>\n\t16:15 -16:45 \u2013 Oive Tinn\n<\/p>\n<p>\n\t16:45-17:30 \u2013 Kalevi Kull\n<\/p>\n<p>\n\t17:30-18:00 \u2013 Alan Tkaczyk\n<\/p>\n<p>\n\t18:00-18:45 \u2013 Erik Puura\n<\/p>\n<p>\n\t19:00-20:00 \u00d5htus\u00f6\u00f6k\n<\/p>\n<p>\n\t20:00-\u2026 \u2013 Peeter Laurits ja Andres L\u00f5o\n<\/p>\n<p>\n\t\u00a0\n<\/p>\n<p>\n\t<strong>26. september \u2013 laup\u00e4ev<\/strong>\n<\/p>\n<p>\n\t7:00-8:00 Silmadlahtik\u00e4ik\n<\/p>\n<p>\n\t8:30-9:30 Hommikus\u00f6\u00f6k\n<\/p>\n<p>\n\t<strong>9:30-10:30 II sessioon: m\u00e4rg ja soolane<\/strong>\n<\/p>\n<p>\n\t09:30-10:00 \u2013 Martin Liira\n<\/p>\n<p>\n\t10:00-10:30 \u2013 Kaarel M\u00e4nd\n<\/p>\n<p>\n\t10:30-11:00 Vaheturgutus\n<\/p>\n<p>\n\t<strong>11:00-12:30 III sessioon: linn ja loodus<\/strong>\n<\/p>\n<p>\n\t11:00-11:30 \u2013 Marko M\u00e4gi\n<\/p>\n<p>\n\t11:30-12:00 \u2013 Veljo Runnel\n<\/p>\n<p>\n\t12:00-12:30 \u2013 Tanel Vahter\n<\/p>\n<p>\n\t12:30-13:15 L\u00f5una\n<\/p>\n<p>\n\t13:30-1700 V\u00e4ljas\u00f5it ja Moritz von Engelhardti kivi avamine Viisus\n<\/p>\n<p>\n\t<strong>17:15-18:45 IV sessioon: areng ja kujunemine<\/strong>\n<\/p>\n<p>\n\t17:15-18:00 \u2013 Peeter H\u00f5rak\n<\/p>\n<p>\n\t18:00-18:30 \u2013 Mihkel Kunnus\n<\/p>\n<p>\n\t18:30-19:15 \u2013 Kalle Kirsim\u00e4e\n<\/p>\n<p>\n\t19:30-20:30 \u00d5htus\u00f6\u00f6k\n<\/p>\n<p>\n\t20:30-\u2026 \u2013 T\u00f5nu Viik\n<\/p>\n<p>\n\t\u00a0\n<\/p>\n<p>\n\t<strong>27. september \u2013 p\u00fchap\u00e4ev<\/strong>\n<\/p>\n<p>\n\t7:00-8:00 Silmadlahtik\u00e4ik\n<\/p>\n<p>\n\t8:30-9:30 Hommikus\u00f6\u00f6k\n<\/p>\n<p>\n\t<strong>9:30-12:00 V sessioon: ajad ja kombed<\/strong>\n<\/p>\n<p>\n\t09:30-10:15 \u2013 P\u00e4\u00e4rn Paiste\n<\/p>\n<p>\n\t10:15-11:00 \u2013 Peeter Talviste\n<\/p>\n<p>\n\t11:00-11:30 Arutelu ja l\u00f5pus\u00f5nad\n<\/p>\n<p>\n\t12:00-13:00 L\u00f5pul\u00f5una\n<\/p>\n<p>\n\t\u00a0\n<\/p>\n<p>\n\t\u00a0<\/p>\n","protected":false},"excerpt":{"rendered":"<p>\u00a0 25. september \u2013 reede 14:45-15:15 Kohastumine ja settimine 15:15-15:45 Avaturgutus 16:00-21:00 I sessioon: elus ja eluta 16:00-16:15 Avas\u00f5nad 16:15 -16:45 \u2013 Oive Tinn 16:45-17:30 \u2013 Kalevi Kull 17:30-18:00 \u2013 Alan Tkaczyk 18:00-18:45 \u2013 Erik Puura 19:00-20:00 \u00d5htus\u00f6\u00f6k 20:00-\u2026 \u2013 &#8230;<\/p>\n","protected":false},"author":219,"featured_media":0,"parent":0,"menu_order":0,"comment_status":"closed","ping_status":"closed","template":"","meta":{"_acf_changed":false,"inline_featured_image":false,"footnotes":""},"class_list":["post-26","page","type-page","status-publish","hentry"],"acf":[],"_links":{"self":[{"href":"https:\/\/sisu.ut.ee\/sygiskool\/wp-json\/wp\/v2\/pages\/26","targetHints":{"allow":["GET"]}}],"collection":[{"href":"https:\/\/sisu.ut.ee\/sygiskool\/wp-json\/wp\/v2\/pages"}],"about":[{"href":"https:\/\/sisu.ut.ee\/sygiskool\/wp-json\/wp\/v2\/types\/page"}],"author":[{"embeddable":true,"href":"https:\/\/sisu.ut.ee\/sygiskool\/wp-json\/wp\/v2\/users\/219"}],"replies":[{"embeddable":true,"href":"https:\/\/sisu.ut.ee\/sygiskool\/wp-json\/wp\/v2\/comments?post=26"}],"version-history":[{"count":1,"href":"https:\/\/sisu.ut.ee\/sygiskool\/wp-json\/wp\/v2\/pages\/26\/revisions"}],"predecessor-version":[{"id":418,"href":"https:\/\/sisu.ut.ee\/sygiskool\/wp-json\/wp\/v2\/pages\/26\/revisions\/418"}],"wp:attachment":[{"href":"https:\/\/sisu.ut.ee\/sygiskool\/wp-json\/wp\/v2\/media?parent=26"}],"curies":[{"name":"wp","href":"https:\/\/api.w.org\/{rel}","templated":true}]}}