{"id":22,"date":"2024-04-04T06:17:21","date_gmt":"2024-04-04T03:17:21","guid":{"rendered":"https:\/\/sisu.ut.ee\/sygiskool\/avaleht\/"},"modified":"2024-10-07T09:59:31","modified_gmt":"2024-10-07T06:59:31","slug":"avaleht","status":"publish","type":"page","link":"https:\/\/sisu.ut.ee\/sygiskool\/","title":{"rendered":""},"content":{"rendered":"<h2 style=\"margin-right: 0cm; margin-left: 0cm; margin-bottom: 0.0001pt; text-align: left;\">Tere tulemast geoloogia s\u00fcgiskooli kodulehele!<\/h2>\n<div style=\"margin-right: 0cm; margin-left: 0cm; margin-bottom: 0.0001pt; text-align: center;\"><\/div>\n<div><\/div>\n<div style=\"margin-right: 0cm; margin-left: 0cm; margin-bottom: 0.0001pt; text-align: center;\"><\/div>\n<p style=\"margin-right: 0cm; margin-left: 0cm; margin-bottom: 0.0001pt; text-align: center;\"><span style=\"color: #000000;\"><img loading=\"lazy\" decoding=\"async\" width=\"1200\" height=\"1500\" class=\"alignnone wp-image-31 alignleft\" style=\"width: 200px; height: 250px; float: right;\" title=\"Geoloogia s\u00fcgiskool 2021 (Peeter Paaver)\" src=\"https:\/\/sisu.ut.ee\/wp-content\/uploads\/sites\/447\/2m6a5280.jpg\" alt=\"S\u00fcgiskool 2021 lodjakojas\" srcset=\"https:\/\/sisu.ut.ee\/wp-content\/uploads\/sites\/447\/2m6a5280.jpg 1200w, https:\/\/sisu.ut.ee\/wp-content\/uploads\/sites\/447\/2m6a5280-240x300.jpg 240w, https:\/\/sisu.ut.ee\/wp-content\/uploads\/sites\/447\/2m6a5280-819x1024.jpg 819w, https:\/\/sisu.ut.ee\/wp-content\/uploads\/sites\/447\/2m6a5280-768x960.jpg 768w\" sizes=\"auto, (max-width: 1200px) 100vw, 1200px\"><\/span><\/p>\n<div>\n<p style=\"text-align: left;\">\n<\/p><p style=\"text-align: left;\">\n<\/p><\/div>\n<div><\/div>\n<div><\/div>\n<div style=\"margin-right: 0cm; margin-left: 0cm; margin-bottom: 0.0001pt; text-align: left;\"><\/div>\n<div style=\"margin-right: 0cm; margin-left: 0cm; margin-bottom: 0.0001pt; text-align: left;\">Geoloogia s\u00fcgiskool on iga-aastane\u00a0\u00fcritus, mis on toimunud alates 2005. aasta s\u00fcgisest. \u00dcrituse loomisel v\u00f5eti malli teoreetiliste bioloogide kevadkoolist ja eesm\u00e4rk oli tuua kokku Eesti geoloogid.<\/div>\n<div style=\"margin-right: 0cm; margin-left: 0cm; margin-bottom: 0.0001pt;\">\n<p style=\"text-align: left;\">\u201c<em>Nii nagu 1975. aastast toimunud teoreetilise bioloogia kevadkoolid on iga-<\/em><em>aastaselt lood<\/em><em>usesse<\/em><em> kokku toonud elu-teadusega seotud huvilisi, soovib geoloogia s\u00fcgisk<\/em><em>ool olla kohaks, kus vahetatakse m\u00f5ttei<\/em><em>d Maad ja selle tekkelugu uurivate teaduste \u00fcle ning asjadest, mis j\u00e4\u00e4vad erinevate maa- ja loodusteadu<\/em><em>sh<\/em><em>arud<\/em><em>e \u00fcmber ja vahele. Esimene geoloogia s\u00fcgiskool ning kogumik Schola Geologica I loodavad seel\u00e4bi olla esimesteks omataoliste pikas, huvitavaid teadusettekandeid sisaldavas sarjas.<\/em>\u201c<\/p>\n<p style=\"text-align: left;\">Ver\u0161 E. ja Nemliher R. (toim.) 2005. Teadus geoloogias. Schola Geologica I. Eesti Looduseuurijate Selts, Tartu<br>\n\u00dclikooli geoloogia instituut, Tartu, 3\u00a0lk.<\/p>\n<\/div>\n<hr>\n<div><\/div>\n","protected":false},"excerpt":{"rendered":"<p>Tere tulemast geoloogia s\u00fcgiskooli kodulehele! Geoloogia s\u00fcgiskool on iga-aastane\u00a0\u00fcritus, mis on toimunud alates 2005. aasta s\u00fcgisest. \u00dcrituse loomisel v\u00f5eti malli teoreetiliste bioloogide kevadkoolist ja eesm\u00e4rk oli tuua kokku Eesti geoloogid. \u201cNii nagu 1975. aastast toimunud teoreetilise bioloogia kevadkoolid on iga-aastaselt &#8230;<\/p>\n","protected":false},"author":219,"featured_media":0,"parent":0,"menu_order":0,"comment_status":"closed","ping_status":"closed","template":"","meta":{"_acf_changed":false,"inline_featured_image":false,"footnotes":""},"class_list":["post-22","page","type-page","status-publish","hentry"],"acf":[],"_links":{"self":[{"href":"https:\/\/sisu.ut.ee\/sygiskool\/wp-json\/wp\/v2\/pages\/22","targetHints":{"allow":["GET"]}}],"collection":[{"href":"https:\/\/sisu.ut.ee\/sygiskool\/wp-json\/wp\/v2\/pages"}],"about":[{"href":"https:\/\/sisu.ut.ee\/sygiskool\/wp-json\/wp\/v2\/types\/page"}],"author":[{"embeddable":true,"href":"https:\/\/sisu.ut.ee\/sygiskool\/wp-json\/wp\/v2\/users\/219"}],"replies":[{"embeddable":true,"href":"https:\/\/sisu.ut.ee\/sygiskool\/wp-json\/wp\/v2\/comments?post=22"}],"version-history":[{"count":11,"href":"https:\/\/sisu.ut.ee\/sygiskool\/wp-json\/wp\/v2\/pages\/22\/revisions"}],"predecessor-version":[{"id":530,"href":"https:\/\/sisu.ut.ee\/sygiskool\/wp-json\/wp\/v2\/pages\/22\/revisions\/530"}],"wp:attachment":[{"href":"https:\/\/sisu.ut.ee\/sygiskool\/wp-json\/wp\/v2\/media?parent=22"}],"curies":[{"name":"wp","href":"https:\/\/api.w.org\/{rel}","templated":true}]}}