{"id":19,"date":"2024-04-04T06:17:21","date_gmt":"2024-04-04T03:17:21","guid":{"rendered":"https:\/\/sisu.ut.ee\/sygiskool\/eelnevad-geoloogia-sugiskoolid\/"},"modified":"2024-04-04T06:24:24","modified_gmt":"2024-04-04T03:24:24","slug":"eelnevad-geoloogia-sugiskoolid","status":"publish","type":"page","link":"https:\/\/sisu.ut.ee\/sygiskool\/eelnevad-geoloogia-sugiskoolid\/","title":{"rendered":"Eelnevad geoloogia s\u00fcgiskoolid"},"content":{"rendered":"<p>\n\t\u00a0\n<\/p>\n<p>\n\tK\u00f5rvalolevast men\u00fc\u00fcst leiad eelnevatel aastatel toimunud s\u00fcgiskoolid. Nendel lehtedel on v\u00f5imalik tutvuda s\u00fcgiskoolide ajakava, kokkuv\u00f5tte ja piltidega.\n<\/p>\n<p>\n\tKui otsid s\u00fcgiskoolide kogumikke, leiad need\u00a0<a data-url=\"https:\/\/sisu.ut.ee\/sygiskool\/kogumikud\" href=\"https:\/\/sisu.ut.ee\/sygiskool\/kogumikud\" target=\"_blank\" title=\"kogumikud\" rel=\"noopener\">sellelt lehelt.<\/a><\/p>\n","protected":false},"excerpt":{"rendered":"<p>\u00a0 K\u00f5rvalolevast men\u00fc\u00fcst leiad eelnevatel aastatel toimunud s\u00fcgiskoolid. Nendel lehtedel on v\u00f5imalik tutvuda s\u00fcgiskoolide ajakava, kokkuv\u00f5tte ja piltidega. Kui otsid s\u00fcgiskoolide kogumikke, leiad need\u00a0sellelt lehelt.<\/p>\n","protected":false},"author":219,"featured_media":0,"parent":0,"menu_order":0,"comment_status":"closed","ping_status":"closed","template":"","meta":{"_acf_changed":false,"inline_featured_image":false,"footnotes":""},"class_list":["post-19","page","type-page","status-publish","hentry"],"acf":[],"_links":{"self":[{"href":"https:\/\/sisu.ut.ee\/sygiskool\/wp-json\/wp\/v2\/pages\/19","targetHints":{"allow":["GET"]}}],"collection":[{"href":"https:\/\/sisu.ut.ee\/sygiskool\/wp-json\/wp\/v2\/pages"}],"about":[{"href":"https:\/\/sisu.ut.ee\/sygiskool\/wp-json\/wp\/v2\/types\/page"}],"author":[{"embeddable":true,"href":"https:\/\/sisu.ut.ee\/sygiskool\/wp-json\/wp\/v2\/users\/219"}],"replies":[{"embeddable":true,"href":"https:\/\/sisu.ut.ee\/sygiskool\/wp-json\/wp\/v2\/comments?post=19"}],"version-history":[{"count":1,"href":"https:\/\/sisu.ut.ee\/sygiskool\/wp-json\/wp\/v2\/pages\/19\/revisions"}],"predecessor-version":[{"id":425,"href":"https:\/\/sisu.ut.ee\/sygiskool\/wp-json\/wp\/v2\/pages\/19\/revisions\/425"}],"wp:attachment":[{"href":"https:\/\/sisu.ut.ee\/sygiskool\/wp-json\/wp\/v2\/media?parent=19"}],"curies":[{"name":"wp","href":"https:\/\/api.w.org\/{rel}","templated":true}]}}