{"id":77,"date":"2024-04-04T04:49:04","date_gmt":"2024-04-04T01:49:04","guid":{"rendered":"https:\/\/sisu.ut.ee\/suk\/seksuaalvagivald\/"},"modified":"2025-07-24T11:59:14","modified_gmt":"2025-07-24T08:59:14","slug":"seksuaalvagivald","status":"publish","type":"page","link":"https:\/\/sisu.ut.ee\/suk\/seksuaalvagivald\/","title":{"rendered":"Seksuaalv\u00e4givald"},"content":{"rendered":"<h2>Seksuaalv\u00e4givalla kriisiabikeskused ja muu abi seksuaalv\u00e4givalla korral<\/h2>\n<p>Kui seksuaalv\u00e4givalla juhtumist on <strong>m\u00f6\u00f6das v\u00e4hem kui 7-8 \u00f6\u00f6p\u00e4eva<\/strong>, soovitame p\u00f6\u00f6rduda alati l\u00e4himasse SAKi ehk <a title=\"\" href=\"https:\/\/sotsiaalkindlustusamet.ee\/abivajav-laps-ja-taiskasvanu\/abi-vagivalla-ohvrile\/seksuaalvagivalla-ohvrite-kriisiabi\" target=\"_blank\" rel=\"noopener\" data-url=\"https:\/\/sotsiaalkindlustusamet.ee\/abivajav-laps-ja-taiskasvanu\/abi-vagivalla-ohvrile\/seksuaalvagivalla-ohvrite-kriisiabi\">seksuaalv\u00e4givalla kriisiabikeskusesse<\/a> v\u00f5i helistada ohvriabi kriisitelefonile 116006 abi ja n\u00f5u k\u00fcsimiseks.<\/p>\n<p>Seksuaalv\u00e4givalla kriisiabikeskused ehk SAKid asuvad neljas Eesti piirkonnas, suuremate haiglate juures:<\/p>\n<ul>\n<li>L\u00e4\u00e4ne-Tallinna Keskhaigla naistekliinikus, S\u00f5le 23, Tallinn.<\/li>\n<li>Ida-Viru Keskhaiglas, Ilmajaama 12, Kohtla-J\u00e4rve.<\/li>\n<li>P\u00e4rnu Haiglas, Ristiku 1, P\u00e4rnu.<\/li>\n<li>Tartu \u00dclikooli Kliinikumis, Puusepa 8, Tartu.<\/li>\n<\/ul>\n<p>Keskused on <strong>avatud 24h<\/strong> ning abi on tasuta. SAKidesse v\u00f5ivad p\u00f6\u00f6rduda <strong>nii naised, mehed kui ka igas vanuses lapsed<\/strong>.<\/p>\n<p>SAKides pakutakse\u00a0esmase abina inimese n\u00f5usolekul:<\/p>\n<ul>\n<li>tundlikku kohtlemist ja ps\u00fchholoogilist toetust kriisiolukorras;<\/li>\n<li>meditsiinilist l\u00e4bivaatust ja abi koos kohtumeditsiinilise t\u00f5endmaterjali kogumisega;<\/li>\n<li>vigastuste kirjeldamist;<\/li>\n<li>suguhaiguste testimist ja vajadusel HIV-i nakatumist v\u00e4ltiva raviga alustamist;<\/li>\n<li>abi raseduse \u00e4rahoidmisel;<\/li>\n<li>uimastamiskahtluse korral vere- ja uriiniproovide kogumist;<\/li>\n<li>j\u00e4tkutoele kutsumist\u00a0(meditsiiniline ja ps\u00fchholoogiline abi).<\/li>\n<\/ul>\n<hr>\n<ul>\n<li><a href=\"https:\/\/www.youtube.com\/watch?v=KvYU-U9nw40&amp;list=PL5ryenLAx4rsXKGDxy2Pf5jqIFr7-PR_X\" target=\"_blank\" rel=\"noopener\">Vaata, millist abi pakutakse seksuaalv\u00e4givalla kriisiabikeskustes\u00a0<\/a><\/li>\n<li><a href=\"https:\/\/www.youtube.com\/watch?v=gS0kxWRZbLU&amp;list=PL5ryenLAx4rsXKGDxy2Pf5jqIFr7-PR_X&amp;index=3&amp;t=108s\" target=\"_blank\" rel=\"noopener\">Look, what help you get from Sexual Assault Centers\u00a0<\/a><\/li>\n<li><a href=\"https:\/\/www.youtube.com\/watch?v=n_zkAp9xGXM&amp;list=PL5ryenLAx4rsXKGDxy2Pf5jqIFr7-PR_X&amp;index=5\" target=\"_blank\" rel=\"noopener\">\u041e\u0437\u043d\u0430\u043a\u043e\u043c\u044c\u0441\u044f, \u043a\u0430\u043a\u0430\u044f \u043f\u043e\u043c\u043e\u0449\u044c \u043f\u0440\u0435\u0434\u043b\u0430\u0433\u0430\u0435\u0442\u0441\u044f \u043b\u044e\u0434\u044f\u043c \u043f\u0435\u0440\u0435\u0436\u0438\u0432\u0448\u0438\u043c \u043d\u0430\u0441\u0438\u043b\u0438\u0435. \u0414\u043b\u0438\u043d\u043d\u044b\u0439 \u0432\u0438\u0434\u0435\u043e\u0440\u043e\u043b\u0438\u043a\u00a0<\/a><\/li>\n<li><a href=\"https:\/\/www.youtube.com\/watch?v=VeV1zFppLGk&amp;list=PL5ryenLAx4rskDAKgZdGg_STRrQ8Qj0gl\" target=\"_blank\" rel=\"noopener\">Seksuaalv\u00e4givalla l\u00fchilood ja abiv\u00f5imalused (EST)<\/a><\/li>\n<li><a href=\"https:\/\/www.youtube.com\/watch?v=vN3-jSRQIAw&amp;list=PL5ryenLAx4rvsd_NZlG3TCFrSBweLZk_B\" target=\"_blank\" rel=\"noopener\">Seksuaalv\u00e4givalla l\u00fchilood ja abiv\u00f5imalused (RUS)<\/a><\/li>\n<\/ul>\n<hr>\n<p>\u0426\u0435\u043d\u0442\u0440\u044b \u043a\u0440\u0438\u0437\u0438\u0441\u043d\u043e\u0439 \u043f\u043e\u043c\u043e\u0449\u0438 \u043f\u0440\u0438 \u0441\u0435\u043a\u0441\u0443\u0430\u043b\u044c\u043d\u043e\u043c \u043d\u0430\u0441\u0438\u043b\u0438\u0438 (SAK) \u0440\u0430\u0441\u043f\u043e\u043b\u043e\u0436\u0435\u043d\u044b \u0432 \u0447\u0435\u0442\u044b\u0440\u0435\u0445 \u0440\u0435\u0433\u0438\u043e\u043d\u0430\u0445 \u042d\u0441\u0442\u043e\u043d\u0438\u0438, \u043f\u0440\u0438 \u0431\u043e\u043b\u044c\u0448\u0438\u0445 \u0431\u043e\u043b\u044c\u043d\u0438\u0446\u0430\u0445:<\/p>\n<ul>\n<li>\u042d\u043a\u0441\u0442\u0440\u0435\u043d\u043d\u044b\u0439 \u043f\u0440\u0438\u0435\u043c \u0436\u0435\u043d\u0441\u043a\u043e\u0439 \u043f\u043e\u043b\u0438\u043a\u043b\u0438\u043d\u0438\u043a\u0438 \u041b\u044f\u044d\u043d\u0435-\u0422\u0430\u043b\u043b\u0438\u043d\u043d\u0441\u043a\u043e\u0439 \u0446\u0435\u043d\u0442\u0440\u0430\u043b\u044c\u043d\u043e\u0439 \u0431\u043e\u043b\u044c\u043d\u0438\u0446\u044b, \u0421\u044b\u043b\u0435 23, \u0422\u0430\u043b\u043b\u0438\u043d\u043d. \u0422\u0435\u043b\u0435\u0444\u043e\u043d \u043f\u0440\u0438\u0451\u043c\u043d\u043e\u0439: 5342 4724<\/li>\n<li>\u0426\u0435\u043d\u0442\u0440\u0430\u043b\u044c\u043d\u0430\u044f \u0431\u043e\u043b\u044c\u043d\u0438\u0446\u0430 \u0418\u0434\u0430-\u0412\u0438\u0440\u0443\u043c\u0430\u0430, \u0418\u043b\u044c\u043c\u0430\u044f\u0430\u043c\u0430 12, \u041a\u043e\u0445\u0442\u043b\u0430-\u042f\u0440\u0432\u0435, \u0432\u0445\u043e\u0434 \u0447\u0435\u0440\u0435\u0437 EMO. \u041c\u0435\u0434\u0441\u0435\u0441\u0442\u0440\u0430 \u043e\u0442\u0434\u0435\u043b\u0435\u043d\u0438\u044f \u0433\u0438\u043d\u0435\u043a\u043e\u043b\u043e\u0433\u0438\u0438: \u0442\u0435\u043b. 331 1041<\/li>\n<li>\u041f\u044f\u0440\u043d\u0443\u0441\u043a\u0430\u044f \u0431\u043e\u043b\u044c\u043d\u0438\u0446\u0430, \u0420\u0438\u0441\u0442\u0438\u043a\u0443 1, \u041f\u044f\u0440\u043d\u0443, \u0432\u0445\u043e\u0434 \u0447\u0435\u0440\u0435\u0437 \u043e\u0442\u0434\u0435\u043b\u0435\u043d\u0438\u0435 \u043d\u0435\u043e\u0442\u043b\u043e\u0436\u043d\u043e\u0439 \u043c\u0435\u0434\u0438\u0446\u0438\u043d\u0441\u043a\u043e\u0439 \u043f\u043e\u043c\u043e\u0449\u0438. \u0414\u0435\u0436\u0443\u0440\u043d\u044b\u0439 \u0433\u0438\u043d\u0435\u043a\u043e\u043b\u043e\u0433: \u0442\u0435\u043b 447 3505<\/li>\n<li>\u0411\u043e\u043b\u044c\u043d\u0438\u0446\u0430 \u0422\u0430\u0440\u0442\u0443\u0441\u043a\u043e\u0433\u043e \u0443\u043d\u0438\u0432\u0435\u0440\u0441\u0438\u0442\u0435\u0442\u0430, \u041b. \u041f\u0443\u0443\u0441\u0435\u043f\u0430 8, \u0422\u0430\u0440\u0442\u0443, \u0432\u0445\u043e\u0434 \u0447\u0435\u0440\u0435\u0437 \u043e\u0442\u0434\u0435\u043b\u0435\u043d\u0438\u0435 \u043d\u0435\u043e\u0442\u043b\u043e\u0436\u043d\u043e\u0439 \u043c\u0435\u0434\u0438\u0446\u0438\u043d\u0441\u043a\u043e\u0439 \u043f\u043e\u043c\u043e\u0449\u0438. \u041c\u0435\u0434\u0441\u0435\u0441\u0442\u0440\u0430 \u043e\u0442\u0434\u0435\u043b\u0435\u043d\u0438\u044f \u0433\u0438\u043d\u0435\u043a\u043e\u043b\u043e\u0433\u0438\u0438 \u0442\u0435\u043b.731 9954<\/li>\n<\/ul>\n<p>\u0426\u0435\u043d\u0442\u0440\u044b \u043e\u0442\u043a\u0440\u044b\u0442\u044b \u043a\u0440\u0443\u0433\u043b\u043e\u0441\u0443\u0442\u043e\u0447\u043d\u043e \u0438 \u043f\u043e\u043c\u043e\u0449\u044c \u043e\u043a\u0430\u0437\u044b\u0432\u0430\u0435\u0442\u0441\u044f \u0431\u0435\u0441\u043f\u043b\u0430\u0442\u043d\u043e.<\/p>\n<hr>\n<h2>Kui seksuaalv\u00e4givallast on m\u00f6\u00f6das rohkem kui 7-8 \u00f6\u00f6p\u00e4eva<\/h2>\n<p>Alates 2021. aastast on v\u00f5imalus sotsiaalkindlustusameti ohvriabi kaudu <strong>tasuta individuaalset ps\u00fchholoogilist n\u00f5ustamist ja teraapiat<\/strong> seksuaalv\u00e4givalla ohvritele (ka minevikus toimunud seksuaalv\u00e4givalla korral), kes muul viisil n\u00f5ustamist ja teraapiat ei ole senini saanud. Ps\u00fchholoogilise n\u00f5ustamise ja teraapia saamiseks tuleb p\u00f6\u00f6rduda ohvriabit\u00f6\u00f6taja poole, kelle kontaktid leiad <a href=\"https:\/\/sotsiaalkindlustusamet.ee\/et\/ohvriabi\/ohvriabi-ja-ennetusteenuste-tootajate-kontaktandmed\" target=\"_blank\" rel=\"noopener\">siit<\/a>.<\/p>\n<p><strong>Veel abi leiad:<\/strong><\/p>\n<ul>\n<li>112 \u2012 otsene h\u00e4daolukord<\/li>\n<li>116 006, v\u00e4lismaalt +372 614 7393 \u2012 ohvriabi kriisitelefon, mis pakub \u00f6\u00f6p\u00e4ev l\u00e4bi kriisin\u00f5ustamist.<\/li>\n<li>116 111 \u2012 sotsiaalkindlustusameti lasteabitelefon<\/li>\n<li>116 123 \u2012 hingehoiutelefoni telefonin\u00f5ustamine, avatud \u00f6\u00f6p\u00e4ev l\u00e4bi, vaata lisaks: <a href=\"https:\/\/hingehoid.ee\/\" target=\"_blank\" rel=\"noopener\">https:\/\/hingehoid.ee\/<\/a><\/li>\n<li>678 7422 \u2012 vaimse tervise n\u00f5ustamistelefon (E\u2012R 9\u201210)<\/li>\n<\/ul>\n<p><strong>Kasulikud veebiaadressid:<\/strong><\/p>\n<ul>\n<li><a href=\"https:\/\/www.palunabi.ee\/\" target=\"_blank\" rel=\"noopener\">https:\/\/www.palunabi.ee\/<\/a> \u2012 ohvriabi veebileht, kus v\u00f5imalik saada chat\u2019is n\u00f5ustamist<\/li>\n<li><a href=\"https:\/\/seksuaaltervis.ee\/info\/14poleokei\" target=\"_blank\" rel=\"noopener\">https:\/\/seksuaaltervis.ee\/info\/14poleokei<\/a> \u2012 Eesti seksuaaltervise liidu infoleht eestk\u00e4tt noortele<\/li>\n<li><a href=\"http:\/\/www.lasteabi.ee\/\" target=\"_blank\" rel=\"noopener\">www.lasteabi.ee<\/a> \u2012 lasteabi veebileht, kus v\u00f5imalik saada chat\u2019is n\u00f5u<\/li>\n<li><a href=\"https:\/\/eadse.ee\/vihjeliin\/\" target=\"_blank\" rel=\"noopener\">https:\/\/eadse.ee\/vihjeliin\/<\/a> \u2012 abiks spordivaldkonnaga seotud teemade puhul<\/li>\n<\/ul>\n<h2>Seksuaalv\u00e4givald<\/h2>\n<p><strong>Maailma Terviseorganisatsiooni definitsiooni kohaselt on seksuaalvagivald igasugune seksuaalvahekord v\u00f5i seksuaalvahekorda astumise katse, soovimatud seksuaalse alatooniga m\u00e4rkused v\u00f5i l\u00e4henemiskatsed v\u00f5i muul moel isiku seksuaalsuse vastu sunni abil toimepandud teod teise isiku poolt s\u00f5ltumata tema suhtest ohvriga \u00fcksk\u00f5ik millises kohas, sh kodus, t\u00f6\u00f6l v\u00f5i mujal.<\/strong><\/p>\n<p>Seksuaalv\u00e4givallale on iseloomulik, et see ei p\u00f5hine vastastikusel kokkuleppel. N\u00f6 \u201cn\u00f5usolek\u201d<span lang=\"ET\"><span style=\"line-height: 115%;\"> (ingl. k.<i> false agreement<\/i>) seksuaaltegevuseks v\u00f5idakse saavutada kehalise v\u00e4givallaga v\u00f5i sellega \u00e4hvardamisega, hirmutamisega, ps\u00fchholoogilise survestamisega, manipuleerimisega v\u00f5i v\u00e4ljapressimisega, kasust ilmaj\u00e4tmise \u00e4hvardustega (nt edutamine t\u00f6\u00f6l, hea hinne jmt). Peale selle, vaba n\u00f5usolekut seksuaaltegevuseks ei ole suutelised andma ka abitus seisundis inimesed (haiged, alkoholi v\u00f5i teiste uimastite m\u00f5ju all, intellektipuudega). Sellisel juhul ei m\u00f5isteta toimunu t\u00e4hendust ega ei olda v\u00f5imelised v\u00e4ljendama oma n\u00f5usolekut v\u00f5i keeldumist. Sellistes tingimustes saavutatud \u201cn\u00f5usolek\u201d ei v\u00f5rdu vabalt antud n\u00f5usolekuga ja selline seksuaaltegevus ei ole konsensuslik.<\/span><\/span><\/p>\n<p><span lang=\"ET\"><span style=\"line-height: 115%;\">Seksuaalv\u00e4givald on nii v\u00e4gistamine (sh kooselus, kohtingul ja v\u00f5\u00f5raste poolt) kui ka muudest seksuaaltoimingutest osa v\u00f5tma sundimine. Seksuaalv\u00e4givalla \u00fcks vorme on seksuaalne ahistamine (ingl. k.<i> sexual harassment<\/i>) \u2013 so mis tahes soovimatu s\u00f5naline, mittes\u00f5naline v\u00f5i f\u00fc\u00fcsiline seksuaalse olemusega k\u00e4itumine v\u00f5i tegevus, mille eesm\u00e4rk v\u00f5i tegelik toime on isiku v\u00e4\u00e4rikuse alandamine luues h\u00e4iriva, \u00e4hvardava, vaenuliku, halvustava, alandava v\u00f5i solvava \u00f5hkkonna (Euroopa Parlamendi ja N\u00f5ukogu direktiiv 2006\/54\/E\u00dc). Seksuaalv\u00e4givallaks loetakse ka prostitutsioonile sundimist, inimkaubandust seksuaalse ekspluateerimise eesm\u00e4rgil, sunniviisilist pornograafia tootmises osalemist, laste seksuaalset \u00e4rakasutamist, sundabielusid (sh laste abielusid), sunniviisilist rasedust, <\/span><\/span>aborti v\u00f5i steriliseerimist, neitsilikkuse t\u00f5estamise sundi, naiste suguelundite moonutamist (mutilatsiooni) ja muid, peamiselt naistevastase v\u00e4givalla ilmingud.<\/p>\n<p><span style=\"line-height: 150%;\"><span style=\"line-height: 150%;\">Eestis on loodud <strong>seksuaalv\u00e4givalla kriisiabikeskused\u00a0(SAK)\u00a0<\/strong>alates 2016. aasta maist L\u00e4\u00e4ne-Tallinna Keskhaiglas ja Tartu \u00dclikooli Kliinikumis ning 2018 jaanuarist P\u00e4rnu Haiglas ja Ida-Viru Keskhaiglas.<\/span><\/span><\/p>\n<h2>\u00a0Kasulikud v\u00e4ljaanded:<\/h2>\n<ul>\n<li><a href=\"https:\/\/sisu.ut.ee\/wp-content\/uploads\/sites\/336\/kohtinguvagivalla_ennetamise_pilootprojekti_tulemused.pdf\" target=\"_blank\" rel=\"noopener\" data-fid=\"45148\">Noortele suunatud kohtinguv\u00e4givalla m\u00f5ju uuring (2016)<\/a>.<\/li>\n<li><a href=\"https:\/\/sisu.ut.ee\/wp-content\/uploads\/sites\/336\/sv_levimus_ja_hoiakud_eestis.pdf\" target=\"_blank\" rel=\"noopener\" data-fid=\"45149\">Seksuaalv\u00e4givalla levimus ja hoiakud Eestis: uuringute \u00fclevaade (2015)<\/a>.<\/li>\n<\/ul>\n<h2>\u00d5ppe- ja juhendmaterjalid:<\/h2>\n<ul>\n<li><a href=\"https:\/\/sisu.ut.ee\/wp-content\/uploads\/sites\/336\/sv_ohvrite_abistamise_juhend.pdf\" target=\"_blank\" rel=\"noopener\" data-fid=\"45150\">Seksuaalv\u00e4givalla ohvrite abistamise juhend meedikutele (teine tr\u00fckk) (2018)<\/a>.<\/li>\n<\/ul>\n","protected":false},"excerpt":{"rendered":"<p>Seksuaalv\u00e4givalla kriisiabikeskused ja muu abi seksuaalv\u00e4givalla korral Kui seksuaalv\u00e4givalla juhtumist on m\u00f6\u00f6das v\u00e4hem kui 7-8 \u00f6\u00f6p\u00e4eva, soovitame p\u00f6\u00f6rduda alati l\u00e4himasse SAKi ehk seksuaalv\u00e4givalla kriisiabikeskusesse v\u00f5i helistada ohvriabi kriisitelefonile 116006 abi ja n\u00f5u k\u00fcsimiseks. Seksuaalv\u00e4givalla kriisiabikeskused ehk SAKid asuvad neljas Eesti &#8230;<\/p>\n","protected":false},"author":4,"featured_media":0,"parent":0,"menu_order":0,"comment_status":"closed","ping_status":"closed","template":"","meta":{"_acf_changed":false,"inline_featured_image":false,"footnotes":""},"class_list":["post-77","page","type-page","status-publish","hentry"],"acf":[],"_links":{"self":[{"href":"https:\/\/sisu.ut.ee\/suk\/wp-json\/wp\/v2\/pages\/77","targetHints":{"allow":["GET"]}}],"collection":[{"href":"https:\/\/sisu.ut.ee\/suk\/wp-json\/wp\/v2\/pages"}],"about":[{"href":"https:\/\/sisu.ut.ee\/suk\/wp-json\/wp\/v2\/types\/page"}],"author":[{"embeddable":true,"href":"https:\/\/sisu.ut.ee\/suk\/wp-json\/wp\/v2\/users\/4"}],"replies":[{"embeddable":true,"href":"https:\/\/sisu.ut.ee\/suk\/wp-json\/wp\/v2\/comments?post=77"}],"version-history":[{"count":3,"href":"https:\/\/sisu.ut.ee\/suk\/wp-json\/wp\/v2\/pages\/77\/revisions"}],"predecessor-version":[{"id":473,"href":"https:\/\/sisu.ut.ee\/suk\/wp-json\/wp\/v2\/pages\/77\/revisions\/473"}],"wp:attachment":[{"href":"https:\/\/sisu.ut.ee\/suk\/wp-json\/wp\/v2\/media?parent=77"}],"curies":[{"name":"wp","href":"https:\/\/api.w.org\/{rel}","templated":true}]}}