{"id":56,"date":"2024-04-04T04:49:02","date_gmt":"2024-04-04T01:49:02","guid":{"rendered":"https:\/\/sisu.ut.ee\/suk\/avaandmed\/"},"modified":"2024-04-10T07:07:07","modified_gmt":"2024-04-10T04:07:07","slug":"avaandmed","status":"publish","type":"page","link":"https:\/\/sisu.ut.ee\/suk\/avaandmed\/","title":{"rendered":"Seksuaalv\u00e4givalla avaandmed"},"content":{"rendered":"<p>Andmed p\u00e4rinevad Tartu \u00dclikooli seksuaalv\u00e4givalla kriisiabikeskuste andmekogust\u00a0(Tartu \u00dclikooli eetikakomitee luba 294\/T-8, 17.06.2019) ja arvjoonised on loodud Tartu \u00dclikooli arengufondi eksperimentaalarengu projekti raames 2021-2022. Andmeid uuendame j\u00e4rjepidevalt. Seksuaalv\u00e4givalla kriisiabikeskustest loe <a title=\"\" href=\"https:\/\/sisu.ut.ee\/suk\/seksuaalv%C3%A4givald\" target=\"_blank\" rel=\"noopener\" data-url=\"https:\/\/sisu.ut.ee\/suk\/seksuaalv%C3%A4givald\">siit<\/a>.<\/p>\n\n\n<div class=\"video-placeholder-wrapper p-10\">\n\t\t\t    <div class=\"video-placeholder d-flex justify-content-center align-items-center\">\n\t\t\t        <div class=\"overlay text-white p-2 w-100 text-center d-block justify-content-center align-items-center\">\n\t\t\t            <div>Kolmandate osapoolte sisu n\u00e4gemiseks palun n\u00f5ustu k\u00fcpsistega.<\/div>\n\t\t\t            <button class=\"btn btn-secondary btn-sm mt-1 consent-change\">Muuda n\u00f5usolekut<\/button>\n\t\t\t        <\/div>\n\t\t\t    <\/div>\n\t\t\t<\/div>\n\n\n\n<p><\/p>\n\n\n\n<div style=\"padding: 8px 0; font-family: Arial!important; font-size: 13px!important; line-height: 15px!important; text-align: center; border-top: 1px solid #dadada; margin: 0 30px;\">\u00a0<\/div>\n\n\n<div class=\"video-placeholder-wrapper p-10\">\n\t\t\t    <div class=\"video-placeholder d-flex justify-content-center align-items-center\">\n\t\t\t        <div class=\"overlay text-white p-2 w-100 text-center d-block justify-content-center align-items-center\">\n\t\t\t            <div>Kolmandate osapoolte sisu n\u00e4gemiseks palun n\u00f5ustu k\u00fcpsistega.<\/div>\n\t\t\t            <button class=\"btn btn-secondary btn-sm mt-1 consent-change\">Muuda n\u00f5usolekut<\/button>\n\t\t\t        <\/div>\n\t\t\t    <\/div>\n\t\t\t<\/div>\n\n\n\n<p><\/p>\n\n\n\n<div style=\"padding: 8px 0; font-family: Arial!important; font-size: 13px!important; line-height: 15px!important; text-align: center; border-top: 1px solid #dadada; margin: 0 30px;\">\u00a0<\/div>\n\n\n<div class=\"video-placeholder-wrapper p-10\">\n\t\t\t    <div class=\"video-placeholder d-flex justify-content-center align-items-center\">\n\t\t\t        <div class=\"overlay text-white p-2 w-100 text-center d-block justify-content-center align-items-center\">\n\t\t\t            <div>Kolmandate osapoolte sisu n\u00e4gemiseks palun n\u00f5ustu k\u00fcpsistega.<\/div>\n\t\t\t            <button class=\"btn btn-secondary btn-sm mt-1 consent-change\">Muuda n\u00f5usolekut<\/button>\n\t\t\t        <\/div>\n\t\t\t    <\/div>\n\t\t\t<\/div>\n\n\n\n<p><\/p>\n\n\n\n<div style=\"padding: 8px 0; font-family: Arial!important; font-size: 13px!important; line-height: 15px!important; text-align: center; border-top: 1px solid #dadada; margin: 0 30px;\">\u00a0<\/div>\n\n\n\n<script>!function(e,i,n,s){var t=\"InfogramEmbeds\",d=e.getElementsByTagName(\"script\")[0];if(window[t]&&window[t].initialized)window[t].process&&window[t].process();else if(!e.getElementById(n)){var o=e.createElement(\"script\");o.async=1,o.id=n,o.src=\"https:\/\/e.infogram.com\/js\/dist\/embed-loader-min.js\",d.parentNode.insertBefore(o,d)}}(document,0,\"infogram-async\");<\/script>\n","protected":false},"excerpt":{"rendered":"<p>Andmed p\u00e4rinevad Tartu \u00dclikooli seksuaalv\u00e4givalla kriisiabikeskuste andmekogust\u00a0(Tartu \u00dclikooli eetikakomitee luba 294\/T-8, 17.06.2019) ja arvjoonised on loodud Tartu \u00dclikooli arengufondi eksperimentaalarengu projekti raames 2021-2022. Andmeid uuendame j\u00e4rjepidevalt. Seksuaalv\u00e4givalla kriisiabikeskustest loe siit. Kolmandate osapoolte sisu n\u00e4gemiseks palun n\u00f5ustu k\u00fcpsistega. Muuda n\u00f5usolekut \u00a0 &#8230;<\/p>\n","protected":false},"author":4,"featured_media":0,"parent":0,"menu_order":0,"comment_status":"closed","ping_status":"closed","template":"","meta":{"_acf_changed":false,"inline_featured_image":false,"footnotes":""},"class_list":["post-56","page","type-page","status-publish","hentry"],"acf":[],"_links":{"self":[{"href":"https:\/\/sisu.ut.ee\/suk\/wp-json\/wp\/v2\/pages\/56","targetHints":{"allow":["GET"]}}],"collection":[{"href":"https:\/\/sisu.ut.ee\/suk\/wp-json\/wp\/v2\/pages"}],"about":[{"href":"https:\/\/sisu.ut.ee\/suk\/wp-json\/wp\/v2\/types\/page"}],"author":[{"embeddable":true,"href":"https:\/\/sisu.ut.ee\/suk\/wp-json\/wp\/v2\/users\/4"}],"replies":[{"embeddable":true,"href":"https:\/\/sisu.ut.ee\/suk\/wp-json\/wp\/v2\/comments?post=56"}],"version-history":[{"count":4,"href":"https:\/\/sisu.ut.ee\/suk\/wp-json\/wp\/v2\/pages\/56\/revisions"}],"predecessor-version":[{"id":223,"href":"https:\/\/sisu.ut.ee\/suk\/wp-json\/wp\/v2\/pages\/56\/revisions\/223"}],"wp:attachment":[{"href":"https:\/\/sisu.ut.ee\/suk\/wp-json\/wp\/v2\/media?parent=56"}],"curies":[{"name":"wp","href":"https:\/\/api.w.org\/{rel}","templated":true}]}}