{"id":11,"date":"2024-04-04T04:48:58","date_gmt":"2024-04-04T01:48:58","guid":{"rendered":"https:\/\/sisu.ut.ee\/suk\/meie-uuringud\/"},"modified":"2024-05-30T12:56:58","modified_gmt":"2024-05-30T09:56:58","slug":"meie-uuringud","status":"publish","type":"page","link":"https:\/\/sisu.ut.ee\/suk\/meie-uuringud\/","title":{"rendered":"Meie uuringud"},"content":{"rendered":"<p style=\"margin-bottom: 8.0pt;\"><span style=\"background: white;\"><span style=\"line-height: 107%;\"><span style=\"line-height: 107%;\">Siit leiate info meie poolt l\u00e4bi viidud uuringute ja uuringutulemuste kohta.<\/span><\/span><\/span><\/p>\n<h2 style=\"margin-bottom: 8pt;\">Eesti naiste tervise uuring 2024<\/h2>\n<p>Taaskord p\u00f6\u00f6rdume\u00a0Eesti naiste poole, et saada \u00fclevaade t\u00e4na Eesti 16\u201359-aastaste naiste seksuaal- ja reproduktiivtervist\u00a0m\u00f5jutavatest teguritest, naiste vajadustest ja kogemustest\u00a0kasutades v\u00f5rdlusandmestikuna varasemalt\u00a0<a title=\"\" href=\"https:\/\/sisu.ut.ee\/naisteterviseuuring\/uuringu-tulemused\" data-url=\"https:\/\/sisu.ut.ee\/naisteterviseuuring\/uuringu-tulemused\">2004. a ja 2014. aastal sama metoodikaga l\u00e4bi viidud uuringute tulemusi<\/a>.<\/p>\n<p><span style=\"line-height: 115%;\">Uuringu l\u00e4biviija on T\u00dc kliinilise medisiini instituudi <strong>naistekliinik <\/strong>ja seda finantseerib <strong>sotsiaalministeerium <\/strong>riigieelarvelise toetusena.\u00a0<\/span>Uuringu l\u00e4biviimiseks on koosk\u00f5lastus Tartu \u00dclikooli inimuuringute eetika komiteelt 384\/T-3 (20.11.2023).<\/p>\n<p>Uurimist\u00f6\u00f6 <strong>peamine eesm\u00e4rk<\/strong> on saada \u00fclevaade Eesti 16\u201359-aastaste naiste seksuaal- ja reproduktiivtervisest (SRT) ja sellega seotud teguritest. Hindame muutusi viimase 20 aasta jooksul kasutades selleks v\u00f5rdlusandmestikuna varasemalt aastatel 2004 ja 2014 sarnase metoodikaga l\u00e4bi viidud uuringute tulemusi.<\/p>\n<p>Alaeesm\u00e4rkideks on:<\/p>\n<ol>\n<li class=\"MsoNoSpacing\">Anal\u00fc\u00fcsida SRT indikaatoreid (sh rasestumisvastaste vahendite kasutamine, raseduse katkestamine, viljatuse levimus) ning hinnata suundumusi 20 aasta jooksul.<\/li>\n<li class=\"MsoNoSpacing\">Anal\u00fc\u00fcsida naiste SRTga seotud tegureid (sh sotsiaaldemograafilised n\u00e4itajad, majanduslik toimetulek, v\u00e4givalla kogemine, seksuaalhariduse saamine, kahjulikud harjumused, tervise ja sooga seotud hoiakud, menstruatsiooniga seotud piirangud).<\/li>\n<li class=\"MsoNoSpacing\">Hinnata SRTga seotud teenuste kasutamist, k\u00e4ttesaadavust, rahulolu, barj\u00e4\u00e4re ja muutusi ajas (sh eriarstiabi ja esmatasandi tervishoid, rasestumisvastaste vahendite valikuga seotud n\u00f5ustamine, raseduse katkestamine, viljatusravi).<\/li>\n<li class=\"MsoNoSpacing\">Anal\u00fc\u00fcsida lastesaamisplaane ja neid m\u00f5jutavaid tegureid.<\/li>\n<li class=\"MsoNoSpacing\">Anal\u00fc\u00fcsida \u00fcleminekua\/menopausiga seotud teadmisi, s\u00fcmptomeid, hoiakuid.<\/li>\n<li class=\"MsoNoSpacing\">Hinnata COVID-19 pandeemia tajutud m\u00f5ju seksuaaltervisega seotud otsustele ning teenuste k\u00e4ttesaadavusele ja kasutamisele.<\/li>\n<\/ol>\n<p class=\"MsoNoSpacing\"><span style=\"line-height: normal;\">Uurimist\u00f6\u00f6 teostamise aeg on 01.01.2024\u201330.06.2024. <\/span><\/p>\n<p class=\"MsoNoSpacing\">Vt l\u00e4hemalt <a title=\"\" href=\"https:\/\/sisu.ut.ee\/naisteterviseuuring\/avaleht\" target=\"_blank\" rel=\"noopener\" data-url=\"https:\/\/sisu.ut.ee\/naisteterviseuuring\/avaleht\">uuringu kodulehelt.<\/a><\/p>\n<h2>Seksuaalv\u00e4givalla kriisiabikeskuste andmekogu 2020-2029<\/h2>\n<p style=\"margin-left: 40px;\">Tartu \u00dclikooli\u00a0meditsiinivaldkonna seksuaaltervise uuringute keskuses loodud Eesti seksuaalv\u00e4givalla kriisiabikeskuste (SAK) andmekogu isikustatud andmete prospektiivseks kogumiseks k\u00fcmne aasta jooksul 2020-2029, isikustamata andmed on andmekogusse sisestatud aastate 2017-2019 kohta (T\u00dc eetikakomitee luba 294\/T-8, 17.06. 2019). Andmekogu paikneb REDCap platvormil.<\/p>\n<p style=\"margin-left: 40px;\">Uurimist\u00f6\u00f6 peamine eesm\u00e4rk on<b> <\/b>pikaajaline prospektiivne andmete kogumine SAK andmekogusse ja anal\u00fc\u00fcsimine seksuaalv\u00e4givalla kriisiabi keskustesse (SAK) p\u00f6\u00f6rdunute poolt kogetud seksuaalv\u00e4givalla kohta ja patsientidele osutatud teenuste kohta standardiseeritud protokollide p\u00f5hjal Eestis.<\/p>\n<p style=\"margin-left: 40px;\">Alaeesm\u00e4rgid on:<\/p>\n<p style=\"margin-left: 40px;\">1) Selgitada v\u00e4lja SAKide pakutava abi vastavus ohvri vajadustele ja parandada abi kvaliteeti t\u00f6\u00f6tades v\u00e4lja seksuaalv\u00e4givalla ohvrite kohtlemise parimad tegevusmudelid.<\/p>\n<p style=\"margin-left: 40px;\">2)\u00a0<span style=\"line-height: normal;\">Anal\u00fc\u00fcsida seksuaalv\u00e4givallast tingitud tervisem\u00f5jusid ja ravij\u00e4rgimust p\u00e4rast SAKi p\u00f6\u00f6rdumist.\u00a0<\/span><\/p>\n<p style=\"margin-left: 40px;\"><span style=\"line-height: normal;\">3) Vahendada informatsiooni keskuste vahel ja edasta informatsiooni erinevatele seksuaalv\u00e4givallaga tegelevatele institutsioonidele.\u00a0<\/span><\/p>\n<p style=\"margin-left: 40px;\"><span style=\"line-height: normal;\"><span style=\"line-height: normal;\">4) Selgitada v\u00e4lja peamised teadusuuringute k\u00fcsimused ja olla ressursiks teadusuuringutele.<\/span><\/span><\/p>\n<p style=\"margin-left: 40px;\"><span style=\"line-height: normal;\"><span style=\"line-height: normal;\">5) <\/span>V\u00f5rrelda andmeid teiste maadega (P\u00f5hjamaad).<\/span><\/p>\n<p style=\"margin-left: 40px;\"><strong>Uuringu meeskond:<\/strong><\/p>\n<p style=\"margin-left: 40px;\">Made Laanpere\u00a0(vastutav uurija), Kai Part (kaasuurija), Aigar Ottas (andmebaasi koordinaator).<\/p>\n<p style=\"margin-left: 40px;\"><strong>Andmebaasi avaandmed:\u00a0<\/strong>eiate <a title=\"\" href=\"https:\/\/sisu.ut.ee\/suk\/avaandmed\" target=\"_blank\" rel=\"noopener\" data-url=\"https:\/\/sisu.ut.ee\/suk\/avaandmed\">siit<\/a>.<\/p>\n<h2>Eesti naiste tervise uuring 2014<\/h2>\n<p style=\"margin-left: 40px;\">Eesti naisrahvastiku seksuaalse ja reproduktiivse riskik\u00e4itumise m\u00f5jurid, suundumused, ennetus- ja sekkumisv\u00f5imalused (ESTRE).\u00a0 <a title=\"\" href=\"https:\/\/sisu.ut.ee\/naisteterviseuuring\/\" target=\"_blank\" rel=\"noopener\" data-url=\"https:\/\/sisu.ut.ee\/naisteterviseuuring\/\">https:\/\/sisu.ut.ee\/naisteterviseuuring\/<\/a><\/p>\n<p style=\"margin-left: 40px;\">Uuringu eesm\u00e4rk on hinnata Eesti viljakas eas naiste seksuaal- ja reproduktiivtervise ja -k\u00e4itumise erinevaid tahke, mis puudutavad seksuaalsuhteid, rasedust ja s\u00fcnnitust, lastesaamisplaane m\u00f5jutavaid tegureid, rasedusest hoidumist, viljatust ja rahulolu seksuaaltervise teenustega ning hinnata suundumusi 10 aasta jooksul aset leidnud vastavaid suundumusi.Uuring viidi l\u00e4bi posti- ja veebik\u00fcsitlusena 2015.aastal. L\u00f5plikuks vastamism\u00e4\u00e4raks kujunes 47,0%.<\/p>\n<p style=\"margin-left: 40px;\"><strong>Uuringu meeskond:<\/strong><\/p>\n<p style=\"margin-left: 40px;\">Helle Karro (vastutav uurija), Mati Rahu, Made Laanpere, Kai Part, Inge Ringmets, K\u00e4rt Allvee, Kai Haldre, Hedda Lippus, meeskonda abistasid arstiteaduse \u00fcli\u00f5pilased Liina-Kadi Junkin ja Miina Hint.<\/p>\n<p style=\"margin-left: 40px;\"><strong>Uuringu aruanne:<\/strong><\/p>\n<ul style=\"margin-left: 40px;\">\n<li style=\"margin-left: 40px;\">Lippus H, Laanpere M, Part K, Ringmets I, Rahu M, Haldre K, Allvee K, Karro H. Eesti Naiste Tervis 2014: seksuaal- ja reproduktiivtervis, tervisek\u00e4itumine, hoiakud ja terviseteenuste kasutamine. Uurimisaruanne \u2013 Estonian Women\u2019s Health 2014: sexual and reproductive health, health behaviour, attitudes and use of healthcare services. Survey report. Tartu: Tartu \u00dclikooli Kirjastus, 2015.\u00a0 <a title=\"\" href=\"https:\/\/sisu.ut.ee\/sites\/default\/files\/naisteterviseuuring\/files\/uusestre2014_loppraport.pdf\" target=\"_blank\" rel=\"noopener\" data-url=\"https:\/\/sisu.ut.ee\/sites\/default\/files\/naisteterviseuuring\/files\/uusestre2014_loppraport.pdf\">https:\/\/sisu.ut.ee\/sites\/default\/files\/naisteterviseuuring\/files\/uusestre2014_loppraport.pdf<\/a><\/li>\n<\/ul>\n<h2>Eesti naiste tervise uuring 2004<\/h2>\n<p style=\"margin-bottom: 8pt; margin-left: 40px;\"><span style=\"background: white;\"><span style=\"line-height: 107%;\"><span style=\"line-height: 107%;\">EESTI NAISTE TERVIS: seksuaal- ja reproduktiivtervis, tervisek\u00e4itumine, hoiakud ja tervishoiuteenuste kasutamine.\u00a0 <\/span><\/span><\/span><a title=\"\" href=\"https:\/\/sisu.ut.ee\/naisteterviseuuring\/publikatsioonid2004\" target=\"_blank\" rel=\"noopener\" data-url=\"https:\/\/sisu.ut.ee\/naisteterviseuuring\/publikatsioonid2004\">https:\/\/sisu.ut.ee\/naisteterviseuuring\/publikatsioonid2004<\/a><\/p>\n<p style=\"margin-bottom: 8pt; margin-left: 40px;\"><span style=\"background: white;\"><span style=\"line-height: 107%;\"><span style=\"line-height: 107%;\">Uuringu eesm\u00e4rk oli hinnata Eesti naiste seksuaal- ja reproduktiivtervist ning vastavat k\u00e4itumist. P\u00fcstitatud eesm\u00e4rgi t\u00e4itmiseks tehti 16\u201344-aastaste naiste hulgas l\u00e4bil\u00f5ikeline k\u00fcsitlusuuring, et saada teada, kuidas Eesti naised kirjeldavad ja hindavad oma seksuaal- ja reproduktiivk\u00e4itumist, millised on hoiakud, lastesaamisplaanid ja neid m\u00f5jutavad tegurid ning millised on kogemused tervishoiuteenuste kasutamisel. Uuring viidi l\u00e4bi postik\u00fcsitlusena 2004.aasta teisel poolel ja 2005 aasta alguses. L\u00f5plikuks vastamism\u00e4\u00e4raks kujunes 53,8%. <\/span><\/span><\/span><\/p>\n<p style=\"margin-left: 40px;\">Uuringut rahastasid Eesti Teadusfond, Soome Sotsiaal- ja Tervishoiu Uurimis- ja Arenduskeskus (STAKES), Eesti Haridus- ja Teadusministeerium ja Baltic Sea Task Force (PHC030).<\/p>\n<p style=\"margin-left: 40px;\"><strong>Uuringu meeskond:<\/strong><\/p>\n<p style=\"margin-left: 40px;\">Helle Karro (vastutav uurija), Mati Rahu, Made Laanpere, Kai Part, Kai Haldre, Kaja Rahu, meeskonda abistasid Ilmar Part, Ilona Larina, Maire Alnek, Maie Piiroja, arstiteadus\u00fcli\u00f5pilaste seltsi \u00fcli\u00f5pilased.<\/p>\n<p style=\"margin-left: 40px;\"><strong>Uuringu aruanne:<\/strong><\/p>\n<ul style=\"margin-left: 40px;\">\n<li style=\"margin-left: 40px;\">Part K, Laanpere M, Rahu K, Haldre K, Rahu M, Karro H. Eesti Naiste Tervis: seksuaal- ja reproduktiivtervis, tervisek\u00e4itumine, hoiakud ja terviseteenuste kasutamine. Tartu: Tartu \u00dclikooli Naistekliinik, 2007. <a href=\"https:\/\/sisu.ut.ee\/sites\/default\/files\/naisteterviseuuring\/files\/2004_raport.pdf\">https:\/\/sisu.ut.ee\/sites\/default\/files\/naisteterviseuuring\/files\/2004_raport.pdf<\/a><\/li>\n<\/ul>\n<h2>Registrip\u00f5hised uuringud<\/h2>\n<p style=\"margin-bottom: 8pt; margin-left: 40px;\"><span style=\"background: white;\"><span style=\"line-height: 107%;\"><span style=\"line-height: 107%;\">Eestis on olemas meditsiiniline s\u00fcnniregister (alates 1991) ja raseduskatkestusandmekogu (alates 1994) <\/span><\/span><\/span><a title=\"\" href=\"https:\/\/www.tai.ee\/et\/tegevused\/registrid\/meditsiiniline-sunniregister-ja-raseduskatkestusandmekogu\" target=\"_blank\" rel=\"noopener\" data-url=\"https:\/\/www.tai.ee\/et\/tegevused\/registrid\/meditsiiniline-sunniregister-ja-raseduskatkestusandmekogu\"><span style=\"line-height: 107%;\"><span style=\"color: #1155cc;\">https:\/\/www.tai.ee\/et\/tegevused\/registrid\/meditsiiniline-sunniregister-ja-raseduskatkestusandmekogu<\/span><\/span><\/a><\/p>\n<p style=\"margin-bottom: 8pt; margin-left: 40px;\"><span style=\"background: white;\"><span style=\"line-height: 107%;\"><span style=\"line-height: 107%;\">mille andmete p\u00f5hjal on <strong>avaldatud artiklid:<\/strong><\/span><\/span><\/span><\/p>\n<ul style=\"margin-left: 40px;\">\n<li style=\"margin-bottom: 8pt; margin-left: 40px;\"><span style=\"background: white;\"><span style=\"line-height: 107%;\"><span style=\"background: white;\"><span style=\"line-height: 107%;\">Laanpere M, Ringmets I, Part K, Allvee K, Veerus P, Karro H. Abortion trends from 1996 to 2011 in Estonia: special emphasis on repeat abortion. BMC Womens Health 2014;14, 81. <\/span><\/span><\/span><\/span><a title=\"\" href=\"https:\/\/www.ncbi.nlm.nih.gov\/pubmed\/25005363\" target=\"_blank\" rel=\"noopener\" data-url=\"https:\/\/www.ncbi.nlm.nih.gov\/pubmed\/25005363\"><span style=\"background: white;\"><span style=\"line-height: 107%;\"><span style=\"color: #1155cc;\">https:\/\/www.ncbi.nlm.nih.gov\/pubmed\/25005363<\/span><\/span><\/span><\/a><\/li>\n<li style=\"margin-bottom: 8pt; margin-left: 40px;\"><span style=\"background: white;\"><span style=\"line-height: 107%;\"><span style=\"background: white;\"><span style=\"line-height: 107%;\">Karro H. Meditsiinilised s\u00fcnniregistrid P\u00f5hjamaades ja Eestis. Eesti Arst 1995;74(5),435\u2212441.<\/span><\/span><\/span><\/span><\/li>\n<\/ul>\n<h2>REPROSTAT<\/h2>\n<p style=\"margin-bottom: 8pt; margin-left: 40px;\"><span style=\"background: white;\"><span style=\"line-height: 107%;\"><span style=\"line-height: 107%;\">Osalesime REPROSTAT-3 uuringus, <\/span><\/span><\/span><span style=\"line-height: 107%;\"><span style=\"color: #1155cc;\"><a title=\"\" href=\"https:\/\/www.tandfonline.com\/doi\/abs\/10.3109\/13625187.2011.607690?journalCode=iejc20\" target=\"_blank\" rel=\"noopener\" data-url=\"https:\/\/www.tandfonline.com\/doi\/abs\/10.3109\/13625187.2011.607690?journalCode=iejc20\">https:\/\/www.tandfonline.com\/doi\/abs\/10.3109\/13625187.2011.607690?journalCode=iejc20<\/a>,\u00a0<\/span><\/span><span style=\"background: white;\"><span style=\"line-height: 107%;\"><span style=\"line-height: 107%;\">milles v\u00f5rreldi 27 Euroopa Liidu riigi reproduktiivtervise n\u00e4itajaid. Anal\u00fc\u00fcsisime teismeliste raseduste andmeid Euroopa Liidus. Uuringus osalesid Helle Karro ja Kai Part.<\/span><\/span><\/span><\/p>\n<p style=\"margin-bottom: 8pt; margin-left: 40px;\"><strong><span style=\"background: white;\"><span style=\"line-height: 107%;\"><span style=\"line-height: 107%;\">Avaldatud artikkel:<\/span><\/span><\/span><\/strong><\/p>\n<ul style=\"margin-left: 40px;\">\n<li style=\"margin-bottom: 8pt; margin-left: 40px;\"><span style=\"background: white;\"><span style=\"line-height: 107%;\"><span style=\"background: white;\"><span style=\"line-height: 107%;\">Part K, Moreau C, Donati S, Gissler M, Fronteira I, Karro H. Teenage pregnancies in the European Union in the context of legislation and youth sexual and reproductive health services. Acta Obstetricia et Gynecologica Scandinavica 2013;92(12), 1395\u22121406. <\/span><\/span><\/span><\/span><a title=\"\" href=\"https:\/\/www.ncbi.nlm.nih.gov\/pubmed\/24004102\" target=\"_blank\" rel=\"noopener\" data-url=\"https:\/\/www.ncbi.nlm.nih.gov\/pubmed\/24004102\"><span style=\"background: white;\"><span style=\"line-height: 107%;\"><span style=\"color: #1155cc;\">https:\/\/www.ncbi.nlm.nih.gov\/pubmed\/24004102<\/span><\/span><\/span><\/a><\/li>\n<\/ul>\n<h2>BIDENS\u00a0uuring (EL Daphne projekt).\u00a0The BIDENS study: a six country study on violence, life events and mode of delivery. Pregnancy and childbirth \u2013 joy and fear.<\/h2>\n<p style=\"margin-left: 40px;\"><span style=\"line-height: 150%;\">K\u00e4eoleva uurimist\u00f6\u00f6 peamine eesm\u00e4rk oli\u00a0anal\u00fc\u00fcsida tegureid, sh v\u00e4givalla kogemust, mis v\u00f5ivad esile kutsuda s\u00fcnnitushirmu ja seel\u00e4bi m\u00f5jutada s\u00fcnnitusviisi.\u00a0<\/span>Uuring viidi 2010-2102 l\u00e4bil\u00f5ikelise uuringuna kuues riigis rasedate hulgas, Eestis osales 4 raviasutust.<\/p>\n<p style=\"margin-left: 40px;\"><strong>Avaldatud artiklid:\u00a0<\/strong><\/p>\n<ul style=\"margin-left: 40px;\">\n<li style=\"margin-left: 40px;\">Wangel AM., Ryding EL., Schei B., \u00d6stman M., Lukasse M., Belgium Iceland Denmark Estonia Norway and Sweden (BIDENS) Group (Autorite grupp: Karro H., Laanpere M.) (2016). Emotional, physical, and sexual abuse and the association with symptoms of depression and posttraumatic stress in a multi-ethnic pregnant population in southern Sweden. Sexual &amp; Reproductive Healthcare, 9, 7\u221213.<\/li>\n<li style=\"margin-left: 40px;\">Lukasse, M.; Laanpere, M.; Karro, H.; Kristjansdottir, H.; Schroll, AM.; Van Parys, AS.; Wangel, AM.; Schei, B. (2015). Pregnancy intendedness and the association with physical, sexual and emotional abuse \u2013 a European multi-country cross-sectional study. BMC Pregnancy and Childbirth, 15 (120), 120.<\/li>\n<li style=\"margin-left: 40px;\">Schei, B; Lukasse, M; Ryding, EL; Campbell, J; Karro, H; Kristjansdottir, H; Laanpere, M; Schroll, AM; Tabor, A; Temmerman, M; Van Parys, AS; Wangel, AM; Steingrimsdottir, T (2014). A history of abuse and operative delivery \u2013 results from a European multi-country cohort study. PLOS ONE, 9 (1), e87579.<\/li>\n<li style=\"margin-left: 40px;\">Lukasse M, Schei B, Ryding EL; Bidens Study Group \u00a0(2014). Prevalence and associated factors of fear of childbirth in six European countries. Sexual &amp; Reproductive Healthcare, 99\u2212106.<\/li>\n<li style=\"margin-left: 40px;\">Lukasse, M.; Schroll, AM.; Ryding, EL.; Campbell, J.; Karro, H.; Kristjansdottir, H.; Laanpere, M.; Steingrimsdottir, T.; Tabor, A.; Temmerman, M.; Van Parys, A.; Wangel, AM,: Schei, B. (2014). Prevalence of emotional, physical and sexual abuse among pregnant women in six European countries. Acta Obstetricia et Gynecologica Scandinavica, 93 (7), 669\u2212677.<\/li>\n<li style=\"margin-left: 40px;\">Wangel, AM.; Schei, B.; Ryding, EL.; Ostman, M.; Schei, B; Ryding, EL; Lukasse, M; Temmerman, M; Steingr\u00edmsd\u00f3ttir, T; Tabor, A; Karro, H; Van Parys, AS; Kristj\u00e1nsd\u00f3ttir, H; Schroll, AM; Laanpere, M; Wangel, AM (2012). Mental health status in pregnancy among native and non-native Swedish-speaking women: a Bidens study. Acta Obstetricia et Gynecologica Scandinavica, 91 (12), 1395\u22121401.<\/li>\n<\/ul>\n<p style=\"margin-left: 40px;\"><strong>Uuringu meeskond:<\/strong><\/p>\n<p style=\"margin-left: 40px;\">The Bidens study group: Belgium: Marleen Temmerman \u00a0An-Sofie Van Parys; Iceland: Thora Steingr\u00edmsd\u00f3ttir, Hildur Krisjansdottir, Denmark: Ann Tabor, Anne-Mette Schroll; Estonia: Helle Karro, Made Laanpere; Norway: Berit Schei, Mirjam Lukasse; Sweden: Elsa Lena Ryding, Anne-Marie Wangel<\/p>\n<p style=\"margin-left: 40px;\"><span style=\"background: white;\"><span style=\"line-height: 107%;\"><span style=\"line-height: 107%;\">BIDENS\u00a0uuring<\/span><\/span><\/span><\/p>\n<h2>REFER teaduskonsortsium<\/h2>\n<p style=\"margin-left: 40px;\">REFER r\u00fchm on rahvusvaheline teaduskonsortsium, kes juhtis\u00a0projekti \u201cReproductive Health and Fertility Patterns \u2013 A Comparative Approach\u201d aastatel\u00a02003-2006. Projekti eesm\u00e4rgiks oli seksuaal- ja reproduktiivtervise erinevate aspektide \u00fclveaade ja v\u00f5rdlus kolmes riigis: Eesti, Venemaa ja Soome.<\/p>\n<p style=\"margin-left: 40px;\"><strong>Avaldatud artiklid:<\/strong><\/p>\n<ul style=\"margin-left: 40px;\">\n<li style=\"margin-left: 40px;\">Dubikaytis, T.; H\u00e4rk\u00e4nen, T.; Regushevskaya, E.; Hemminki, E.; Haavio-Mannila, E.; Laanpere, M.; Kuznetsova, O.; Koskinen, S. (2014). Socioeconomic differences in self-rated health among women: a comparison of St. Petersburg to Estonia and Finland. International Journal for Equity in Health, 13, 39\u221239.<\/li>\n<li style=\"margin-left: 40px;\">Laanpere, M., Rahu, K., Part, K., Dubikaytis, T., Karro, H. (2012). Ethnic differences in factors associated with the use of contraception among 20- to 44-year-old women in Estonia and St. Petersburg, Russia. Contraception, 86 (2), 132\u2212140.<\/li>\n<li style=\"margin-left: 40px;\">Regushevskaya, E.; Dubikaytis, T.; Laanpere, M.; Nikula, M.; Kuznetsova, O.; Karro, H.; Haavio-Mannila, E.; Hemminki, E. (2010). The determinants of sexually transmitted infections among reproductive age women in St. Petersburg, Estonia and Finland. International Journal of Public Health, 55 (6), 581\u2212589.<\/li>\n<li style=\"margin-left: 40px;\">Regushevskaya, E.; Dubikaytis, T.; Laanpere, M.; Nikula, M.; Kuznetsova, O.; Haavio-Mannila, E.; Karro, H.; Hemminki, E. (2009). Risk factors for induced abortions in St Petersburg, Estonia and Finland. Results from surveys among women of reproductive age. The European Journal of Contraception &amp; Reproductive Health Care, 14 (3), 176\u2212186.<\/li>\n<li style=\"margin-left: 40px;\">Nikula, M.; Gissler, M.; Jormanainen, V.; Laanpere, M.; Kunnas, H.; Haavio-Mannila, E.; Hemminki, E. (2009). The socio-demographic patterning of sexual risk behaviour: a survey of young men in Finland and Estonia. BMC Public Health, 9 (256), 10-17.<\/li>\n<\/ul>\n<p style=\"margin-left: 40px;\"><strong>Uuringu meeskond:\u00a0<\/strong>Tartu \u00dclikool \u2013 Mare Ainsaar, Kai Haldre, Helle Karro, Made Laanpere, Kai Part; Eesti Tervise Arengu Instituut \u2013 Kaja Rahu, Mati Rahu; STAKES \u2013 Mika Gissler, Elina Hemminki, Meri Larivaara, Minna Nikula, Kirsi Viisainen,Tuula V\u00e4\u00e4n\u00e4nen; Helsingi \u00dclikool \u2013 Elina Haavio-Mannila, Heli Hyv\u00f6nen, Katja Kesseli, Svetlana Kirichenko, Pekka Martikainen, Kari Pitk\u00e4nen, Anna Rotkirch, Anna-Maria Rouhonen; Soome Rahvatervishoiu Instituut \u2013 P\u00e4ivikki Koponen; Peterburi Meditsiiniakadeemia \u2013 Tatiana Dubikaytis, Olga Kuznetsova, Elena Regushevskaya; Peterburi Euroopa \u00dclikool \u2013 Zhanna Chernova, Nadezhda Nartova, Anna Temkina, Elena Zdravomyslova, Anastasia Zolotova; Peterburi S\u00f5ltumatu Sotsiaalteaduste Keskus \u2013 Natalia Fedorova, Viktor Voronkov; Peterburi Majanduse ja Matemaatika Instituut \u2013 Gaiane Safarova; Peterburi Regionaalse Majanduse Instituut \u2013 Natalia Tchistyakova.<\/p>\n<h2 style=\"margin-bottom: 8pt;\">KISS\u00a01999<\/h2>\n<p style=\"margin-bottom: 8pt; margin-left: 40px;\"><span style=\"background: white;\"><span style=\"line-height: 107%;\"><span style=\"background: white;\"><span style=\"line-height: 107%;\">Uuringu eesm\u00e4rk oli uurida Eesti teismeliste kooli\u00f5pilaste seksuaalsusega seotud teadmisi, k\u00e4itumist ja hoiakuid. Uuring viidi l\u00e4bi klassiintervjuudena p\u00f5hikoolide l\u00f5puklasside \u00f5pilaste hulgas 1999. aastal (n=1676) kordusuuringuna 1994 l\u00e4bi viidud uuringule.<\/span><\/span><\/span><\/span><\/p>\n<p style=\"margin-bottom: 8pt; margin-left: 40px;\"><strong><span style=\"background: white;\"><span style=\"line-height: 107%;\"><span style=\"line-height: 107%;\">Avaldatud artiklid:<\/span><\/span><\/span><\/strong><\/p>\n<ul style=\"margin-left: 40px;\">\n<li style=\"margin-bottom: 8pt; margin-left: 40px;\"><span style=\"background: white;\"><span style=\"line-height: 107%;\"><span style=\"background: white;\"><span style=\"line-height: 107%;\">Part K, Rahu K, Rahu M, Karro H.\u00a0 Gender differences in factors associated with sexual intercourse among Estonian adolescents. Scandinavian Journal of Public Health 2011;39(4),389\u2212395. <\/span><\/span><\/span><\/span><a title=\"\" href=\"https:\/\/journals.sagepub.com\/doi\/10.1177\/1403494810395820\" target=\"_blank\" rel=\"noopener\" data-url=\"https:\/\/journals.sagepub.com\/doi\/10.1177\/1403494810395820\"><span style=\"background: white;\"><span style=\"line-height: 107%;\"><span style=\"color: #1155cc;\">https:\/\/journals.sagepub.com\/doi\/10.1177\/1403494810395820<\/span><\/span><\/span><\/a><\/li>\n<li style=\"margin-bottom: 8pt; margin-left: 40px;\"><span style=\"background: white;\"><span style=\"line-height: 107%;\"><span style=\"background: white;\"><span style=\"line-height: 107%;\">Part K, Rahu K, Rahu M, Karro H. Factors associated with Estonian adolescents\u2019 sexuality related knowledge: findings from the 1994 and 1999 KISS studies. The European Journal of Contraception &amp; Reproductive Health Care 2008;13(2),173\u2212181. <\/span><\/span><\/span><\/span><a title=\"\" href=\"https:\/\/www.tandfonline.com\/doi\/abs\/10.1080\/13625180701800631\" target=\"_blank\" rel=\"noopener\" data-url=\"https:\/\/www.tandfonline.com\/doi\/abs\/10.1080\/13625180701800631\"><span style=\"background: white;\"><span style=\"line-height: 107%;\"><span style=\"color: #1155cc;\">https:\/\/www.tandfonline.com\/doi\/abs\/10.1080\/13625180701800631<\/span><\/span><\/span><\/a><\/li>\n<\/ul>\n<p style=\"margin-bottom: 8pt; margin-left: 40px;\"><strong><span style=\"background: white;\"><span style=\"line-height: 107%;\"><span style=\"line-height: 107%;\">Uuringu meeskond:<\/span><\/span><\/span><\/strong><\/p>\n<p style=\"margin-bottom: 8pt; margin-left: 40px;\">Kai Part (vastutav), Krista Papp, Sigrit T\u00f5rik, Dagmar Kutsar, meeskonda konsulteerisid Urmas Oja, Ene-Margit Tiit, Mati Rahu, Elise Kosunen ja Elsa Leiten.<\/p>\n","protected":false},"excerpt":{"rendered":"<p>Siit leiate info meie poolt l\u00e4bi viidud uuringute ja uuringutulemuste kohta. Eesti naiste tervise uuring 2024 Taaskord p\u00f6\u00f6rdume\u00a0Eesti naiste poole, et saada \u00fclevaade t\u00e4na Eesti 16\u201359-aastaste naiste seksuaal- ja reproduktiivtervist\u00a0m\u00f5jutavatest teguritest, naiste vajadustest ja kogemustest\u00a0kasutades v\u00f5rdlusandmestikuna varasemalt\u00a02004. a ja 2014. &#8230;<\/p>\n","protected":false},"author":4,"featured_media":0,"parent":0,"menu_order":0,"comment_status":"closed","ping_status":"closed","template":"","meta":{"_acf_changed":false,"inline_featured_image":false,"footnotes":""},"class_list":["post-11","page","type-page","status-publish","hentry"],"acf":[],"_links":{"self":[{"href":"https:\/\/sisu.ut.ee\/suk\/wp-json\/wp\/v2\/pages\/11","targetHints":{"allow":["GET"]}}],"collection":[{"href":"https:\/\/sisu.ut.ee\/suk\/wp-json\/wp\/v2\/pages"}],"about":[{"href":"https:\/\/sisu.ut.ee\/suk\/wp-json\/wp\/v2\/types\/page"}],"author":[{"embeddable":true,"href":"https:\/\/sisu.ut.ee\/suk\/wp-json\/wp\/v2\/users\/4"}],"replies":[{"embeddable":true,"href":"https:\/\/sisu.ut.ee\/suk\/wp-json\/wp\/v2\/comments?post=11"}],"version-history":[{"count":3,"href":"https:\/\/sisu.ut.ee\/suk\/wp-json\/wp\/v2\/pages\/11\/revisions"}],"predecessor-version":[{"id":293,"href":"https:\/\/sisu.ut.ee\/suk\/wp-json\/wp\/v2\/pages\/11\/revisions\/293"}],"wp:attachment":[{"href":"https:\/\/sisu.ut.ee\/suk\/wp-json\/wp\/v2\/media?parent=11"}],"curies":[{"name":"wp","href":"https:\/\/api.w.org\/{rel}","templated":true}]}}