{"id":149,"date":"2024-04-04T03:44:09","date_gmt":"2024-04-04T00:44:09","guid":{"rendered":"https:\/\/sisu.ut.ee\/stratotuup\/silur-skeem\/"},"modified":"2024-05-07T21:36:09","modified_gmt":"2024-05-07T18:36:09","slug":"silur-skeem","status":"publish","type":"page","link":"https:\/\/sisu.ut.ee\/stratotuup\/silur-skeem\/","title":{"rendered":"Siluri skeem"},"content":{"rendered":"<div class=\"video-placeholder-wrapper video-placeholder-wrapper--fixed\" style=\"height: 1100px;\">\n\t\t\t    <div class=\"video-placeholder d-flex justify-content-center align-items-center\">\n\t\t\t        <div class=\"overlay text-white p-2 w-100 text-center d-block justify-content-center align-items-center\">\n\t\t\t            <div>Kolmandate osapoolte sisu n\u00e4gemiseks palun n\u00f5ustu k\u00fcpsistega.<\/div>\n\t\t\t            <button class=\"btn btn-secondary btn-sm mt-1 consent-change\">Muuda n\u00f5usolekut<\/button>\n\t\t\t        <\/div>\n\t\t\t    <\/div>\n\t\t\t<\/div>\n\n","protected":false},"excerpt":{"rendered":"","protected":false},"author":129,"featured_media":0,"parent":0,"menu_order":0,"comment_status":"closed","ping_status":"closed","template":"","meta":{"_acf_changed":false,"inline_featured_image":false,"footnotes":""},"class_list":["post-149","page","type-page","status-publish","hentry"],"acf":[],"_links":{"self":[{"href":"https:\/\/sisu.ut.ee\/stratotuup\/wp-json\/wp\/v2\/pages\/149","targetHints":{"allow":["GET"]}}],"collection":[{"href":"https:\/\/sisu.ut.ee\/stratotuup\/wp-json\/wp\/v2\/pages"}],"about":[{"href":"https:\/\/sisu.ut.ee\/stratotuup\/wp-json\/wp\/v2\/types\/page"}],"author":[{"embeddable":true,"href":"https:\/\/sisu.ut.ee\/stratotuup\/wp-json\/wp\/v2\/users\/129"}],"replies":[{"embeddable":true,"href":"https:\/\/sisu.ut.ee\/stratotuup\/wp-json\/wp\/v2\/comments?post=149"}],"version-history":[{"count":4,"href":"https:\/\/sisu.ut.ee\/stratotuup\/wp-json\/wp\/v2\/pages\/149\/revisions"}],"predecessor-version":[{"id":1134,"href":"https:\/\/sisu.ut.ee\/stratotuup\/wp-json\/wp\/v2\/pages\/149\/revisions\/1134"}],"wp:attachment":[{"href":"https:\/\/sisu.ut.ee\/stratotuup\/wp-json\/wp\/v2\/media?parent=149"}],"curies":[{"name":"wp","href":"https:\/\/api.w.org\/{rel}","templated":true}]}}