{"id":5,"date":"2024-04-04T06:59:24","date_gmt":"2024-04-04T03:59:24","guid":{"rendered":"https:\/\/sisu.ut.ee\/spordimeditsiini-algkursus\/2-moisted\/"},"modified":"2024-04-05T00:03:04","modified_gmt":"2024-04-04T21:03:04","slug":"2-moisted","status":"publish","type":"page","link":"https:\/\/sisu.ut.ee\/spordimeditsiini-algkursus\/2-moisted\/","title":{"rendered":"2. M\u00f5isted"},"content":{"rendered":"<p>\n\tM\u00f5isted leiate s\u00f5nastikust. M\u00f5isted aitavad kaasa teksti sisu m\u00f5istmisele. Palun lugege need l\u00e4bi enne kursuse peat\u00fckkide juurde asumist.\n<\/p>\n<a name=\"name_directory_position1\"><\/a><div class=\"name_directory_index\"><a class=\"name_directory_startswith\" href=\"https:\/\/sisu.ut.ee\/spordimeditsiini-algkursus\/2-moisted\/?dir=1&amp;name_directory_startswith=\">All<\/a> | <a class=\"name_directory_startswith \" href=\"https:\/\/sisu.ut.ee\/spordimeditsiini-algkursus\/2-moisted\/?dir=1&amp;name_directory_startswith=A\">A<\/a>  <a class=\"name_directory_startswith \" href=\"https:\/\/sisu.ut.ee\/spordimeditsiini-algkursus\/2-moisted\/?dir=1&amp;name_directory_startswith=I\">I<\/a>  <a class=\"name_directory_startswith \" href=\"https:\/\/sisu.ut.ee\/spordimeditsiini-algkursus\/2-moisted\/?dir=1&amp;name_directory_startswith=J\">J<\/a>  <a class=\"name_directory_startswith \" href=\"https:\/\/sisu.ut.ee\/spordimeditsiini-algkursus\/2-moisted\/?dir=1&amp;name_directory_startswith=K\">K<\/a>  <a class=\"name_directory_startswith \" href=\"https:\/\/sisu.ut.ee\/spordimeditsiini-algkursus\/2-moisted\/?dir=1&amp;name_directory_startswith=L\">L<\/a>  <a class=\"name_directory_startswith \" href=\"https:\/\/sisu.ut.ee\/spordimeditsiini-algkursus\/2-moisted\/?dir=1&amp;name_directory_startswith=M\">M<\/a>  <a class=\"name_directory_startswith \" href=\"https:\/\/sisu.ut.ee\/spordimeditsiini-algkursus\/2-moisted\/?dir=1&amp;name_directory_startswith=S\">S<\/a>  <a class=\"name_directory_startswith \" href=\"https:\/\/sisu.ut.ee\/spordimeditsiini-algkursus\/2-moisted\/?dir=1&amp;name_directory_startswith=T\">T<\/a>  <a class=\"name_directory_startswith \" href=\"https:\/\/sisu.ut.ee\/spordimeditsiini-algkursus\/2-moisted\/?dir=1&amp;name_directory_startswith=V\">V<\/a> <\/div><div class=\"name_directory_total\"><\/div><div class=\"name_directory_names\"><div class=\"name_directory_column name_directory_nr1\"><div class=\"name_directory_name_box\"><a name=\"namedirectory_Aeroobnetreening\"><\/a><strong role=\"term\">Aeroobne treening<\/strong><br><div role=\"definition\"><p>Vastupidavustreening ehk aeroobne treening (<em>Endurance training<\/em>) \u2013 korduv liikumistegevus (n\u00e4iteks ujumine, jooksmine, rattas\u00f5it jt), mis arendab s\u00fcdame-veresoonkonna ja hingamiss\u00fcsteemi v\u00f5imekust.<\/p><\/div><\/div><div class=\"name_directory_name_box\"><a name=\"namedirectory_Aeroobnevimekus\"><\/a><strong role=\"term\">Aeroobne v\u00f5imekus<\/strong><br><div role=\"definition\"><p>Kardio-respiratoorne ehk aeroobne v\u00f5imekus (<i>Cardiorespiratory fitness<\/i>) \u2013 hingamis- ja vereringes\u00fcsteemi suutlikkus varustada organismi hapnikuga kestva kehalise aktiivsuse ajal.<\/p><\/div><\/div><div class=\"name_directory_name_box\"><a name=\"namedirectory_Inaktiivsus\"><\/a><strong role=\"term\">Inaktiivsus<\/strong><br><div role=\"definition\"><p>Inaktiivsus ehk tegevusetus (passiivsus) (<em>Inactivity<\/em>) \u2013 olukord, kus energiakulu on ligil\u00e4hedane p\u00f5hiainevahetuse energiakuluga \u2013 see t\u00e4hendab, et \u00e4rkvel olekus inimene istub v\u00f5i lamab.<\/p><\/div><\/div><div class=\"name_directory_name_box\"><a name=\"namedirectory_Intensiivsus\"><\/a><strong role=\"term\">Intensiivsus<\/strong><br><div role=\"definition\"><p>Intensiivsus \u2013 kehalist aktiivsust iseloomustav n\u00e4itaja,\u00a0kehalise aktiivsuse raskusele antud suhteline m\u00f5\u00f5de (vt eespool kerge, m\u00f5\u00f5dukas ja tugev kehaline aktiivsus). Mida tugevam on kehaline aktiivsus, seda tugevam on selle toime kehalisele t\u00f6\u00f6v\u00f5imele ja tervisele. \u00dclem\u00e4\u00e4ra intensiivsed kehalised tegevused v\u00f5ival olla kahjuliku toimega. \u00dcldine reegel on, et soodsam toime tervisele saavutatakse madalama intensiivsusega ja t\u00f6\u00f6v\u00f5ime paranemine saavutatakse k\u00f5rgema intensiivsusega treeningutega. Treeningute intensiivsust saab hinnata subjektiivselt hingelduse ja higistamise j\u00e4rgi, aga m\u00e4rksa objektiivsemalt s\u00fcdamel\u00f6\u00f6gisageduse (l\u00f6\u00f6ki\/min), distantsi l\u00e4bimise kiiruse (km\/tunnis), %-na maksimaalsest kordusmaksimumist, % -na maksimaalsest hapnikutarbimise v\u00f5imest jne.<\/p><\/div><\/div><div class=\"name_directory_name_box\"><a name=\"namedirectory_Istumisaeg\"><\/a><strong role=\"term\">Istumisaeg<\/strong><br><div role=\"definition\"><p>Istumisaeg on mistahes tegevus \u00e4rkvel olles, kus energiakulu on \u22641,5 MET-i. Peamisteks kehaasenditeks on istumine v\u00f5i lamamine (nt televiisori vaatamine, videom\u00e4ngude m\u00e4ngimine, arvuti kasutamine, autoga s\u00f5itmine, lugemine jne).<\/p><\/div><\/div><div class=\"name_directory_name_box\"><a name=\"namedirectory_Jutreening\"><\/a><strong role=\"term\">J\u00f5utreening<\/strong><br><div role=\"definition\"><p>Lihaste tugevdamine ehk j\u00f5utreening (<em>Muscle-strengthening\/resistance training)<\/em> \u2013 harjutused, mis suurendavad lihaste j\u00f5udu ja v\u00f5imsust.<\/p><\/div><\/div><div class=\"name_directory_name_box\"><a name=\"namedirectory_Kardio-respiratoornevimekus\"><\/a><strong role=\"term\">Kardio-respiratoorne v\u00f5imekus<\/strong><br><div role=\"definition\"><p>Kardio-respiratoorne ehk aeroobne v\u00f5imekus (<i>Cardiorespiratory fitness<\/i>) \u2013 hingamis- ja vereringes\u00fcsteemi suutlikkus varustada organismi hapnikuga kestva kehalise aktiivsuse ajal.<\/p><\/div><\/div><div class=\"name_directory_name_box\"><a name=\"namedirectory_Kehalineaktiivsus\"><\/a><strong role=\"term\">Kehaline aktiivsus<\/strong><br><div role=\"definition\"><p>Kehaline aktiivsus ehk liikumine (<em>Physical activity<\/em>) \u2013 igasugune skeletilihaste toel tehtud liikumine, millega kaasneb keha energiakulu suurenemine v\u00f5rreldes p\u00f5hiainevahetuse energiakuluga puhkeolekus. Kehaline aktiivsus h\u00f5lmab nii treeningut kui teisi kehalist pingutust n\u00f5udvaid tegevusi (t\u00f6\u00f6le v\u00f5i kooli minek, argitoimetused jne).<\/p><\/div><\/div><div class=\"name_directory_name_box\"><a name=\"namedirectory_Kehalinevimekus\"><\/a><strong role=\"term\">Kehaline v\u00f5imekus<\/strong><br><div role=\"definition\"><p>Kehaline v\u00f5imekus (<em>Physical fitness<\/em>) \u2013 erinevate kehalist tegevust v\u00f5imaldavate omaduste (hingamis- ja vereringeelundkonna v\u00f5imekus, lihaste tugevus, koordinatsioon, painduvus) kogum.\u00a0(<strong><a href=\"https:\/\/sisu.ut.ee\/sites\/default\/files\/spordimeditsiini-algkursus\/files\/joon1-kehaline-voimekus.png\">Joonis<\/a><\/strong>)<\/p><\/div><\/div><div class=\"name_directory_name_box\"><a name=\"namedirectory_Kehaliseaktiivsusesagedus\"><\/a><strong role=\"term\">Kehalise aktiivsuse sagedus<\/strong><br><div role=\"definition\"><p>Sagedus \u2013 kehalist aktiivsust iseloomustav n\u00e4itaja, kehalise aktiivsuse (treeningsessiooni) sagedus (korda p\u00e4evas, n\u00e4dalas). Et saavutada tervisele maksimaalset efekti, peaks kehaline aktiivsus olema regulaarne. \u00dche treeningsessiooni m\u00f5ju tervisele kestab m\u00f5ned p\u00e4evad. Madala intensiivsusega kehalise aktiivsuse korral on soovitav rakendada seda iga p\u00e4ev.<\/p><\/div><\/div><div class=\"name_directory_name_box\"><a name=\"namedirectory_Kehaliseltvheliikuveluviis\"><\/a><strong role=\"term\">Kehaliselt v\u00e4heliikuv eluviis<\/strong><br><div role=\"definition\"><p>Kehaliselt v\u00e4heliikuv eluviis (<em>Sedentary lifestyle<\/em>) \u2013 eluviis, mida iseloomustab ebapiisav kehaline aktiivsus, st n\u00e4dalas on m\u00f5\u00f5duka intensiivsusega liikumist v\u00e4hem kui 150 minutit.<\/p><\/div><\/div><div class=\"name_directory_name_box\"><a name=\"namedirectory_Kergekehalineaktiivsus\"><\/a><strong role=\"term\">Kerge kehaline aktiivsus<\/strong><br><div role=\"definition\"><p>Kerge kehaline aktiivsus ehk madala intensiivsusega liikumine (Light intensity activity) \u2013 tegevus, millega kaasnev energiakulu on 1,5-3 MET-i, n\u00e4iteks seismine ja aeglane k\u00f5ndimine (&lt;3,5 km\/h).<\/p><\/div><\/div><div class=\"name_directory_name_box\"><a name=\"namedirectory_Kestus\"><\/a><strong role=\"term\">Kestus<\/strong><br><div role=\"definition\">Kestus \u2013 kehalist aktiivsust iseloomustav n\u00e4itaja, kehalise aktiivsuse (treeningsessiooni) ajaline kestus (minutid, tunnid). Mida pikem on treeningsessioon, seda soodsam efekt tervisele saavutatakse. Alternatiivina v\u00f5ib p\u00e4evase liikumishulga jagada eraldiseisvateks l\u00fchemaajalisteks sessioonideks, n\u00e4iteks 10-15-minutilisteks sessioonideks.<\/div><\/div><div class=\"name_directory_name_box\"><a name=\"namedirectory_Lihastetugevdamine\"><\/a><strong role=\"term\">Lihaste tugevdamine<\/strong><br><div role=\"definition\"><p>Lihaste tugevdamine ehk j\u00f5utreening (<em>Muscle-strengthening\/resistance training)<\/em> \u2013 harjutused, mis suurendavad lihaste j\u00f5udu ja v\u00f5imsust.<\/p><\/div><\/div><div class=\"name_directory_name_box\"><a name=\"namedirectory_Liikumine\"><\/a><strong role=\"term\">Liikumine<\/strong><br><div role=\"definition\"><p>Kehaline aktiivsus ehk liikumine (<em>Physical activity<\/em>) \u2013 igasugune skeletilihaste toel tehtud liikumine, millega kaasneb keha energiakulu suurenemine v\u00f5rreldes p\u00f5hiainevahetuse energiakuluga puhkeolekus. Kehaline aktiivsus h\u00f5lmab nii treeningut kui teisi kehalist pingutust n\u00f5udvaid tegevusi (t\u00f6\u00f6le v\u00f5i kooli minek, argitoimetused jne).<\/p><\/div><\/div><div class=\"name_directory_name_box\"><a name=\"namedirectory_Liikumisharrastus\"><\/a><strong role=\"term\">Liikumisharrastus<\/strong><br><div role=\"definition\"><p>Liikumisharrastus ehk tervisesport (<em>Health sports\/recreational sports<\/em>) \u2013 mittev\u00f5istluslik kehalist koormust andev liikumine, mille eesm\u00e4rgiks on s\u00e4ilitada v\u00f5i parandada kehalist v\u00f5imekust, tervise toetamine v\u00f5i r\u00f5\u00f5mu ja naudingu (heaolu) saamine.<\/p><\/div><\/div><div class=\"name_directory_name_box\"><a name=\"namedirectory_MET\"><\/a><strong role=\"term\">MET<\/strong><br><div role=\"definition\"><p>Metaboolne ekvivalent (MET) (<em>Metabolic equivalent of Task<\/em>) \u2013 \u00fchik, mida kasutatakse organismi energiakulu hindamiseks erinevat t\u00fc\u00fcpi kehalisel tegevusel. 1 MET v\u00f5rdub puhkeoleku (istudes) ainevahetuse kiirusega, kus organismi energiakulu on 1 kcal tunnis 1 kg kehamassi kohta.<\/p><\/div><\/div><div class=\"name_directory_name_box\"><a name=\"namedirectory_Metaboolneekvivalent\"><\/a><strong role=\"term\">Metaboolne ekvivalent<\/strong><br><div role=\"definition\"><p>Metaboolne ekvivalent (MET) (<em>Metabolic equivalent of Task<\/em>) \u2013 \u00fchik, mida kasutatakse organismi energiakulu hindamiseks erinevat t\u00fc\u00fcpi kehalisel tegevusel. 1 MET v\u00f5rdub puhkeoleku (istudes) ainevahetuse kiirusega, kus organismi energiakulu on 1 kcal tunnis 1 kg kehamassi kohta.<\/p><\/div><\/div><div class=\"name_directory_name_box\"><a name=\"namedirectory_Mdukaskehalineaktiivsus\"><\/a><strong role=\"term\">M\u00f5\u00f5dukas kehaline aktiivsus<\/strong><br><div role=\"definition\"><p>M\u00f5\u00f5dukas kehaline aktiivsus ehk keskmise intensiivsusega liikumine (<em>Moderate intensity physical activity<\/em>) \u2013 tegevus, millega kaasnev energiakulu on 3-6 MET-i ja mille tagaj\u00e4rjel s\u00fcdame l\u00f6\u00f6gisagedus ja hingamine kiireneb m\u00f5\u00f5dukalt.<\/p><\/div><\/div><div class=\"name_directory_name_box\"><a name=\"namedirectory_Spordimeditsiin\"><\/a><strong role=\"term\">Spordimeditsiin<\/strong><br><div role=\"definition\"><p>Spordimeditsiin on multidistsiplinaarne kliiniline ja akadeemiline meditsiinieriala, mis tegeleb kehalise aktiivsusega seotud vigastuste ja haiguste ennetamise, diagnostika, ravi ja taastusraviga ning tervisedendusega.<\/p><\/div><\/div><div class=\"name_directory_name_box\"><a name=\"namedirectory_Sport\"><\/a><strong role=\"term\">Sport<\/strong><br><div role=\"definition\"><p>Sport (<em>Sports<\/em>) \u2013 igasugune kehaline tegevus, milles osaletakse nii iseseisvalt kui organiseeritult ja mille eesm\u00e4rk on toetada v\u00f5i parandada kehalist vormi ning vaimset heaolu, tekitada sotsiaalseid suhteid v\u00f5i saavutada erineva tasemega v\u00f5istlustel tulemusi.<\/p><\/div><\/div><div class=\"name_directory_name_box\"><a name=\"namedirectory_Tasakaalutreening\"><\/a><strong role=\"term\">Tasakaalutreening<\/strong><br><div role=\"definition\"><p>Tasakaalutreening (<em>Balance training<\/em>) \u2013 harjutused, mille eesm\u00e4rk on arendada kehakontrolli ja kehaasendi s\u00e4ilitamist vastavalt toetuspinna erisustele ja mis aktiveerivad lihaste-k\u00f5\u00f5luste asenditundlikkust ning n\u00e4rvi-lihasaparaadi koost\u00f6\u00f6d.<\/p><\/div><\/div><div class=\"name_directory_name_box\"><a name=\"namedirectory_Tegevusetus\"><\/a><strong role=\"term\">Tegevusetus<\/strong><br><div role=\"definition\"><p>Inaktiivsus ehk tegevusetus (passiivsus) (<em>Inactivity<\/em>) \u2013 olukord, kus energiakulu on ligil\u00e4hedane p\u00f5hiainevahetuse energiakuluga \u2013 see t\u00e4hendab, et \u00e4rkvel olekus inimene istub v\u00f5i lamab.<\/p><\/div><\/div><div class=\"name_directory_name_box\"><a name=\"namedirectory_Tervisesport\"><\/a><strong role=\"term\">Tervisesport<\/strong><br><div role=\"definition\"><p>Liikumisharrastus ehk tervisesport (<em>Health sports\/recreational sports<\/em>) \u2013 mittev\u00f5istluslik kehalist koormust andev liikumine, mille eesm\u00e4rgiks on s\u00e4ilitada v\u00f5i parandada kehalist v\u00f5imekust, tervise toetamine v\u00f5i r\u00f5\u00f5mu ja naudingu (heaolu) saamine.<\/p><\/div><\/div><div class=\"name_directory_name_box\"><a name=\"namedirectory_Treening\"><\/a><strong role=\"term\">Treening<\/strong><br><div role=\"definition\"><p>Treening (<em>Training, Exercise<\/em>) \u2013 kehaline aktiivsus, mis on struktureeritud ja korduv ning mille eesm\u00e4rgiks on kehalise v\u00f5imekuse \u00fche v\u00f5i mitme komponendi s\u00e4ilitamine v\u00f5i arendamine.<\/p><\/div><\/div><div class=\"name_directory_name_box\"><a name=\"namedirectory_Tugevkehalineaktiivsus\"><\/a><strong role=\"term\">Tugev kehaline aktiivsus<\/strong><br><div role=\"definition\"><p>Tugev kehaline aktiivsus ehk k\u00f5rge intensiivsusega liikumine (<em>Vigorous intensity physical activity<\/em>) \u2013 tegevus, millega kaasnev energiakulu on suurem kui 6 MET-i ning mille tagaj\u00e4rjel kiireneb oluliselt s\u00fcdame l\u00f6\u00f6gisagedus ja hingamine.<\/p><\/div><\/div><div class=\"name_directory_name_box\"><a name=\"namedirectory_Vastupidavustreening\"><\/a><strong role=\"term\">Vastupidavustreening<\/strong><br><div role=\"definition\"><p>Vastupidavustreening ehk aeroobne treening (<em>Endurance training<\/em>) \u2013 korduv liikumistegevus (n\u00e4iteks ujumine, jooksmine, rattas\u00f5it jt), mis arendab s\u00fcdame-veresoonkonna ja hingamiss\u00fcsteemi v\u00f5imekust.<\/p><\/div><\/div><div class=\"name_directory_name_box\"><a name=\"namedirectory_Venitusharjutused\"><\/a><strong role=\"term\">Venitusharjutused<\/strong><br><div role=\"definition\"><p>Venitusharjutused (<em>Flexibility\/streching exercises) <\/em>\u2013 lihaselastsust ja -normaalpikkust taastavad harjutused.<\/p><\/div><\/div><\/div><\/div><style>\n            .name_directory_readmore_state ~ .name_directory_readmore_trigger:before {\n                content: '... Show more';\n            }\n\n            .name_directory_readmore_state:checked ~ .name_directory_readmore_trigger:before {\n                content: 'Show less';\n            }\n            <\/style>\n","protected":false},"excerpt":{"rendered":"<p>M\u00f5isted leiate s\u00f5nastikust. M\u00f5isted aitavad kaasa teksti sisu m\u00f5istmisele. Palun lugege need l\u00e4bi enne kursuse peat\u00fckkide juurde asumist.<\/p>\n","protected":false},"author":243,"featured_media":0,"parent":0,"menu_order":0,"comment_status":"closed","ping_status":"closed","template":"","meta":{"_acf_changed":false,"inline_featured_image":false,"footnotes":""},"class_list":["post-5","page","type-page","status-publish","hentry"],"acf":[],"_links":{"self":[{"href":"https:\/\/sisu.ut.ee\/spordimeditsiini-algkursus\/wp-json\/wp\/v2\/pages\/5","targetHints":{"allow":["GET"]}}],"collection":[{"href":"https:\/\/sisu.ut.ee\/spordimeditsiini-algkursus\/wp-json\/wp\/v2\/pages"}],"about":[{"href":"https:\/\/sisu.ut.ee\/spordimeditsiini-algkursus\/wp-json\/wp\/v2\/types\/page"}],"author":[{"embeddable":true,"href":"https:\/\/sisu.ut.ee\/spordimeditsiini-algkursus\/wp-json\/wp\/v2\/users\/243"}],"replies":[{"embeddable":true,"href":"https:\/\/sisu.ut.ee\/spordimeditsiini-algkursus\/wp-json\/wp\/v2\/comments?post=5"}],"version-history":[{"count":2,"href":"https:\/\/sisu.ut.ee\/spordimeditsiini-algkursus\/wp-json\/wp\/v2\/pages\/5\/revisions"}],"predecessor-version":[{"id":211,"href":"https:\/\/sisu.ut.ee\/spordimeditsiini-algkursus\/wp-json\/wp\/v2\/pages\/5\/revisions\/211"}],"wp:attachment":[{"href":"https:\/\/sisu.ut.ee\/spordimeditsiini-algkursus\/wp-json\/wp\/v2\/media?parent=5"}],"curies":[{"name":"wp","href":"https:\/\/api.w.org\/{rel}","templated":true}]}}