{"id":26,"date":"2024-04-04T06:59:26","date_gmt":"2024-04-04T03:59:26","guid":{"rendered":"https:\/\/sisu.ut.ee\/spordimeditsiini-algkursus\/wpw-sundroom-wolf-parkinson-whitei-sundroom\/"},"modified":"2024-04-04T06:59:56","modified_gmt":"2024-04-04T03:59:56","slug":"wpw-sundroom-wolf-parkinson-whitei-sundroom","status":"publish","type":"page","link":"https:\/\/sisu.ut.ee\/spordimeditsiini-algkursus\/wpw-sundroom-wolf-parkinson-whitei-sundroom\/","title":{"rendered":"WPW s\u00fcndroom (Wolf-Parkinson-White\u2019i s\u00fcndroom)"},"content":{"rendered":"<ul>\n<li>\n\t\t<span lang=\"ET\"><span style=\"line-height:115%\">Kongenitaalne s\u00fcdame juhtes\u00fcsteemide h\u00e4ire, mil esineb \u00fcks v\u00f5i mitu lisateed koja ja vatsakese vahel.<\/span><\/span>\n\t<\/li>\n<li>\n\t\t<span lang=\"ET\"><span style=\"line-height:115%\">Esineb ~ 0.2% ulatuses \u00fcldpopulatsioonis.<\/span><\/span>\n\t<\/li>\n<li>\n\t\t<span lang=\"ET\"><span style=\"line-height:115%\">\u00c4kksurma (\u00c4S) riskiks loetakse 0.1%. \u00c4S enamasti seotud kodade virvendusar\u00fctmia\u00a0tekkega, kui on v\u00e4ga hea lisajuhtetee antegraadne juhtivus, mis on omakorda eluohtliku vatsakeste tahh\u00fcar\u00fctmia tekke p\u00f5hjuseks.<\/span><\/span>\n\t<\/li>\n<li style=\"margin-top:0cm;margin-right:0cm;margin-bottom:0cm\">\n\t\t<span style=\"line-height:normal\"><span lang=\"ET\">S\u00fcmptomid: s\u00fcdamekloppimise hood, kus s\u00fcdame l\u00f6\u00f6gisagedus v\u00f5ib ulatuda 170-220 l\u00f6\u00f6ki\/min, valu rinnus.<\/span><\/span>\n\t<\/li>\n<li style=\"margin-top:0cm;margin-right:0cm;margin-bottom:0cm\">\n\t\t<span style=\"line-height:normal\"><span lang=\"ET\">EKG-l iseloomulikud muutused (l\u00fchike PQ- aeg, delta-laine), kuid v\u00f5ib esineda ka varjatud vorm.<\/span><\/span>\n\t<\/li>\n<li style=\"margin-top:0cm;margin-right:0cm;margin-bottom:0cm\">\n\t\t<span style=\"line-height:normal\"><span lang=\"ET\">Lisauuringud, ravi \u2013 elektrof\u00fcsioloogiline uuring, lisajuhtetee selektiivne kateeterablatsioon. T\u00e4ielik tervenemine 95% juhtudest.<\/span><\/span>\n\t<\/li>\n<li style=\"margin-top:0cm;margin-right:0cm;margin-bottom:0cm\">\n\t\t<span style=\"line-height:normal\"><span lang=\"ET\">Sportlastel, kellel puuduvad palpitatsioonid\/tahh\u00fckardia hood ning puuduvad s\u00fcdame struktuursed muutused, on v\u00f5istlussport lubatud.<\/span><\/span>\n\t<\/li>\n<\/ul>\n","protected":false},"excerpt":{"rendered":"<p>Kongenitaalne s\u00fcdame juhtes\u00fcsteemide h\u00e4ire, mil esineb \u00fcks v\u00f5i mitu lisateed koja ja vatsakese vahel. Esineb ~ 0.2% ulatuses \u00fcldpopulatsioonis. \u00c4kksurma (\u00c4S) riskiks loetakse 0.1%. \u00c4S enamasti seotud kodade virvendusar\u00fctmia\u00a0tekkega, kui on v\u00e4ga hea lisajuhtetee antegraadne juhtivus, mis on omakorda eluohtliku &#8230;<\/p>\n","protected":false},"author":243,"featured_media":0,"parent":0,"menu_order":0,"comment_status":"closed","ping_status":"closed","template":"","meta":{"_acf_changed":false,"inline_featured_image":false,"footnotes":""},"class_list":["post-26","page","type-page","status-publish","hentry"],"acf":[],"_links":{"self":[{"href":"https:\/\/sisu.ut.ee\/spordimeditsiini-algkursus\/wp-json\/wp\/v2\/pages\/26","targetHints":{"allow":["GET"]}}],"collection":[{"href":"https:\/\/sisu.ut.ee\/spordimeditsiini-algkursus\/wp-json\/wp\/v2\/pages"}],"about":[{"href":"https:\/\/sisu.ut.ee\/spordimeditsiini-algkursus\/wp-json\/wp\/v2\/types\/page"}],"author":[{"embeddable":true,"href":"https:\/\/sisu.ut.ee\/spordimeditsiini-algkursus\/wp-json\/wp\/v2\/users\/243"}],"replies":[{"embeddable":true,"href":"https:\/\/sisu.ut.ee\/spordimeditsiini-algkursus\/wp-json\/wp\/v2\/comments?post=26"}],"version-history":[{"count":1,"href":"https:\/\/sisu.ut.ee\/spordimeditsiini-algkursus\/wp-json\/wp\/v2\/pages\/26\/revisions"}],"predecessor-version":[{"id":184,"href":"https:\/\/sisu.ut.ee\/spordimeditsiini-algkursus\/wp-json\/wp\/v2\/pages\/26\/revisions\/184"}],"wp:attachment":[{"href":"https:\/\/sisu.ut.ee\/spordimeditsiini-algkursus\/wp-json\/wp\/v2\/media?parent=26"}],"curies":[{"name":"wp","href":"https:\/\/api.w.org\/{rel}","templated":true}]}}