{"id":128,"date":"2024-07-01T15:38:18","date_gmt":"2024-07-01T12:38:18","guid":{"rendered":"https:\/\/sisu.ut.ee\/sotsiaalneettevotlus\/?page_id=128"},"modified":"2024-07-01T15:38:19","modified_gmt":"2024-07-01T12:38:19","slug":"teema-5","status":"publish","type":"page","link":"https:\/\/sisu.ut.ee\/sotsiaalneettevotlus\/quiz\/teema-5\/","title":{"rendered":"Teema 5"},"content":{"rendered":"<div id=\"watupro_quiz\" class=\"quiz-area \">\n<p id=\"submittingExam5\" style=\"display:none;text-align:center;\"><img loading=\"lazy\" decoding=\"async\" src=\"https:\/\/sisu.ut.ee\/wp-content\/plugins\/watupro\/img\/loading.gif\" width=\"16\" height=\"16\"><\/p>\n\n<div class=\"watupro-exam-description\" id=\"description-quiz-5\"><p><span style=\"font-size:16px;\"><span style=\"font-family:Georgia,serif;\">Igal k\u00fcsimusel on \u00fcks v\u00f5i mitu \u00f5iget vastust ning katseid on piiramatu arv. Positiivse soorituse l\u00e4vend on 80%. J\u00f5udu t\u00f6\u00f6le!<\/span><\/span><\/p>\n<\/div>\n\n<form action=\"\" method=\"post\" class=\"quiz-form\" id=\"quiz-5\" enctype=\"multipart\/form-data\">\n<div class=\"watu-question \" id=\"question-1\" style=\"display:block;;\"><div id=\"questionWrap-1\" class=\"   watupro-question-id-35\">\n\t\t\t<div class=\"question-content\"><div><p><strong>Mis on parimad viisid enda sotsiaalse ettev\u00f5ttega seonduvat lugu maailmale edastada?<\/strong><\/p><\/div><input type=\"hidden\" name=\"question_id[]\" id=\"qID_1\" value=\"35\" class=\"watupro-question-id\"><input type=\"hidden\" id=\"answerType35\" class=\"answerTypeCnt1\" value=\"checkbox\"><!-- end question-content--><\/div><div class=\"question-choices watupro-choices-columns \" id=\"questionChoices35\"><div class=\"watupro-question-choice  \" dir=\"auto\"><input type=\"checkbox\" name=\"answer-35[]\" id=\"answer-id-130\" class=\"answer   answerof-35 \" value=\"130\"><label for=\"answer-id-130\" id=\"answer-label-130\" class=\" answer\"><span><p>loo jutustamine on t\u00f5estatult ebaefektiivne strateegia<\/p><\/span><\/label><\/div><div class=\"watupro-question-choice  \" dir=\"auto\"><input type=\"checkbox\" name=\"answer-35[]\" id=\"answer-id-131\" class=\"answer   answerof-35 \" value=\"131\"><label for=\"answer-id-131\" id=\"answer-label-131\" class=\" answer\"><span><p>visuaalide ja videote kasutamine<\/p><\/span><\/label><\/div><div class=\"watupro-question-choice  \" dir=\"auto\"><input type=\"checkbox\" name=\"answer-35[]\" id=\"answer-id-132\" class=\"answer   answerof-35 \" value=\"132\"><label for=\"answer-id-132\" id=\"answer-label-132\" class=\" answer\"><span><p>numbrite kasutamine<\/p><\/span><\/label><\/div><div class=\"watupro-question-choice  \" dir=\"auto\"><input type=\"checkbox\" name=\"answer-35[]\" id=\"answer-id-133\" class=\"answer   answerof-35 \" value=\"133\"><label for=\"answer-id-133\" id=\"answer-label-133\" class=\" answer\"><span><p>eri paikades esinemine<\/p><\/span><\/label><\/div><div class=\"watupro-question-choice  \" dir=\"auto\"><input type=\"checkbox\" name=\"answer-35[]\" id=\"answer-id-134\" class=\"answer   answerof-35 \" value=\"134\"><label for=\"answer-id-134\" id=\"answer-label-134\" class=\" answer\"><span><p>reklaamid ajalehtedes ning televisioonis<\/p><\/span><\/label><\/div><!-- end question-choices--><\/div><!-- end questionWrap--><\/div><p class=\"watupro-qnum-info \">Question 1 of 10<\/p><\/div><div class=\"watu-question \" id=\"question-2\" style=\";\"><div id=\"questionWrap-2\" class=\"   watupro-question-id-34\">\n\t\t\t<div class=\"question-content\"><div><p><strong>Kas loop\u00f5hine turundamine on sotsiaalse ettev\u00f5tte puhul efektiivne strateegia?<\/strong><\/p><\/div><input type=\"hidden\" name=\"question_id[]\" id=\"qID_2\" value=\"34\" class=\"watupro-question-id\"><input type=\"hidden\" id=\"answerType34\" class=\"answerTypeCnt2\" value=\"checkbox\"><!-- end question-content--><\/div><div class=\"question-choices watupro-choices-columns \" id=\"questionChoices34\"><div class=\"watupro-question-choice  \" dir=\"auto\"><input type=\"checkbox\" name=\"answer-34[]\" id=\"answer-id-127\" class=\"answer   answerof-34 \" value=\"127\"><label for=\"answer-id-127\" id=\"answer-label-127\" class=\" answer\"><span><p>Jah<\/p><\/span><\/label><\/div><div class=\"watupro-question-choice  \" dir=\"auto\"><input type=\"checkbox\" name=\"answer-34[]\" id=\"answer-id-128\" class=\"answer   answerof-34 \" value=\"128\"><label for=\"answer-id-128\" id=\"answer-label-128\" class=\" answer\"><span><p>Ei<\/p><\/span><\/label><\/div><div class=\"watupro-question-choice  \" dir=\"auto\"><input type=\"checkbox\" name=\"answer-34[]\" id=\"answer-id-129\" class=\"answer   answerof-34 \" value=\"129\"><label for=\"answer-id-129\" id=\"answer-label-129\" class=\" answer\"><span><p>Loop\u00f5hine turundamine pole kuigi efektiivne<\/p><\/span><\/label><\/div><!-- end question-choices--><\/div><!-- end questionWrap--><\/div><p class=\"watupro-qnum-info \">Question 2 of 10<\/p><\/div><div class=\"watu-question \" id=\"question-3\" style=\";\"><div id=\"questionWrap-3\" class=\"   watupro-question-id-33\">\n\t\t\t<div class=\"question-content\"><div><p><strong>Mis on turundamise peamised p\u00f5him\u00f5tted?<\/strong><\/p><\/div><input type=\"hidden\" name=\"question_id[]\" id=\"qID_3\" value=\"33\" class=\"watupro-question-id\"><input type=\"hidden\" id=\"answerType33\" class=\"answerTypeCnt3\" value=\"checkbox\"><!-- end question-content--><\/div><div class=\"question-choices watupro-choices-columns \" id=\"questionChoices33\"><div class=\"watupro-question-choice  \" dir=\"auto\"><input type=\"checkbox\" name=\"answer-33[]\" id=\"answer-id-121\" class=\"answer   answerof-33 \" value=\"121\"><label for=\"answer-id-121\" id=\"answer-label-121\" class=\" answer\"><span><p>loo k\u00f5rgkvaliteediline toode v\u00f5i teenus<\/p><\/span><\/label><\/div><div class=\"watupro-question-choice  \" dir=\"auto\"><input type=\"checkbox\" name=\"answer-33[]\" id=\"answer-id-122\" class=\"answer   answerof-33 \" value=\"122\"><label for=\"answer-id-122\" id=\"answer-label-122\" class=\" answer\"><span><p>tekita teenuse \u00fcmber v\u00f5imalikult suur poleemika<\/p><\/span><\/label><\/div><div class=\"watupro-question-choice  \" dir=\"auto\"><input type=\"checkbox\" name=\"answer-33[]\" id=\"answer-id-123\" class=\"answer   answerof-33 \" value=\"123\"><label for=\"answer-id-123\" id=\"answer-label-123\" class=\" answer\"><span><p>identifitseeri enda sihtturg<\/p><\/span><\/label><\/div><div class=\"watupro-question-choice  \" dir=\"auto\"><input type=\"checkbox\" name=\"answer-33[]\" id=\"answer-id-124\" class=\"answer   answerof-33 \" value=\"124\"><label for=\"answer-id-124\" id=\"answer-label-124\" class=\" answer\"><span><p>hakka turundamisega alles siis tegelema, kui toode v\u00f5i teenus on valmis<\/p><\/span><\/label><\/div><div class=\"watupro-question-choice  \" dir=\"auto\"><input type=\"checkbox\" name=\"answer-33[]\" id=\"answer-id-125\" class=\"answer   answerof-33 \" value=\"125\"><label for=\"answer-id-125\" id=\"answer-label-125\" class=\" answer\"><span><p>leia optimaalne hind<\/p><\/span><\/label><\/div><div class=\"watupro-question-choice  \" dir=\"auto\"><input type=\"checkbox\" name=\"answer-33[]\" id=\"answer-id-126\" class=\"answer   answerof-33 \" value=\"126\"><label for=\"answer-id-126\" id=\"answer-label-126\" class=\" answer\"><span><p>kasuta korrektseid turunduskanaleid klientide leidmiseks<\/p><\/span><\/label><\/div><!-- end question-choices--><\/div><!-- end questionWrap--><\/div><p class=\"watupro-qnum-info \">Question 3 of 10<\/p><\/div><div class=\"watu-question \" id=\"question-4\" style=\";\"><div id=\"questionWrap-4\" class=\"   watupro-question-id-38\">\n\t\t\t<div class=\"question-content\"><div><p><strong>Mis on peamised asjad, millele peab r\u00f5hku p\u00f6\u00f6rama digitaalse turundamise juures?<\/strong><\/p><\/div><input type=\"hidden\" name=\"question_id[]\" id=\"qID_4\" value=\"38\" class=\"watupro-question-id\"><input type=\"hidden\" id=\"answerType38\" class=\"answerTypeCnt4\" value=\"checkbox\"><!-- end question-content--><\/div><div class=\"question-choices watupro-choices-columns \" id=\"questionChoices38\"><div class=\"watupro-question-choice  \" dir=\"auto\"><input type=\"checkbox\" name=\"answer-38[]\" id=\"answer-id-142\" class=\"answer   answerof-38 \" value=\"142\"><label for=\"answer-id-142\" id=\"answer-label-142\" class=\" answer\"><span><p>kes on su sihtr\u00fchm<\/p><\/span><\/label><\/div><div class=\"watupro-question-choice  \" dir=\"auto\"><input type=\"checkbox\" name=\"answer-38[]\" id=\"answer-id-143\" class=\"answer   answerof-38 \" value=\"143\"><label for=\"answer-id-143\" id=\"answer-label-143\" class=\" answer\"><span><p>kus veedab su sihtr\u00fchm enim aega<\/p><\/span><\/label><\/div><div class=\"watupro-question-choice  \" dir=\"auto\"><input type=\"checkbox\" name=\"answer-38[]\" id=\"answer-id-144\" class=\"answer   answerof-38 \" value=\"144\"><label for=\"answer-id-144\" id=\"answer-label-144\" class=\" answer\"><span><p>mis viisil saab turundada enda sisu sihtr\u00fchma v\u00e4listele inimestele<\/p><\/span><\/label><\/div><div class=\"watupro-question-choice  \" dir=\"auto\"><input type=\"checkbox\" name=\"answer-38[]\" id=\"answer-id-145\" class=\"answer   answerof-38 \" value=\"145\"><label for=\"answer-id-145\" id=\"answer-label-145\" class=\" answer\"><span><p>mis sisu ja teemad su sihtr\u00fchma huvitavad<\/p><\/span><\/label><\/div><!-- end question-choices--><\/div><!-- end questionWrap--><\/div><p class=\"watupro-qnum-info \">Question 4 of 10<\/p><\/div><div class=\"watu-question \" id=\"question-5\" style=\";\"><div id=\"questionWrap-5\" class=\"   watupro-question-id-40\">\n\t\t\t<div class=\"question-content\"><div><p><strong>Millised on j\u00e4rjepideva br\u00e4ndi omadused?<\/strong><\/p><\/div><input type=\"hidden\" name=\"question_id[]\" id=\"qID_5\" value=\"40\" class=\"watupro-question-id\"><input type=\"hidden\" id=\"answerType40\" class=\"answerTypeCnt5\" value=\"checkbox\"><!-- end question-content--><\/div><div class=\"question-choices watupro-choices-columns \" id=\"questionChoices40\"><div class=\"watupro-question-choice  \" dir=\"auto\"><input type=\"checkbox\" name=\"answer-40[]\" id=\"answer-id-149\" class=\"answer   answerof-40 \" value=\"149\"><label for=\"answer-id-149\" id=\"answer-label-149\" class=\" answer\"><span><p>muutumatud eesm\u00e4rgid<\/p><\/span><\/label><\/div><div class=\"watupro-question-choice  \" dir=\"auto\"><input type=\"checkbox\" name=\"answer-40[]\" id=\"answer-id-150\" class=\"answer   answerof-40 \" value=\"150\"><label for=\"answer-id-150\" id=\"answer-label-150\" class=\" answer\"><span><p>sama logo ja v\u00e4rvid<\/p><\/span><\/label><\/div><div class=\"watupro-question-choice  \" dir=\"auto\"><input type=\"checkbox\" name=\"answer-40[]\" id=\"answer-id-151\" class=\"answer   answerof-40 \" value=\"151\"><label for=\"answer-id-151\" id=\"answer-label-151\" class=\" answer\"><span><p>sarnane s\u00f5num eri kanalites<\/p><\/span><\/label><\/div><div class=\"watupro-question-choice  \" dir=\"auto\"><input type=\"checkbox\" name=\"answer-40[]\" id=\"answer-id-152\" class=\"answer   answerof-40 \" value=\"152\"><label for=\"answer-id-152\" id=\"answer-label-152\" class=\" answer\"><span><p>copy\/paste postitused igas kanalis<\/p><\/span><\/label><\/div><!-- end question-choices--><\/div><!-- end questionWrap--><\/div><p class=\"watupro-qnum-info \">Question 5 of 10<\/p><\/div><div class=\"watu-question \" id=\"question-6\" style=\";\"><div id=\"questionWrap-6\" class=\"   watupro-question-id-37\">\n\t\t\t<div class=\"question-content\"><div><p><strong>Mis on levinuim valearusaam digitaalse turundamise juures?<\/strong><\/p><\/div><input type=\"hidden\" name=\"question_id[]\" id=\"qID_6\" value=\"37\" class=\"watupro-question-id\"><input type=\"hidden\" id=\"answerType37\" class=\"answerTypeCnt6\" value=\"checkbox\"><!-- end question-content--><\/div><div class=\"question-choices watupro-choices-columns \" id=\"questionChoices37\"><div class=\"watupro-question-choice  \" dir=\"auto\"><input type=\"checkbox\" name=\"answer-37[]\" id=\"answer-id-139\" class=\"answer   answerof-37 \" value=\"139\"><label for=\"answer-id-139\" id=\"answer-label-139\" class=\" answer\"><span><p>inimesed arvavad, et nende ettev\u00f5te peab olema igas v\u00f5imalikus veebikanalis n\u00e4htav<\/p><\/span><\/label><\/div><div class=\"watupro-question-choice  \" dir=\"auto\"><input type=\"checkbox\" name=\"answer-37[]\" id=\"answer-id-140\" class=\"answer   answerof-37 \" value=\"140\"><label for=\"answer-id-140\" id=\"answer-label-140\" class=\" answer\"><span><p>digitaalne turundamine on \u00fcks kallemaid turundusvorme<\/p><\/span><\/label><\/div><div class=\"watupro-question-choice  \" dir=\"auto\"><input type=\"checkbox\" name=\"answer-37[]\" id=\"answer-id-141\" class=\"answer   answerof-37 \" value=\"141\"><label for=\"answer-id-141\" id=\"answer-label-141\" class=\" answer\"><span><p>90% eelarvest peaks olema paigutatud digitaalse turundamise otstarbeks<\/p><\/span><\/label><\/div><!-- end question-choices--><\/div><!-- end questionWrap--><\/div><p class=\"watupro-qnum-info \">Question 6 of 10<\/p><\/div><div class=\"watu-question \" id=\"question-7\" style=\";\"><div id=\"questionWrap-7\" class=\"   watupro-question-id-39\">\n\t\t\t<div class=\"question-content\"><div><p><strong>Mis on SEO?<\/strong><\/p><\/div><input type=\"hidden\" name=\"question_id[]\" id=\"qID_7\" value=\"39\" class=\"watupro-question-id\"><input type=\"hidden\" id=\"answerType39\" class=\"answerTypeCnt7\" value=\"checkbox\"><!-- end question-content--><\/div><div class=\"question-choices watupro-choices-columns \" id=\"questionChoices39\"><div class=\"watupro-question-choice  \" dir=\"auto\"><input type=\"checkbox\" name=\"answer-39[]\" id=\"answer-id-146\" class=\"answer   answerof-39 \" value=\"146\"><label for=\"answer-id-146\" id=\"answer-label-146\" class=\" answer\"><span><p>social enterprise organization<\/p><\/span><\/label><\/div><div class=\"watupro-question-choice  \" dir=\"auto\"><input type=\"checkbox\" name=\"answer-39[]\" id=\"answer-id-147\" class=\"answer   answerof-39 \" value=\"147\"><label for=\"answer-id-147\" id=\"answer-label-147\" class=\" answer\"><span><p>social effectiveness online<\/p><\/span><\/label><\/div><div class=\"watupro-question-choice  \" dir=\"auto\"><input type=\"checkbox\" name=\"answer-39[]\" id=\"answer-id-148\" class=\"answer   answerof-39 \" value=\"148\"><label for=\"answer-id-148\" id=\"answer-label-148\" class=\" answer\"><span><p>search engine optimization<\/p><\/span><\/label><\/div><!-- end question-choices--><\/div><!-- end questionWrap--><\/div><p class=\"watupro-qnum-info \">Question 7 of 10<\/p><\/div><div class=\"watu-question \" id=\"question-8\" style=\";\"><div id=\"questionWrap-8\" class=\"   watupro-question-id-41\">\n\t\t\t<div class=\"question-content\"><div><p><strong>Miks peab \u00fcldse sotsiaalse ettev\u00f5tte puhul turundamise peale ressursse kulutama?<\/strong><\/p><\/div><input type=\"hidden\" name=\"question_id[]\" id=\"qID_8\" value=\"41\" class=\"watupro-question-id\"><input type=\"hidden\" id=\"answerType41\" class=\"answerTypeCnt8\" value=\"checkbox\"><!-- end question-content--><\/div><div class=\"question-choices watupro-choices-columns \" id=\"questionChoices41\"><div class=\"watupro-question-choice  \" dir=\"auto\"><input type=\"checkbox\" name=\"answer-41[]\" id=\"answer-id-153\" class=\"answer   answerof-41 \" value=\"153\"><label for=\"answer-id-153\" id=\"answer-label-153\" class=\" answer\"><span><p>inimesed ei saa sinu ettev\u00f5tmisega kaasa minna, kui nad ei tea, et see eksisteerib<\/p><\/span><\/label><\/div><div class=\"watupro-question-choice  \" dir=\"auto\"><input type=\"checkbox\" name=\"answer-41[]\" id=\"answer-id-154\" class=\"answer   answerof-41 \" value=\"154\"><label for=\"answer-id-154\" id=\"answer-label-154\" class=\" answer\"><span><p>inimestel on vaja teada, kuidas nad saavad aidata su eesm\u00e4rki t\u00e4ita<\/p><\/span><\/label><\/div><div class=\"watupro-question-choice  \" dir=\"auto\"><input type=\"checkbox\" name=\"answer-41[]\" id=\"answer-id-155\" class=\"answer   answerof-41 \" value=\"155\"><label for=\"answer-id-155\" id=\"answer-label-155\" class=\" answer\"><span><p>eduka br\u00e4ndi kujundamisel on korrektne turundusstrateegia kesksel kohal<\/p><\/span><\/label><\/div><!-- end question-choices--><\/div><!-- end questionWrap--><\/div><p class=\"watupro-qnum-info \">Question 8 of 10<\/p><\/div><div class=\"watu-question \" id=\"question-9\" style=\";\"><div id=\"questionWrap-9\" class=\"   watupro-question-id-32\">\n\t\t\t<div class=\"question-content\"><div><p><strong>Mis viisil tuleks l\u00e4heneda sotsiaalse ettev\u00f5tte turundamisele?<\/strong><\/p><\/div><input type=\"hidden\" name=\"question_id[]\" id=\"qID_9\" value=\"32\" class=\"watupro-question-id\"><input type=\"hidden\" id=\"answerType32\" class=\"answerTypeCnt9\" value=\"checkbox\"><!-- end question-content--><\/div><div class=\"question-choices watupro-choices-columns \" id=\"questionChoices32\"><div class=\"watupro-question-choice  \" dir=\"auto\"><input type=\"checkbox\" name=\"answer-32[]\" id=\"answer-id-117\" class=\"answer   answerof-32 \" value=\"117\"><label for=\"answer-id-117\" id=\"answer-label-117\" class=\" answer\"><span><p>esmaj\u00e4rjekorras tuleks end turundada kui konventsionaalset ettev\u00f5tet<\/p><\/span><\/label><\/div><div class=\"watupro-question-choice  \" dir=\"auto\"><input type=\"checkbox\" name=\"answer-32[]\" id=\"answer-id-118\" class=\"answer   answerof-32 \" value=\"118\"><label for=\"answer-id-118\" id=\"answer-label-118\" class=\" answer\"><span><p>k\u00f5ige olulisem on inimeste s\u00fcdametunnistusele r\u00f5humine<\/p><\/span><\/label><\/div><div class=\"watupro-question-choice  \" dir=\"auto\"><input type=\"checkbox\" name=\"answer-32[]\" id=\"answer-id-119\" class=\"answer   answerof-32 \" value=\"119\"><label for=\"answer-id-119\" id=\"answer-label-119\" class=\" answer\"><span><p>turundamine on sotsiaalse ettev\u00f5tte puhul teisej\u00e4rguline<\/p><\/span><\/label><\/div><div class=\"watupro-question-choice  \" dir=\"auto\"><input type=\"checkbox\" name=\"answer-32[]\" id=\"answer-id-120\" class=\"answer   answerof-32 \" value=\"120\"><label for=\"answer-id-120\" id=\"answer-label-120\" class=\" answer\"><span><p>turundamine on ka sotsiaalse ettev\u00f5tte puhul v\u00e4ga oluline<\/p><\/span><\/label><\/div><!-- end question-choices--><\/div><!-- end questionWrap--><\/div><p class=\"watupro-qnum-info \">Question 9 of 10<\/p><\/div><div class=\"watu-question \" id=\"question-10\" style=\";\"><div id=\"questionWrap-10\" class=\"   watupro-question-id-36\">\n\t\t\t<div class=\"question-content\"><div><p><strong>Mis positiivsed m\u00f5jud on l\u00e4bipaistval l\u00e4henemisel?<\/strong><\/p><\/div><input type=\"hidden\" name=\"question_id[]\" id=\"qID_10\" value=\"36\" class=\"watupro-question-id\"><input type=\"hidden\" id=\"answerType36\" class=\"answerTypeCnt10\" value=\"checkbox\"><!-- end question-content--><\/div><div class=\"question-choices watupro-choices-columns \" id=\"questionChoices36\"><div class=\"watupro-question-choice  \" dir=\"auto\"><input type=\"checkbox\" name=\"answer-36[]\" id=\"answer-id-135\" class=\"answer   answerof-36 \" value=\"135\"><label for=\"answer-id-135\" id=\"answer-label-135\" class=\" answer\"><span><p>see kasvatab usaldamist<\/p><\/span><\/label><\/div><div class=\"watupro-question-choice  \" dir=\"auto\"><input type=\"checkbox\" name=\"answer-36[]\" id=\"answer-id-136\" class=\"answer   answerof-36 \" value=\"136\"><label for=\"answer-id-136\" id=\"answer-label-136\" class=\" answer\"><span><p>l\u00e4bipaistev l\u00e4henemine on ebasoovituslik, sest selle abi on v\u00f5imalik konkurentidel \u00e4rimudelit kopeerida<\/p><\/span><\/label><\/div><div class=\"watupro-question-choice  \" dir=\"auto\"><input type=\"checkbox\" name=\"answer-36[]\" id=\"answer-id-137\" class=\"answer   answerof-36 \" value=\"137\"><label for=\"answer-id-137\" id=\"answer-label-137\" class=\" answer\"><span><p>inimesed n\u00e4evad, kuhu teenitud tulu l\u00e4heb<\/p><\/span><\/label><\/div><div class=\"watupro-question-choice  \" dir=\"auto\"><input type=\"checkbox\" name=\"answer-36[]\" id=\"answer-id-138\" class=\"answer   answerof-36 \" value=\"138\"><label for=\"answer-id-138\" id=\"answer-label-138\" class=\" answer\"><span><p>ajapikku tekivad lojaalsed j\u00e4rgijad ning kliendid<\/p><\/span><\/label><\/div><!-- end question-choices--><\/div><!-- end questionWrap--><\/div><p class=\"watupro-qnum-info \">Question 10 of 10<\/p><\/div><div style=\"display:none\" id=\"question-11\">\n\t<div class=\"question-content\">\n\t\t<img loading=\"lazy\" decoding=\"async\" src=\"https:\/\/sisu.ut.ee\/wp-content\/plugins\/watupro\/img\/loading.gif\" width=\"16\" height=\"16\" alt=\"Loading...\" title=\"Loading...\">\u00a0Loading...\t<\/div>\n<\/div>\n\n<br>\n\t\n\t\t\t<div class=\"watupro_buttons flex \" id=\"watuPROButtons5\">\n\t\t  <div id=\"prev-question\" style=\"display:none;\"><input type=\"button\" value=\"&lt; Previous\" onclick=\"WatuPRO.nextQuestion(event, 'previous');\"><\/div>\t\t  <div id=\"next-question\"><input type=\"button\" value=\"Next &gt;\" onclick=\"WatuPRO.nextQuestion(event);\"><\/div>\t\t  \t\t   \n\t\t   \t  \t\t<div><input type=\"button\" name=\"action\" class=\"watupro-submit-button\" onclick=\"WatuPRO.submitResult(event)\" id=\"action-button\" value=\"View Results\" style=\"display:none;\">\n\t\t<\/div>\n\t\t<\/div>\n\t\t\n\t<input type=\"hidden\" name=\"quiz_id\" value=\"5\" id=\"watuPROExamID\">\n\t<input type=\"hidden\" name=\"start_time\" id=\"startTime\" value=\"2026-04-18 02:57:03\">\n\t<input type=\"hidden\" name=\"start_timestamp\" id=\"startTimeStamp\" value=\"1776481023\">\n\t<input type=\"hidden\" name=\"question_ids\" value=\"\">\n\t<input type=\"hidden\" name=\"watupro_questions\" value=\"35:130,131,132,133,134 | 34:127,128,129 | 33:121,122,123,124,125,126 | 38:142,143,144,145 | 40:149,150,151,152 | 37:139,140,141 | 39:146,147,148 | 41:153,154,155 | 32:117,118,119,120 | 36:135,136,137,138\">\n\t<input type=\"hidden\" name=\"no_ajax\" value=\"0\">\t\t\t<\/form>\n\t<p>\u00a0<\/p>\n<\/div>\n\n<script type=\"text\/javascript\">\n\/\/jQuery(document).ready(function(){\ndocument.addEventListener(\"DOMContentLoaded\", function(event) { \t\nvar question_ids = \"35,34,33,38,40,37,39,41,32,36\";\nWatuPROSettings[5] = {};\nWatuPRO.qArr = question_ids.split(',');\nWatuPRO.exam_id = 5;\t    \nWatuPRO.post_id = 128;\nWatuPRO.store_progress = 1;\nWatuPRO.curCatPage = 1;\nWatuPRO.requiredIDs=\"0\".split(\",\");\nWatuPRO.hAppID = \"0.77623900 1776470223\";\nvar url = \"https:\/\/sisu.ut.ee\/wp-content\/plugins\/watupro\/show_exam.php\";\nWatuPRO.examMode = 0;\nWatuPRO.siteURL=\"https:\/\/sisu.ut.ee\/sotsiaalneettevotlus\/wp-admin\/admin-ajax.php\";\nWatuPRO.emailIsNotRequired = 0;\nWatuPRO.perDecade = 10;\nWatuPROIntel.init(5);\n});    \t \n<\/script>\n\n","protected":false},"excerpt":{"rendered":"","protected":false},"author":280,"featured_media":0,"parent":109,"menu_order":0,"comment_status":"closed","ping_status":"closed","template":"","meta":{"_acf_changed":false,"inline_featured_image":false,"footnotes":""},"class_list":["post-128","page","type-page","status-publish","hentry"],"acf":[],"_links":{"self":[{"href":"https:\/\/sisu.ut.ee\/sotsiaalneettevotlus\/wp-json\/wp\/v2\/pages\/128","targetHints":{"allow":["GET"]}}],"collection":[{"href":"https:\/\/sisu.ut.ee\/sotsiaalneettevotlus\/wp-json\/wp\/v2\/pages"}],"about":[{"href":"https:\/\/sisu.ut.ee\/sotsiaalneettevotlus\/wp-json\/wp\/v2\/types\/page"}],"author":[{"embeddable":true,"href":"https:\/\/sisu.ut.ee\/sotsiaalneettevotlus\/wp-json\/wp\/v2\/users\/280"}],"replies":[{"embeddable":true,"href":"https:\/\/sisu.ut.ee\/sotsiaalneettevotlus\/wp-json\/wp\/v2\/comments?post=128"}],"version-history":[{"count":1,"href":"https:\/\/sisu.ut.ee\/sotsiaalneettevotlus\/wp-json\/wp\/v2\/pages\/128\/revisions"}],"predecessor-version":[{"id":129,"href":"https:\/\/sisu.ut.ee\/sotsiaalneettevotlus\/wp-json\/wp\/v2\/pages\/128\/revisions\/129"}],"up":[{"embeddable":true,"href":"https:\/\/sisu.ut.ee\/sotsiaalneettevotlus\/wp-json\/wp\/v2\/pages\/109"}],"wp:attachment":[{"href":"https:\/\/sisu.ut.ee\/sotsiaalneettevotlus\/wp-json\/wp\/v2\/media?parent=128"}],"curies":[{"name":"wp","href":"https:\/\/api.w.org\/{rel}","templated":true}]}}