{"id":259,"date":"2024-04-18T14:00:44","date_gmt":"2024-04-18T11:00:44","guid":{"rendered":"https:\/\/sisu.ut.ee\/soomisest-joomisest-informatsioonist\/test-mikrobioelemendid\/"},"modified":"2024-04-18T14:00:44","modified_gmt":"2024-04-18T11:00:44","slug":"test-mikrobioelemendid","status":"publish","type":"page","link":"https:\/\/sisu.ut.ee\/soomisest-joomisest-informatsioonist\/test-mikrobioelemendid\/","title":{"rendered":"TEST: Mikrobioelemendid"},"content":{"rendered":"<div id=\"watupro_quiz\" class=\"quiz-area single-page-quiz\">\n<p id=\"submittingExam2\" style=\"display:none;text-align:center;\"><img loading=\"lazy\" decoding=\"async\" src=\"https:\/\/sisu.ut.ee\/wp-content\/plugins\/watupro\/img\/loading.gif\" width=\"16\" height=\"16\"><\/p>\n\n<div class=\"watupro-exam-description\" id=\"description-quiz-2\"><p>Bioelementide temaatika jaotud kaheks: Mikrobioelemendid ja Makrobioelemendid. Antud test on m\u00f5eldud enesekontrolliks p\u00e4rast video \"Makrobioelemendid\" vaatamist ja \u00f5ppepeat\u00fckkidega tutvumist. Proovi test sooritada 100% peale ja kui ei \u00f5nnestu, siis keskendu \u00f5ppematerjalile uuesti ning lahenda veelkord kuni maksimumpunktid saavutatud.<\/p>\n<\/div>\n\n<form action=\"\" method=\"post\" class=\"quiz-form\" id=\"quiz-2\" enctype=\"multipart\/form-data\">\n<div class=\"watu-question \" id=\"question-1\" style=\";\"><div id=\"questionWrap-1\" class=\"  watupro-required-14 watupro-question-id-14\">\n\t\t\t<div class=\"question-content\"><div><p>Toidus on raud peamiselt:<\/p><\/div><input type=\"hidden\" name=\"question_id[]\" id=\"qID_1\" value=\"14\" class=\"watupro-question-id\"><input type=\"hidden\" id=\"answerType14\" class=\"answerTypeCnt1\" value=\"radio\"><input type=\"hidden\" id=\"watupro-required-question-14\"><!-- end question-content--><\/div><div class=\"question-choices watupro-choices-columns \" id=\"questionChoices14\"><div class=\"watupro-question-choice  \" dir=\"auto\"><input type=\"radio\" name=\"answer-14[]\" id=\"answer-id-81\" class=\"answer   answerof-14 \" value=\"81\"><label for=\"answer-id-81\" id=\"answer-label-81\" class=\" answer\"><span><p>kahevalentne (Fe<sup>2+<\/sup>)<\/p><\/span><\/label><\/div><div class=\"watupro-question-choice  \" dir=\"auto\"><input type=\"radio\" name=\"answer-14[]\" id=\"answer-id-82\" class=\"answer   answerof-14 \" value=\"82\"><label for=\"answer-id-82\" id=\"answer-label-82\" class=\" answer\"><span><p>kolmevalentne (Fe<sup>3+<\/sup>)<\/p><\/span><\/label><\/div><!-- end question-choices--><\/div><!-- end questionWrap--><\/div><\/div><div class=\"watu-question \" id=\"question-2\" style=\";\"><div id=\"questionWrap-2\" class=\"  watupro-required-16 watupro-question-id-16\">\n\t\t\t<div class=\"question-content\"><div><p>Tsink osaleb:<\/p><\/div><input type=\"hidden\" name=\"question_id[]\" id=\"qID_2\" value=\"16\" class=\"watupro-question-id\"><input type=\"hidden\" id=\"answerType16\" class=\"answerTypeCnt2\" value=\"checkbox\"><input type=\"hidden\" id=\"watupro-required-question-16\"><!-- end question-content--><\/div><div class=\"question-choices watupro-choices-columns \" id=\"questionChoices16\"><div class=\"watupro-question-choice  \" dir=\"auto\"><input type=\"checkbox\" name=\"answer-16[]\" id=\"answer-id-86\" class=\"answer   answerof-16 \" value=\"86\"><label for=\"answer-id-86\" id=\"answer-label-86\" class=\" answer\"><span><p>mitmete ens\u00fc\u00fcmide kofaktorina<\/p><\/span><\/label><\/div><div class=\"watupro-question-choice  \" dir=\"auto\"><input type=\"checkbox\" name=\"answer-16[]\" id=\"answer-id-85\" class=\"answer   answerof-16 \" value=\"85\"><label for=\"answer-id-85\" id=\"answer-label-85\" class=\" answer\"><span><p>alkoholi metabolismis<\/p><\/span><\/label><\/div><div class=\"watupro-question-choice  \" dir=\"auto\"><input type=\"checkbox\" name=\"answer-16[]\" id=\"answer-id-87\" class=\"answer   answerof-16 \" value=\"87\"><label for=\"answer-id-87\" id=\"answer-label-87\" class=\" answer\"><span><p>valkude ja nukleiinhapete kofaktorina<\/p><\/span><\/label><\/div><div class=\"watupro-question-choice  \" dir=\"auto\"><input type=\"checkbox\" name=\"answer-16[]\" id=\"answer-id-88\" class=\"answer   answerof-16 \" value=\"88\"><label for=\"answer-id-88\" id=\"answer-label-88\" class=\" answer\"><span><p>eesn\u00e4\u00e4rme talitluses<\/p><\/span><\/label><\/div><!-- end question-choices--><\/div><!-- end questionWrap--><\/div><\/div><div class=\"watu-question \" id=\"question-3\" style=\";\"><div id=\"questionWrap-3\" class=\"  watupro-required-20 watupro-question-id-20\">\n\t\t\t<div class=\"question-content\"><div><p>Milline bioelement on hemoglobiini koostises? Palun kasutage keemilist s\u00fcmbolit.<\/p><\/div><input type=\"hidden\" name=\"question_id[]\" id=\"qID_3\" value=\"20\" class=\"watupro-question-id\"><input type=\"hidden\" id=\"answerType20\" class=\"answerTypeCnt3\" value=\"textarea\"><input type=\"hidden\" id=\"watupro-required-question-20\"><!-- end question-content--><\/div><div class=\"question-choices \" id=\"questionChoices20\"><p><textarea name=\"answer-20[]\" id=\"textarea_q_20\" class=\"watupro-textarea-medium\" rows=\"5\" cols=\"80\"><\/textarea>\n<\/p><!-- end question-choices--><\/div><!-- end questionWrap--><\/div><\/div><div class=\"watu-question \" id=\"question-4\" style=\";\"><div id=\"questionWrap-4\" class=\"  watupro-required-18 watupro-question-id-18\">\n\t\t\t<div class=\"question-content\"><div><p>Eelk\u00f5ige milliste bioelementide defitsiidi risk on kroonilistel alkohoolikutel?<\/p><\/div><input type=\"hidden\" name=\"question_id[]\" id=\"qID_4\" value=\"18\" class=\"watupro-question-id\"><input type=\"hidden\" id=\"answerType18\" class=\"answerTypeCnt4\" value=\"checkbox\"><input type=\"hidden\" id=\"watupro-required-question-18\"><!-- end question-content--><\/div><div class=\"question-choices watupro-choices-columns \" id=\"questionChoices18\"><div class=\"watupro-question-choice  \" dir=\"auto\"><input type=\"checkbox\" name=\"answer-18[]\" id=\"answer-id-92\" class=\"answer   answerof-18 \" value=\"92\"><label for=\"answer-id-92\" id=\"answer-label-92\" class=\" answer\"><span><p>Fe<\/p><\/span><\/label><\/div><div class=\"watupro-question-choice  \" dir=\"auto\"><input type=\"checkbox\" name=\"answer-18[]\" id=\"answer-id-95\" class=\"answer   answerof-18 \" value=\"95\"><label for=\"answer-id-95\" id=\"answer-label-95\" class=\" answer\"><span><p>Mg<\/p><\/span><\/label><\/div><div class=\"watupro-question-choice  \" dir=\"auto\"><input type=\"checkbox\" name=\"answer-18[]\" id=\"answer-id-94\" class=\"answer   answerof-18 \" value=\"94\"><label for=\"answer-id-94\" id=\"answer-label-94\" class=\" answer\"><span><p>K<\/p><\/span><\/label><\/div><div class=\"watupro-question-choice  \" dir=\"auto\"><input type=\"checkbox\" name=\"answer-18[]\" id=\"answer-id-93\" class=\"answer   answerof-18 \" value=\"93\"><label for=\"answer-id-93\" id=\"answer-label-93\" class=\" answer\"><span><p>Ca<\/p><\/span><\/label><\/div><!-- end question-choices--><\/div><!-- end questionWrap--><\/div><\/div><div class=\"watu-question \" id=\"question-5\" style=\";\"><div id=\"questionWrap-5\" class=\"  watupro-required-19 watupro-question-id-19\">\n\t\t\t<div class=\"question-content\"><div><p>Millise n\u00e4\u00e4rme funktsioneerimisega on seotud jood?<\/p><\/div><input type=\"hidden\" name=\"question_id[]\" id=\"qID_5\" value=\"19\" class=\"watupro-question-id\"><input type=\"hidden\" id=\"answerType19\" class=\"answerTypeCnt5\" value=\"radio\"><input type=\"hidden\" id=\"watupro-required-question-19\"><!-- end question-content--><\/div><div class=\"question-choices watupro-choices-columns \" id=\"questionChoices19\"><div class=\"watupro-question-choice  \" dir=\"auto\"><input type=\"radio\" name=\"answer-19[]\" id=\"answer-id-101\" class=\"answer   answerof-19 \" value=\"101\"><label for=\"answer-id-101\" id=\"answer-label-101\" class=\" answer\"><span><p>juttkeha<\/p><\/span><\/label><\/div><div class=\"watupro-question-choice  \" dir=\"auto\"><input type=\"radio\" name=\"answer-19[]\" id=\"answer-id-96\" class=\"answer   answerof-19 \" value=\"96\"><label for=\"answer-id-96\" id=\"answer-label-96\" class=\" answer\"><span><p>kilpn\u00e4\u00e4re<\/p><\/span><\/label><\/div><div class=\"watupro-question-choice  \" dir=\"auto\"><input type=\"radio\" name=\"answer-19[]\" id=\"answer-id-99\" class=\"answer   answerof-19 \" value=\"99\"><label for=\"answer-id-99\" id=\"answer-label-99\" class=\" answer\"><span><p>k\u00f5hun\u00e4\u00e4re<\/p><\/span><\/label><\/div><div class=\"watupro-question-choice  \" dir=\"auto\"><input type=\"radio\" name=\"answer-19[]\" id=\"answer-id-103\" class=\"answer   answerof-19 \" value=\"103\"><label for=\"answer-id-103\" id=\"answer-label-103\" class=\" answer\"><span><p>neerupealised<\/p><\/span><\/label><\/div><div class=\"watupro-question-choice  \" dir=\"auto\"><input type=\"radio\" name=\"answer-19[]\" id=\"answer-id-98\" class=\"answer   answerof-19 \" value=\"98\"><label for=\"answer-id-98\" id=\"answer-label-98\" class=\" answer\"><span><p>h\u00fcpotalamus<\/p><\/span><\/label><\/div><div class=\"watupro-question-choice  \" dir=\"auto\"><input type=\"radio\" name=\"answer-19[]\" id=\"answer-id-100\" class=\"answer   answerof-19 \" value=\"100\"><label for=\"answer-id-100\" id=\"answer-label-100\" class=\" answer\"><span><p>hipokampus<\/p><\/span><\/label><\/div><div class=\"watupro-question-choice  \" dir=\"auto\"><input type=\"radio\" name=\"answer-19[]\" id=\"answer-id-97\" class=\"answer   answerof-19 \" value=\"97\"><label for=\"answer-id-97\" id=\"answer-label-97\" class=\" answer\"><span><p>k\u00e4bikeha<\/p><\/span><\/label><\/div><div class=\"watupro-question-choice  \" dir=\"auto\"><input type=\"radio\" name=\"answer-19[]\" id=\"answer-id-102\" class=\"answer   answerof-19 \" value=\"102\"><label for=\"answer-id-102\" id=\"answer-label-102\" class=\" answer\"><span><p>k\u00f5rvalkilpn\u00e4\u00e4re<\/p><\/span><\/label><\/div><!-- end question-choices--><\/div><!-- end questionWrap--><\/div><\/div><div class=\"watu-question \" id=\"question-6\" style=\";\"><div id=\"questionWrap-6\" class=\"  watupro-required-11 watupro-question-id-11\">\n\t\t\t<div class=\"question-content\"><div><p>Rauavaegus p\u00f5hjustab eelk\u00f5ige:<\/p><\/div><input type=\"hidden\" name=\"question_id[]\" id=\"qID_6\" value=\"11\" class=\"watupro-question-id\"><input type=\"hidden\" id=\"answerType11\" class=\"answerTypeCnt6\" value=\"radio\"><input type=\"hidden\" id=\"watupro-required-question-11\"><!-- end question-content--><\/div><div class=\"question-choices watupro-choices-columns \" id=\"questionChoices11\"><div class=\"watupro-question-choice  \" dir=\"auto\"><input type=\"radio\" name=\"answer-11[]\" id=\"answer-id-63\" class=\"answer   answerof-11 \" value=\"63\"><label for=\"answer-id-63\" id=\"answer-label-63\" class=\" answer\"><span><p>ateroskleroosi<\/p><\/span><\/label><\/div><div class=\"watupro-question-choice  \" dir=\"auto\"><input type=\"radio\" name=\"answer-11[]\" id=\"answer-id-66\" class=\"answer   answerof-11 \" value=\"66\"><label for=\"answer-id-66\" id=\"answer-label-66\" class=\" answer\"><span><p>Creutzfeldt-Jakobi t\u00f5ve<\/p><\/span><\/label><\/div><div class=\"watupro-question-choice  \" dir=\"auto\"><input type=\"radio\" name=\"answer-11[]\" id=\"answer-id-65\" class=\"answer   answerof-11 \" value=\"65\"><label for=\"answer-id-65\" id=\"answer-label-65\" class=\" answer\"><span><p>fen\u00fc\u00fclketonuuriat<\/p><\/span><\/label><\/div><div class=\"watupro-question-choice  \" dir=\"auto\"><input type=\"radio\" name=\"answer-11[]\" id=\"answer-id-67\" class=\"answer   answerof-11 \" value=\"67\"><label for=\"answer-id-67\" id=\"answer-label-67\" class=\" answer\"><span><p>lampjalgsust<\/p><\/span><\/label><\/div><div class=\"watupro-question-choice  \" dir=\"auto\"><input type=\"radio\" name=\"answer-11[]\" id=\"answer-id-62\" class=\"answer   answerof-11 \" value=\"62\"><label for=\"answer-id-62\" id=\"answer-label-62\" class=\" answer\"><span><p>diabeeti<\/p><\/span><\/label><\/div><div class=\"watupro-question-choice  \" dir=\"auto\"><input type=\"radio\" name=\"answer-11[]\" id=\"answer-id-64\" class=\"answer   answerof-11 \" value=\"64\"><label for=\"answer-id-64\" id=\"answer-label-64\" class=\" answer\"><span><p>osteoporoosi<\/p><\/span><\/label><\/div><div class=\"watupro-question-choice  \" dir=\"auto\"><input type=\"radio\" name=\"answer-11[]\" id=\"answer-id-61\" class=\"answer   answerof-11 \" value=\"61\"><label for=\"answer-id-61\" id=\"answer-label-61\" class=\" answer\"><span><p>aneemiat<\/p><\/span><\/label><\/div><!-- end question-choices--><\/div><!-- end questionWrap--><\/div><\/div><div class=\"watu-question \" id=\"question-7\" style=\";\"><div id=\"questionWrap-7\" class=\"  watupro-required-17 watupro-question-id-17\">\n\t\t\t<div class=\"question-content\"><div><p>Mangaani on vaja:<\/p><\/div><input type=\"hidden\" name=\"question_id[]\" id=\"qID_7\" value=\"17\" class=\"watupro-question-id\"><input type=\"hidden\" id=\"answerType17\" class=\"answerTypeCnt7\" value=\"checkbox\"><input type=\"hidden\" id=\"watupro-required-question-17\"><!-- end question-content--><\/div><div class=\"question-choices watupro-choices-columns \" id=\"questionChoices17\"><div class=\"watupro-question-choice  \" dir=\"auto\"><input type=\"checkbox\" name=\"answer-17[]\" id=\"answer-id-91\" class=\"answer   answerof-17 \" value=\"91\"><label for=\"answer-id-91\" id=\"answer-label-91\" class=\" answer\"><span><p>biotiini, tiamiini ja vitamiin C bioaktiivsuse soodustamiseks<\/p><\/span><\/label><\/div><div class=\"watupro-question-choice  \" dir=\"auto\"><input type=\"checkbox\" name=\"answer-17[]\" id=\"answer-id-89\" class=\"answer   answerof-17 \" value=\"89\"><label for=\"answer-id-89\" id=\"answer-label-89\" class=\" answer\"><span><p>mitmete ens\u00fc\u00fcmide kofaktorina<\/p><\/span><\/label><\/div><div class=\"watupro-question-choice  \" dir=\"auto\"><input type=\"checkbox\" name=\"answer-17[]\" id=\"answer-id-90\" class=\"answer   answerof-17 \" value=\"90\"><label for=\"answer-id-90\" id=\"answer-label-90\" class=\" answer\"><span><p>rasvhapete ja kolesterooli s\u00fcnteesil<\/p><\/span><\/label><\/div><!-- end question-choices--><\/div><!-- end questionWrap--><\/div><\/div><div class=\"watu-question \" id=\"question-8\" style=\";\"><div id=\"questionWrap-8\" class=\"  watupro-required-13 watupro-question-id-13\">\n\t\t\t<div class=\"question-content\"><div><p>K\u00f5ige paremini k\u00e4ttesaadava ja imenduva raua allikas allj\u00e4rgnevatest on:<\/p><\/div><input type=\"hidden\" name=\"question_id[]\" id=\"qID_8\" value=\"13\" class=\"watupro-question-id\"><input type=\"hidden\" id=\"answerType13\" class=\"answerTypeCnt8\" value=\"radio\"><input type=\"hidden\" id=\"watupro-required-question-13\"><!-- end question-content--><\/div><div class=\"question-choices watupro-choices-columns \" id=\"questionChoices13\"><div class=\"watupro-question-choice  \" dir=\"auto\"><input type=\"radio\" name=\"answer-13[]\" id=\"answer-id-78\" class=\"answer   answerof-13 \" value=\"78\"><label for=\"answer-id-78\" id=\"answer-label-78\" class=\" answer\"><span><p>punane liha<\/p><\/span><\/label><\/div><div class=\"watupro-question-choice  \" dir=\"auto\"><input type=\"radio\" name=\"answer-13[]\" id=\"answer-id-79\" class=\"answer   answerof-13 \" value=\"79\"><label for=\"answer-id-79\" id=\"answer-label-79\" class=\" answer\"><span><p>mustikas<\/p><\/span><\/label><\/div><div class=\"watupro-question-choice  \" dir=\"auto\"><input type=\"radio\" name=\"answer-13[]\" id=\"answer-id-76\" class=\"answer   answerof-13 \" value=\"76\"><label for=\"answer-id-76\" id=\"answer-label-76\" class=\" answer\"><span><p>paprika<\/p><\/span><\/label><\/div><div class=\"watupro-question-choice  \" dir=\"auto\"><input type=\"radio\" name=\"answer-13[]\" id=\"answer-id-80\" class=\"answer   answerof-13 \" value=\"80\"><label for=\"answer-id-80\" id=\"answer-label-80\" class=\" answer\"><span><p>banaan<\/p><\/span><\/label><\/div><div class=\"watupro-question-choice  \" dir=\"auto\"><input type=\"radio\" name=\"answer-13[]\" id=\"answer-id-77\" class=\"answer   answerof-13 \" value=\"77\"><label for=\"answer-id-77\" id=\"answer-label-77\" class=\" answer\"><span><p>porrulauk<\/p><\/span><\/label><\/div><!-- end question-choices--><\/div><!-- end questionWrap--><\/div><\/div><div class=\"watu-question \" id=\"question-9\" style=\";\"><div id=\"questionWrap-9\" class=\"  watupro-required-15 watupro-question-id-15\">\n\t\t\t<div class=\"question-content\"><div><p>Enamik imenduvast rauast on:<\/p><\/div><input type=\"hidden\" name=\"question_id[]\" id=\"qID_9\" value=\"15\" class=\"watupro-question-id\"><input type=\"hidden\" id=\"answerType15\" class=\"answerTypeCnt9\" value=\"radio\"><input type=\"hidden\" id=\"watupro-required-question-15\"><!-- end question-content--><\/div><div class=\"question-choices watupro-choices-columns \" id=\"questionChoices15\"><div class=\"watupro-question-choice  \" dir=\"auto\"><input type=\"radio\" name=\"answer-15[]\" id=\"answer-id-83\" class=\"answer   answerof-15 \" value=\"83\"><label for=\"answer-id-83\" id=\"answer-label-83\" class=\" answer\"><span><p>kahevalentne (Fe<sup>2+<\/sup>)<\/p><\/span><\/label><\/div><div class=\"watupro-question-choice  \" dir=\"auto\"><input type=\"radio\" name=\"answer-15[]\" id=\"answer-id-84\" class=\"answer   answerof-15 \" value=\"84\"><label for=\"answer-id-84\" id=\"answer-label-84\" class=\" answer\"><span><p>kolmevalentne (Fe<sup>3+<\/sup>)<\/p><\/span><\/label><\/div><!-- end question-choices--><\/div><!-- end questionWrap--><\/div><\/div><div class=\"watu-question \" id=\"question-10\" style=\";\"><div id=\"questionWrap-10\" class=\"  watupro-required-12 watupro-question-id-12\">\n\t\t\t<div class=\"question-content\"><div><p>Millise mineraalaine puudus on globaalselt k\u00f5ige suurem probleem?<\/p><\/div><input type=\"hidden\" name=\"question_id[]\" id=\"qID_10\" value=\"12\" class=\"watupro-question-id\"><input type=\"hidden\" id=\"answerType12\" class=\"answerTypeCnt10\" value=\"radio\"><input type=\"hidden\" id=\"watupro-required-question-12\"><!-- end question-content--><\/div><div class=\"question-choices watupro-choices-columns \" id=\"questionChoices12\"><div class=\"watupro-question-choice  \" dir=\"auto\"><input type=\"radio\" name=\"answer-12[]\" id=\"answer-id-73\" class=\"answer   answerof-12 \" value=\"73\"><label for=\"answer-id-73\" id=\"answer-label-73\" class=\" answer\"><span><p>kloor<\/p><\/span><\/label><\/div><div class=\"watupro-question-choice  \" dir=\"auto\"><input type=\"radio\" name=\"answer-12[]\" id=\"answer-id-72\" class=\"answer   answerof-12 \" value=\"72\"><label for=\"answer-id-72\" id=\"answer-label-72\" class=\" answer\"><span><p>naatrium<\/p><\/span><\/label><\/div><div class=\"watupro-question-choice  \" dir=\"auto\"><input type=\"radio\" name=\"answer-12[]\" id=\"answer-id-75\" class=\"answer   answerof-12 \" value=\"75\"><label for=\"answer-id-75\" id=\"answer-label-75\" class=\" answer\"><span><p>ts\u00fcsteiin<\/p><\/span><\/label><\/div><div class=\"watupro-question-choice  \" dir=\"auto\"><input type=\"radio\" name=\"answer-12[]\" id=\"answer-id-68\" class=\"answer   answerof-12 \" value=\"68\"><label for=\"answer-id-68\" id=\"answer-label-68\" class=\" answer\"><span><p>raud<\/p><\/span><\/label><\/div><div class=\"watupro-question-choice  \" dir=\"auto\"><input type=\"radio\" name=\"answer-12[]\" id=\"answer-id-71\" class=\"answer   answerof-12 \" value=\"71\"><label for=\"answer-id-71\" id=\"answer-label-71\" class=\" answer\"><span><p>gl\u00fckoos<\/p><\/span><\/label><\/div><div class=\"watupro-question-choice  \" dir=\"auto\"><input type=\"radio\" name=\"answer-12[]\" id=\"answer-id-69\" class=\"answer   answerof-12 \" value=\"69\"><label for=\"answer-id-69\" id=\"answer-label-69\" class=\" answer\"><span><p>D-vitamiin<\/p><\/span><\/label><\/div><div class=\"watupro-question-choice  \" dir=\"auto\"><input type=\"radio\" name=\"answer-12[]\" id=\"answer-id-70\" class=\"answer   answerof-12 \" value=\"70\"><label for=\"answer-id-70\" id=\"answer-label-70\" class=\" answer\"><span><p>seleen<\/p><\/span><\/label><\/div><div class=\"watupro-question-choice  \" dir=\"auto\"><input type=\"radio\" name=\"answer-12[]\" id=\"answer-id-74\" class=\"answer   answerof-12 \" value=\"74\"><label for=\"answer-id-74\" id=\"answer-label-74\" class=\" answer\"><span><p>vesi<\/p><\/span><\/label><\/div><!-- end question-choices--><\/div><!-- end questionWrap--><\/div><\/div><div style=\"display:none\" id=\"question-11\">\n\t<div class=\"question-content\">\n\t\t<img loading=\"lazy\" decoding=\"async\" src=\"https:\/\/sisu.ut.ee\/wp-content\/plugins\/watupro\/img\/loading.gif\" width=\"16\" height=\"16\" alt=\"Loading...\" title=\"Loading...\">\u00a0Loading...\t<\/div>\n<\/div>\n\n<br>\n\t\n\t\t\t<div class=\"watupro_buttons flex \" id=\"watuPROButtons2\">\n\t\t  <div id=\"prev-question\" style=\"display:none;\"><input type=\"button\" value=\"&lt; Previous\" onclick=\"WatuPRO.nextQuestion(event, 'previous');\"><\/div>\t\t  \t\t  \t\t   \n\t\t   \t  \t\t<div><input type=\"button\" name=\"action\" class=\"watupro-submit-button\" onclick=\"WatuPRO.submitResult(event)\" id=\"action-button\" value=\"View Results\">\n\t\t<\/div>\n\t\t<\/div>\n\t\t\n\t<input type=\"hidden\" name=\"quiz_id\" value=\"2\" id=\"watuPROExamID\">\n\t<input type=\"hidden\" name=\"start_time\" id=\"startTime\" value=\"2026-04-11 08:18:44\">\n\t<input type=\"hidden\" name=\"start_timestamp\" id=\"startTimeStamp\" value=\"1775895524\">\n\t<input type=\"hidden\" name=\"question_ids\" value=\"\">\n\t<input type=\"hidden\" name=\"watupro_questions\" value=\"14:81,82 | 16:86,85,87,88 | 20:104 | 18:92,95,94,93 | 19:101,96,99,103,98,100,97,102 | 11:63,66,65,67,62,64,61 | 17:91,89,90 | 13:78,79,76,80,77 | 15:83,84 | 12:73,72,75,68,71,69,70,74\">\n\t<input type=\"hidden\" name=\"no_ajax\" value=\"0\">\t\t\t<\/form>\n\t<p>\u00a0<\/p>\n<\/div>\n\n<script type=\"text\/javascript\">\n\/\/jQuery(document).ready(function(){\ndocument.addEventListener(\"DOMContentLoaded\", function(event) { \t\nvar question_ids = \"14,16,20,18,19,11,17,13,15,12\";\nWatuPROSettings[2] = {};\nWatuPRO.qArr = question_ids.split(',');\nWatuPRO.exam_id = 2;\t    \nWatuPRO.post_id = 259;\nWatuPRO.store_progress = 0;\nWatuPRO.curCatPage = 1;\nWatuPRO.requiredIDs=\"0,14,16,20,18,19,11,17,13,15,12\".split(\",\");\nWatuPRO.hAppID = \"0.52109600 1775884724\";\nvar url = \"https:\/\/sisu.ut.ee\/wp-content\/plugins\/watupro\/show_exam.php\";\nWatuPRO.examMode = 1;\nWatuPRO.siteURL=\"https:\/\/sisu.ut.ee\/soomisest-joomisest-informatsioonist\/wp-admin\/admin-ajax.php\";\nWatuPRO.emailIsNotRequired = 0;\nWatuPRO.perDecade = 10;\nWatuPROIntel.init(2);\nWatuPRO.inCategoryPages=1;});    \t \n<\/script>\n\n","protected":false},"excerpt":{"rendered":"","protected":false},"author":9,"featured_media":0,"parent":0,"menu_order":0,"comment_status":"closed","ping_status":"closed","template":"","meta":{"_acf_changed":false,"inline_featured_image":false,"footnotes":""},"class_list":["post-259","page","type-page","status-publish","hentry"],"acf":[],"_links":{"self":[{"href":"https:\/\/sisu.ut.ee\/soomisest-joomisest-informatsioonist\/wp-json\/wp\/v2\/pages\/259","targetHints":{"allow":["GET"]}}],"collection":[{"href":"https:\/\/sisu.ut.ee\/soomisest-joomisest-informatsioonist\/wp-json\/wp\/v2\/pages"}],"about":[{"href":"https:\/\/sisu.ut.ee\/soomisest-joomisest-informatsioonist\/wp-json\/wp\/v2\/types\/page"}],"author":[{"embeddable":true,"href":"https:\/\/sisu.ut.ee\/soomisest-joomisest-informatsioonist\/wp-json\/wp\/v2\/users\/9"}],"replies":[{"embeddable":true,"href":"https:\/\/sisu.ut.ee\/soomisest-joomisest-informatsioonist\/wp-json\/wp\/v2\/comments?post=259"}],"version-history":[{"count":0,"href":"https:\/\/sisu.ut.ee\/soomisest-joomisest-informatsioonist\/wp-json\/wp\/v2\/pages\/259\/revisions"}],"wp:attachment":[{"href":"https:\/\/sisu.ut.ee\/soomisest-joomisest-informatsioonist\/wp-json\/wp\/v2\/media?parent=259"}],"curies":[{"name":"wp","href":"https:\/\/api.w.org\/{rel}","templated":true}]}}