{"id":245,"date":"2024-04-18T13:54:31","date_gmt":"2024-04-18T10:54:31","guid":{"rendered":"https:\/\/sisu.ut.ee\/soomisest-joomisest-informatsioonist\/test-toitumisharjumuste-uurimismeetodid\/"},"modified":"2024-04-18T13:54:31","modified_gmt":"2024-04-18T10:54:31","slug":"test-toitumisharjumuste-uurimismeetodid","status":"publish","type":"page","link":"https:\/\/sisu.ut.ee\/soomisest-joomisest-informatsioonist\/test-toitumisharjumuste-uurimismeetodid\/","title":{"rendered":"TEST: Toitumisharjumuste uurimismeetodid"},"content":{"rendered":"<div id=\"watupro_quiz\" class=\"quiz-area single-page-quiz\">\n<p id=\"submittingExam16\" style=\"display:none;text-align:center;\"><img loading=\"lazy\" decoding=\"async\" src=\"https:\/\/sisu.ut.ee\/wp-content\/plugins\/watupro\/img\/loading.gif\" width=\"16\" height=\"16\"><\/p>\n\n<div class=\"watupro-exam-description\" id=\"description-quiz-16\"><p>Antud test on m\u00f5eldud enesekontrolliks p\u00e4rast video \"Toitumisharjumuste uurimismeetodid\" vaatamist ja \u00f5ppepeat\u00fckkidega tutvumist. Proovi test sooritada 100% peale ja kui ei \u00f5nnestu, siis keskendu \u00f5ppematerjalile uuesti ning lahenda veelkord kuni maksimumpunktid saavutatud.<\/p>\n<\/div>\n\n<form action=\"\" method=\"post\" class=\"quiz-form\" id=\"quiz-16\" enctype=\"multipart\/form-data\">\n<div class=\"watu-question \" id=\"question-1\" style=\";\"><div id=\"questionWrap-1\" class=\"  watupro-required-143 watupro-question-id-143\">\n\t\t\t<div class=\"question-content\"><div><p>Millist skaalat kasutatakse toidus\u00f5ltuvuse uurimiseks?<\/p><\/div><input type=\"hidden\" name=\"question_id[]\" id=\"qID_1\" value=\"143\" class=\"watupro-question-id\"><input type=\"hidden\" id=\"answerType143\" class=\"answerTypeCnt1\" value=\"radio\"><input type=\"hidden\" id=\"watupro-required-question-143\"><!-- end question-content--><\/div><div class=\"question-choices watupro-choices-columns \" id=\"questionChoices143\"><div class=\"watupro-question-choice  \" dir=\"auto\"><input type=\"radio\" name=\"answer-143[]\" id=\"answer-id-740\" class=\"answer   answerof-143 \" value=\"740\"><label for=\"answer-id-740\" id=\"answer-label-740\" class=\" answer\"><span><p>Yale\u00b4i toidus\u00f5ltuvuse skaala (YFAS)<\/p><\/span><\/label><\/div><div class=\"watupro-question-choice  \" dir=\"auto\"><input type=\"radio\" name=\"answer-143[]\" id=\"answer-id-741\" class=\"answer   answerof-143 \" value=\"741\"><label for=\"answer-id-741\" id=\"answer-label-741\" class=\" answer\"><span><p>rahvusvaheline haiguste klassifikatsioon<\/p><\/span><\/label><\/div><div class=\"watupro-question-choice  \" dir=\"auto\"><input type=\"radio\" name=\"answer-143[]\" id=\"answer-id-742\" class=\"answer   answerof-143 \" value=\"742\"><label for=\"answer-id-742\" id=\"answer-label-742\" class=\" answer\"><span><p>Becki depressiooni skaala<\/p><\/span><\/label><\/div><!-- end question-choices--><\/div><!-- end questionWrap--><\/div><\/div><div class=\"watu-question \" id=\"question-2\" style=\";\"><div id=\"questionWrap-2\" class=\"  watupro-required-145 watupro-question-id-145\">\n\t\t\t<div class=\"question-content\"><div><p>Kui suur on YFASi toidus\u00f5ltuvus protsentides?<\/p><\/div><input type=\"hidden\" name=\"question_id[]\" id=\"qID_2\" value=\"145\" class=\"watupro-question-id\"><input type=\"hidden\" id=\"answerType145\" class=\"answerTypeCnt2\" value=\"radio\"><input type=\"hidden\" id=\"watupro-required-question-145\"><!-- end question-content--><\/div><div class=\"question-choices watupro-choices-columns \" id=\"questionChoices145\"><div class=\"watupro-question-choice  \" dir=\"auto\"><input type=\"radio\" name=\"answer-145[]\" id=\"answer-id-752\" class=\"answer   answerof-145 \" value=\"752\"><label for=\"answer-id-752\" id=\"answer-label-752\" class=\" answer\"><span><p>0...11%<\/p><\/span><\/label><\/div><div class=\"watupro-question-choice  \" dir=\"auto\"><input type=\"radio\" name=\"answer-145[]\" id=\"answer-id-753\" class=\"answer   answerof-145 \" value=\"753\"><label for=\"answer-id-753\" id=\"answer-label-753\" class=\" answer\"><span><p>22...33%<\/p><\/span><\/label><\/div><div class=\"watupro-question-choice  \" dir=\"auto\"><input type=\"radio\" name=\"answer-145[]\" id=\"answer-id-754\" class=\"answer   answerof-145 \" value=\"754\"><label for=\"answer-id-754\" id=\"answer-label-754\" class=\" answer\"><span><p>55..77%<\/p><\/span><\/label><\/div><div class=\"watupro-question-choice  \" dir=\"auto\"><input type=\"radio\" name=\"answer-145[]\" id=\"answer-id-755\" class=\"answer   answerof-145 \" value=\"755\"><label for=\"answer-id-755\" id=\"answer-label-755\" class=\" answer\"><span><p>80...95%<\/p><\/span><\/label><\/div><div class=\"watupro-question-choice  \" dir=\"auto\"><input type=\"radio\" name=\"answer-145[]\" id=\"answer-id-756\" class=\"answer   answerof-145 \" value=\"756\"><label for=\"answer-id-756\" id=\"answer-label-756\" class=\" answer\"><span><p>96...99%<\/p><\/span><\/label><\/div><!-- end question-choices--><\/div><!-- end questionWrap--><\/div><\/div><div class=\"watu-question \" id=\"question-3\" style=\";\"><div id=\"questionWrap-3\" class=\"  watupro-required-140 watupro-question-id-140\">\n\t\t\t<div class=\"question-content\"><div><p>\u00dcks ja kindel makrotoitaine v\u00f5ib s\u00f5ltuvust p\u00f5hjustada<\/p><\/div><input type=\"hidden\" name=\"question_id[]\" id=\"qID_3\" value=\"140\" class=\"watupro-question-id\"><input type=\"hidden\" id=\"answerType140\" class=\"answerTypeCnt3\" value=\"radio\"><input type=\"hidden\" id=\"watupro-required-question-140\"><!-- end question-content--><\/div><div class=\"question-choices watupro-choices-columns \" id=\"questionChoices140\"><div class=\"watupro-question-choice  \" dir=\"auto\"><input type=\"radio\" name=\"answer-140[]\" id=\"answer-id-732\" class=\"answer   answerof-140 \" value=\"732\"><label for=\"answer-id-732\" id=\"answer-label-732\" class=\" answer\"><span>True<\/span><\/label><\/div><div class=\"watupro-question-choice  \" dir=\"auto\"><input type=\"radio\" name=\"answer-140[]\" id=\"answer-id-733\" class=\"answer   answerof-140 \" value=\"733\"><label for=\"answer-id-733\" id=\"answer-label-733\" class=\" answer\"><span>False<\/span><\/label><\/div><!-- end question-choices--><\/div><!-- end questionWrap--><\/div><\/div><div class=\"watu-question \" id=\"question-4\" style=\";\"><div id=\"questionWrap-4\" class=\"  watupro-required-146 watupro-question-id-146\">\n\t\t\t<div class=\"question-content\"><div><p>Milline oli k\u00f5ige levinum tunnusm\u00e4rk uuringus osalejate hulgas?<\/p><\/div><input type=\"hidden\" name=\"question_id[]\" id=\"qID_4\" value=\"146\" class=\"watupro-question-id\"><input type=\"hidden\" id=\"answerType146\" class=\"answerTypeCnt4\" value=\"radio\"><input type=\"hidden\" id=\"watupro-required-question-146\"><!-- end question-content--><\/div><div class=\"question-choices watupro-choices-columns \" id=\"questionChoices146\"><div class=\"watupro-question-choice  \" dir=\"auto\"><input type=\"radio\" name=\"answer-146[]\" id=\"answer-id-761\" class=\"answer   answerof-146 \" value=\"761\"><label for=\"answer-id-761\" id=\"answer-label-761\" class=\" answer\"><span><p>p\u00f5sepunetus enne toitumise alustamist<\/p><\/span><\/label><\/div><div class=\"watupro-question-choice  \" dir=\"auto\"><input type=\"radio\" name=\"answer-146[]\" id=\"answer-id-760\" class=\"answer   answerof-146 \" value=\"760\"><label for=\"answer-id-760\" id=\"answer-label-760\" class=\" answer\"><span><p>pidevad t\u00f5mblused n\u00e4opiirkonnas<\/p><\/span><\/label><\/div><div class=\"watupro-question-choice  \" dir=\"auto\"><input type=\"radio\" name=\"answer-146[]\" id=\"answer-id-758\" class=\"answer   answerof-146 \" value=\"758\"><label for=\"answer-id-758\" id=\"answer-label-758\" class=\" answer\"><span><p>\u00e4raj\u00e4\u00e4man\u00e4hud<\/p><\/span><\/label><\/div><div class=\"watupro-question-choice  \" dir=\"auto\"><input type=\"radio\" name=\"answer-146[]\" id=\"answer-id-759\" class=\"answer   answerof-146 \" value=\"759\"><label for=\"answer-id-759\" id=\"answer-label-759\" class=\" answer\"><span><p>palavikukrambid<\/p><\/span><\/label><\/div><div class=\"watupro-question-choice  \" dir=\"auto\"><input type=\"radio\" name=\"answer-146[]\" id=\"answer-id-757\" class=\"answer   answerof-146 \" value=\"757\"><label for=\"answer-id-757\" id=\"answer-label-757\" class=\" answer\"><span><p>p\u00fcsiv ihalemine v\u00f5i korduvad eba\u00f5nnestunud katsed liigs\u00f6\u00f6mise l\u00f5petamiseks<\/p><\/span><\/label><\/div><!-- end question-choices--><\/div><!-- end questionWrap--><\/div><\/div><div class=\"watu-question \" id=\"question-5\" style=\";\"><div id=\"questionWrap-5\" class=\"  watupro-required-142 watupro-question-id-142\">\n\t\t\t<div class=\"question-content\"><div><p>Milliste toitude s\u00f6\u00f6misel oli videoloengus k\u00e4sitletud uuringus \u00fclekaalulisus peamiselt p\u00f5hjustatud?<\/p><\/div><input type=\"hidden\" name=\"question_id[]\" id=\"qID_5\" value=\"142\" class=\"watupro-question-id\"><input type=\"hidden\" id=\"answerType142\" class=\"answerTypeCnt5\" value=\"checkbox\"><input type=\"hidden\" id=\"watupro-required-question-142\"><!-- end question-content--><\/div><div class=\"question-choices watupro-choices-columns \" id=\"questionChoices142\"><div class=\"watupro-question-choice  \" dir=\"auto\"><input type=\"checkbox\" name=\"answer-142[]\" id=\"answer-id-737\" class=\"answer   answerof-142 \" value=\"737\"><label for=\"answer-id-737\" id=\"answer-label-737\" class=\" answer\"><span><p>v\u00e4hese suhkrusisalduse ja v\u00e4hese rasvasusega toitudega<\/p><\/span><\/label><\/div><div class=\"watupro-question-choice  \" dir=\"auto\"><input type=\"checkbox\" name=\"answer-142[]\" id=\"answer-id-739\" class=\"answer   answerof-142 \" value=\"739\"><label for=\"answer-id-739\" id=\"answer-label-739\" class=\" answer\"><span><p>rasvarikaste soolaste\/v\u00fcrtsikate toitudega<\/p><\/span><\/label><\/div><div class=\"watupro-question-choice  \" dir=\"auto\"><input type=\"checkbox\" name=\"answer-142[]\" id=\"answer-id-738\" class=\"answer   answerof-142 \" value=\"738\"><label for=\"answer-id-738\" id=\"answer-label-738\" class=\" answer\"><span><p>rasvarikaste magusate toitudega<\/p><\/span><\/label><\/div><div class=\"watupro-question-choice  \" dir=\"auto\"><input type=\"checkbox\" name=\"answer-142[]\" id=\"answer-id-736\" class=\"answer   answerof-142 \" value=\"736\"><label for=\"answer-id-736\" id=\"answer-label-736\" class=\" answer\"><span><p>ainult magusate (suhkrurikaste) toitudega<\/p><\/span><\/label><\/div><!-- end question-choices--><\/div><!-- end questionWrap--><\/div><\/div><div class=\"watu-question \" id=\"question-6\" style=\";\"><div id=\"questionWrap-6\" class=\"  watupro-required-144 watupro-question-id-144\">\n\t\t\t<div class=\"question-content\"><div><p>Milliseid tunnuseid k\u00e4sitletakse YFASi poolt?<\/p><\/div><input type=\"hidden\" name=\"question_id[]\" id=\"qID_6\" value=\"144\" class=\"watupro-question-id\"><input type=\"hidden\" id=\"answerType144\" class=\"answerTypeCnt6\" value=\"checkbox\"><input type=\"hidden\" id=\"watupro-required-question-144\"><!-- end question-content--><\/div><div class=\"question-choices watupro-choices-columns \" id=\"questionChoices144\"><div class=\"watupro-question-choice  \" dir=\"auto\"><input type=\"checkbox\" name=\"answer-144[]\" id=\"answer-id-747\" class=\"answer   answerof-144 \" value=\"747\"><label for=\"answer-id-747\" id=\"answer-label-747\" class=\" answer\"><span><p>j\u00e4tkuv tarbimine vaatamata imsetele probleemidele<\/p><\/span><\/label><\/div><div class=\"watupro-question-choice  \" dir=\"auto\"><input type=\"checkbox\" name=\"answer-144[]\" id=\"answer-id-751\" class=\"answer   answerof-144 \" value=\"751\"><label for=\"answer-id-751\" id=\"answer-label-751\" class=\" answer\"><span><p>k\u00fclmutatud pitsa ja j\u00e4\u00e4tise ostmise suurenemine<\/p><\/span><\/label><\/div><div class=\"watupro-question-choice  \" dir=\"auto\"><input type=\"checkbox\" name=\"answer-144[]\" id=\"answer-id-743\" class=\"answer   answerof-144 \" value=\"743\"><label for=\"answer-id-743\" id=\"answer-label-743\" class=\" answer\"><span><p>tolerantsuse teke<\/p><\/span><\/label><\/div><div class=\"watupro-question-choice  \" dir=\"auto\"><input type=\"checkbox\" name=\"answer-144[]\" id=\"answer-id-750\" class=\"answer   answerof-144 \" value=\"750\"><label for=\"answer-id-750\" id=\"answer-label-750\" class=\" answer\"><span><p>kliiniliselt m\u00e4rkimisv\u00e4\u00e4rne h\u00e4ire\/distress<\/p><\/span><\/label><\/div><div class=\"watupro-question-choice  \" dir=\"auto\"><input type=\"checkbox\" name=\"answer-144[]\" id=\"answer-id-745\" class=\"answer   answerof-144 \" value=\"745\"><label for=\"answer-id-745\" id=\"answer-label-745\" class=\" answer\"><span><p>kontrolli kadumine tarbimise \u00fcle<\/p><\/span><\/label><\/div><div class=\"watupro-question-choice  \" dir=\"auto\"><input type=\"checkbox\" name=\"answer-144[]\" id=\"answer-id-746\" class=\"answer   answerof-144 \" value=\"746\"><label for=\"answer-id-746\" id=\"answer-label-746\" class=\" answer\"><span><p>kokaiini tarbimisest v\u00f5\u00f5rdumine<\/p><\/span><\/label><\/div><div class=\"watupro-question-choice  \" dir=\"auto\"><input type=\"checkbox\" name=\"answer-144[]\" id=\"answer-id-744\" class=\"answer   answerof-144 \" value=\"744\"><label for=\"answer-id-744\" id=\"answer-label-744\" class=\" answer\"><span><p>\u00e4raj\u00e4\u00e4man\u00e4hud<\/p><\/span><\/label><\/div><div class=\"watupro-question-choice  \" dir=\"auto\"><input type=\"checkbox\" name=\"answer-144[]\" id=\"answer-id-749\" class=\"answer   answerof-144 \" value=\"749\"><label for=\"answer-id-749\" id=\"answer-label-749\" class=\" answer\"><span><p>korduvad eba\u00f5nnestunud katsed mahaj\u00e4tmiseks<\/p><\/span><\/label><\/div><div class=\"watupro-question-choice  \" dir=\"auto\"><input type=\"checkbox\" name=\"answer-144[]\" id=\"answer-id-748\" class=\"answer   answerof-144 \" value=\"748\"><label for=\"answer-id-748\" id=\"answer-label-748\" class=\" answer\"><span><p>kanepi \u00fclej\u00e4\u00e4gi kinkimine naabrimehele<\/p><\/span><\/label><\/div><!-- end question-choices--><\/div><!-- end questionWrap--><\/div><\/div><div class=\"watu-question \" id=\"question-7\" style=\";\"><div id=\"questionWrap-7\" class=\"  watupro-required-141 watupro-question-id-141\">\n\t\t\t<div class=\"question-content\"><div><p>Suhkru toime dopamiini vabanemisele naalduvas tuumas on v\u00f5rdv\u00e4\u00e4rne uimasti amfetamiini toimega.<\/p><\/div><input type=\"hidden\" name=\"question_id[]\" id=\"qID_7\" value=\"141\" class=\"watupro-question-id\"><input type=\"hidden\" id=\"answerType141\" class=\"answerTypeCnt7\" value=\"radio\"><input type=\"hidden\" id=\"watupro-required-question-141\"><!-- end question-content--><\/div><div class=\"question-choices watupro-choices-columns \" id=\"questionChoices141\"><div class=\"watupro-question-choice  \" dir=\"auto\"><input type=\"radio\" name=\"answer-141[]\" id=\"answer-id-734\" class=\"answer   answerof-141 \" value=\"734\"><label for=\"answer-id-734\" id=\"answer-label-734\" class=\" answer\"><span>True<\/span><\/label><\/div><div class=\"watupro-question-choice  \" dir=\"auto\"><input type=\"radio\" name=\"answer-141[]\" id=\"answer-id-735\" class=\"answer   answerof-141 \" value=\"735\"><label for=\"answer-id-735\" id=\"answer-label-735\" class=\" answer\"><span>False<\/span><\/label><\/div><!-- end question-choices--><\/div><!-- end questionWrap--><\/div><\/div><div style=\"display:none\" id=\"question-8\">\n\t<div class=\"question-content\">\n\t\t<img loading=\"lazy\" decoding=\"async\" src=\"https:\/\/sisu.ut.ee\/wp-content\/plugins\/watupro\/img\/loading.gif\" width=\"16\" height=\"16\" alt=\"Loading...\" title=\"Loading...\">\u00a0Loading...\t<\/div>\n<\/div>\n\n<br>\n\t\n\t\t\t<div class=\"watupro_buttons flex \" id=\"watuPROButtons16\">\n\t\t  <div id=\"prev-question\" style=\"display:none;\"><input type=\"button\" value=\"&lt; Previous\" onclick=\"WatuPRO.nextQuestion(event, 'previous');\"><\/div>\t\t  \t\t  \t\t   \n\t\t   \t  \t\t<div><input type=\"button\" name=\"action\" class=\"watupro-submit-button\" onclick=\"WatuPRO.submitResult(event)\" id=\"action-button\" value=\"View Results\">\n\t\t<\/div>\n\t\t<\/div>\n\t\t\n\t<input type=\"hidden\" name=\"quiz_id\" value=\"16\" id=\"watuPROExamID\">\n\t<input type=\"hidden\" name=\"start_time\" id=\"startTime\" value=\"2026-04-11 08:18:44\">\n\t<input type=\"hidden\" name=\"start_timestamp\" id=\"startTimeStamp\" value=\"1775895524\">\n\t<input type=\"hidden\" name=\"question_ids\" value=\"\">\n\t<input type=\"hidden\" name=\"watupro_questions\" value=\"143:740,741,742 | 145:752,753,754,755,756 | 140:732,733 | 146:761,760,758,759,757 | 142:737,739,738,736 | 144:747,751,743,750,745,746,744,749,748 | 141:734,735\">\n\t<input type=\"hidden\" name=\"no_ajax\" value=\"0\">\t\t\t<\/form>\n\t<p>\u00a0<\/p>\n<\/div>\n\n<script type=\"text\/javascript\">\n\/\/jQuery(document).ready(function(){\ndocument.addEventListener(\"DOMContentLoaded\", function(event) { \t\nvar question_ids = \"143,145,140,146,142,144,141\";\nWatuPROSettings[16] = {};\nWatuPRO.qArr = question_ids.split(',');\nWatuPRO.exam_id = 16;\t    \nWatuPRO.post_id = 245;\nWatuPRO.store_progress = 0;\nWatuPRO.curCatPage = 1;\nWatuPRO.requiredIDs=\"0,143,145,140,146,142,144,141\".split(\",\");\nWatuPRO.hAppID = \"0.47914700 1775884724\";\nvar url = \"https:\/\/sisu.ut.ee\/wp-content\/plugins\/watupro\/show_exam.php\";\nWatuPRO.examMode = 1;\nWatuPRO.siteURL=\"https:\/\/sisu.ut.ee\/soomisest-joomisest-informatsioonist\/wp-admin\/admin-ajax.php\";\nWatuPRO.emailIsNotRequired = 0;\nWatuPRO.perDecade = 10;\nWatuPROIntel.init(16);\nWatuPRO.inCategoryPages=1;});    \t \n<\/script>\n\n","protected":false},"excerpt":{"rendered":"","protected":false},"author":9,"featured_media":0,"parent":0,"menu_order":0,"comment_status":"closed","ping_status":"closed","template":"","meta":{"_acf_changed":false,"inline_featured_image":false,"footnotes":""},"class_list":["post-245","page","type-page","status-publish","hentry"],"acf":[],"_links":{"self":[{"href":"https:\/\/sisu.ut.ee\/soomisest-joomisest-informatsioonist\/wp-json\/wp\/v2\/pages\/245","targetHints":{"allow":["GET"]}}],"collection":[{"href":"https:\/\/sisu.ut.ee\/soomisest-joomisest-informatsioonist\/wp-json\/wp\/v2\/pages"}],"about":[{"href":"https:\/\/sisu.ut.ee\/soomisest-joomisest-informatsioonist\/wp-json\/wp\/v2\/types\/page"}],"author":[{"embeddable":true,"href":"https:\/\/sisu.ut.ee\/soomisest-joomisest-informatsioonist\/wp-json\/wp\/v2\/users\/9"}],"replies":[{"embeddable":true,"href":"https:\/\/sisu.ut.ee\/soomisest-joomisest-informatsioonist\/wp-json\/wp\/v2\/comments?post=245"}],"version-history":[{"count":0,"href":"https:\/\/sisu.ut.ee\/soomisest-joomisest-informatsioonist\/wp-json\/wp\/v2\/pages\/245\/revisions"}],"wp:attachment":[{"href":"https:\/\/sisu.ut.ee\/soomisest-joomisest-informatsioonist\/wp-json\/wp\/v2\/media?parent=245"}],"curies":[{"name":"wp","href":"https:\/\/api.w.org\/{rel}","templated":true}]}}