{"id":243,"date":"2024-04-18T13:53:41","date_gmt":"2024-04-18T10:53:41","guid":{"rendered":"https:\/\/sisu.ut.ee\/soomisest-joomisest-informatsioonist\/test-joomise-fusioloogia\/"},"modified":"2024-04-18T13:53:41","modified_gmt":"2024-04-18T10:53:41","slug":"test-joomise-fusioloogia","status":"publish","type":"page","link":"https:\/\/sisu.ut.ee\/soomisest-joomisest-informatsioonist\/test-joomise-fusioloogia\/","title":{"rendered":"TEST: Joomise f\u00fcsioloogia"},"content":{"rendered":"<div id=\"watupro_quiz\" class=\"quiz-area single-page-quiz\">\n<p id=\"submittingExam18\" style=\"display:none;text-align:center;\"><img loading=\"lazy\" decoding=\"async\" src=\"https:\/\/sisu.ut.ee\/wp-content\/plugins\/watupro\/img\/loading.gif\" width=\"16\" height=\"16\"><\/p>\n\n<div class=\"watupro-exam-description\" id=\"description-quiz-18\"><p>Antud test on m\u00f5eldud enesekontrolliks p\u00e4rast video \"Joomise f\u00fcsioloogia\" vaatamist ja \u00f5ppepeat\u00fckkidega tutvumist. Proovi test sooritada 100% peale ja kui ei \u00f5nnestu, siis keskendu \u00f5ppematerjalile uuesti ning lahenda veelkord kuni maksimumpunktid saavutatud.<\/p>\n<\/div>\n\n<form action=\"\" method=\"post\" class=\"quiz-form\" id=\"quiz-18\" enctype=\"multipart\/form-data\">\n<div class=\"watu-question \" id=\"question-1\" style=\";\"><div id=\"questionWrap-1\" class=\"  watupro-required-149 watupro-question-id-149\">\n\t\t\t<div class=\"question-content\"><div><p>Peamiselt ekstratsellulaarses vedelikus (rakust v\u00e4ljas) on:<\/p><\/div><input type=\"hidden\" name=\"question_id[]\" id=\"qID_1\" value=\"149\" class=\"watupro-question-id\"><input type=\"hidden\" id=\"answerType149\" class=\"answerTypeCnt1\" value=\"checkbox\"><input type=\"hidden\" id=\"watupro-required-question-149\"><!-- end question-content--><\/div><div class=\"question-choices watupro-choices-columns \" id=\"questionChoices149\"><div class=\"watupro-question-choice  \" dir=\"auto\"><input type=\"checkbox\" name=\"answer-149[]\" id=\"answer-id-775\" class=\"answer   answerof-149 \" value=\"775\"><label for=\"answer-id-775\" id=\"answer-label-775\" class=\" answer\"><span><p>kloor<\/p><\/span><\/label><\/div><div class=\"watupro-question-choice  \" dir=\"auto\"><input type=\"checkbox\" name=\"answer-149[]\" id=\"answer-id-772\" class=\"answer   answerof-149 \" value=\"772\"><label for=\"answer-id-772\" id=\"answer-label-772\" class=\" answer\"><span><p>naatrium<\/p><\/span><\/label><\/div><div class=\"watupro-question-choice  \" dir=\"auto\"><input type=\"checkbox\" name=\"answer-149[]\" id=\"answer-id-774\" class=\"answer   answerof-149 \" value=\"774\"><label for=\"answer-id-774\" id=\"answer-label-774\" class=\" answer\"><span><p>kaltsium<\/p><\/span><\/label><\/div><div class=\"watupro-question-choice  \" dir=\"auto\"><input type=\"checkbox\" name=\"answer-149[]\" id=\"answer-id-776\" class=\"answer   answerof-149 \" value=\"776\"><label for=\"answer-id-776\" id=\"answer-label-776\" class=\" answer\"><span><p>valgud<\/p><\/span><\/label><\/div><div class=\"watupro-question-choice  \" dir=\"auto\"><input type=\"checkbox\" name=\"answer-149[]\" id=\"answer-id-773\" class=\"answer   answerof-149 \" value=\"773\"><label for=\"answer-id-773\" id=\"answer-label-773\" class=\" answer\"><span><p>kaalium<\/p><\/span><\/label><\/div><div class=\"watupro-question-choice  \" dir=\"auto\"><input type=\"checkbox\" name=\"answer-149[]\" id=\"answer-id-777\" class=\"answer   answerof-149 \" value=\"777\"><label for=\"answer-id-777\" id=\"answer-label-777\" class=\" answer\"><span><p>vesinikkarbonaat<\/p><\/span><\/label><\/div><!-- end question-choices--><\/div><!-- end questionWrap--><\/div><\/div><div class=\"watu-question \" id=\"question-2\" style=\";\"><div id=\"questionWrap-2\" class=\"  watupro-required-151 watupro-question-id-151\">\n\t\t\t<div class=\"question-content\"><div><p>Mis hormoon on oluline vee taseme reguleerimisel?<\/p><\/div><input type=\"hidden\" name=\"question_id[]\" id=\"qID_2\" value=\"151\" class=\"watupro-question-id\"><input type=\"hidden\" id=\"answerType151\" class=\"answerTypeCnt2\" value=\"checkbox\"><input type=\"hidden\" id=\"watupro-required-question-151\"><!-- end question-content--><\/div><div class=\"question-choices watupro-choices-columns \" id=\"questionChoices151\"><div class=\"watupro-question-choice  \" dir=\"auto\"><input type=\"checkbox\" name=\"answer-151[]\" id=\"answer-id-788\" class=\"answer   answerof-151 \" value=\"788\"><label for=\"answer-id-788\" id=\"answer-label-788\" class=\" answer\"><span><p>hipokampus<\/p><\/span><\/label><\/div><div class=\"watupro-question-choice  \" dir=\"auto\"><input type=\"checkbox\" name=\"answer-151[]\" id=\"answer-id-784\" class=\"answer   answerof-151 \" value=\"784\"><label for=\"answer-id-784\" id=\"answer-label-784\" class=\" answer\"><span><p>angiotensiin II<\/p><\/span><\/label><\/div><div class=\"watupro-question-choice  \" dir=\"auto\"><input type=\"checkbox\" name=\"answer-151[]\" id=\"answer-id-785\" class=\"answer   answerof-151 \" value=\"785\"><label for=\"answer-id-785\" id=\"answer-label-785\" class=\" answer\"><span><p>antidiureetiline hormoon<\/p><\/span><\/label><\/div><div class=\"watupro-question-choice  \" dir=\"auto\"><input type=\"checkbox\" name=\"answer-151[]\" id=\"answer-id-787\" class=\"answer   answerof-151 \" value=\"787\"><label for=\"answer-id-787\" id=\"answer-label-787\" class=\" answer\"><span><p>kolesterool<\/p><\/span><\/label><\/div><div class=\"watupro-question-choice  \" dir=\"auto\"><input type=\"checkbox\" name=\"answer-151[]\" id=\"answer-id-786\" class=\"answer   answerof-151 \" value=\"786\"><label for=\"answer-id-786\" id=\"answer-label-786\" class=\" answer\"><span><p>insuliin<\/p><\/span><\/label><\/div><div class=\"watupro-question-choice  \" dir=\"auto\"><input type=\"checkbox\" name=\"answer-151[]\" id=\"answer-id-789\" class=\"answer   answerof-151 \" value=\"789\"><label for=\"answer-id-789\" id=\"answer-label-789\" class=\" answer\"><span><p>h\u00fcpotalamus<\/p><\/span><\/label><\/div><div class=\"watupro-question-choice  \" dir=\"auto\"><input type=\"checkbox\" name=\"answer-151[]\" id=\"answer-id-790\" class=\"answer   answerof-151 \" value=\"790\"><label for=\"answer-id-790\" id=\"answer-label-790\" class=\" answer\"><span><p>parathormoon<\/p><\/span><\/label><\/div><!-- end question-choices--><\/div><!-- end questionWrap--><\/div><\/div><div class=\"watu-question \" id=\"question-3\" style=\";\"><div id=\"questionWrap-3\" class=\"  watupro-required-148 watupro-question-id-148\">\n\t\t\t<div class=\"question-content\"><div><p>Inimorganismist v\u00e4ljub vesi:<\/p><\/div><input type=\"hidden\" name=\"question_id[]\" id=\"qID_3\" value=\"148\" class=\"watupro-question-id\"><input type=\"hidden\" id=\"answerType148\" class=\"answerTypeCnt3\" value=\"checkbox\"><input type=\"hidden\" id=\"watupro-required-question-148\"><!-- end question-content--><\/div><div class=\"question-choices watupro-choices-columns \" id=\"questionChoices148\"><div class=\"watupro-question-choice  \" dir=\"auto\"><input type=\"checkbox\" name=\"answer-148[]\" id=\"answer-id-771\" class=\"answer   answerof-148 \" value=\"771\"><label for=\"answer-id-771\" id=\"answer-label-771\" class=\" answer\"><span><p>\u00f5hul\u00f5hede kaudu<\/p><\/span><\/label><\/div><div class=\"watupro-question-choice  \" dir=\"auto\"><input type=\"checkbox\" name=\"answer-148[]\" id=\"answer-id-767\" class=\"answer   answerof-148 \" value=\"767\"><label for=\"answer-id-767\" id=\"answer-label-767\" class=\" answer\"><span><p>uriiniga<\/p><\/span><\/label><\/div><div class=\"watupro-question-choice  \" dir=\"auto\"><input type=\"checkbox\" name=\"answer-148[]\" id=\"answer-id-768\" class=\"answer   answerof-148 \" value=\"768\"><label for=\"answer-id-768\" id=\"answer-label-768\" class=\" answer\"><span><p>naha kaudu<\/p><\/span><\/label><\/div><div class=\"watupro-question-choice  \" dir=\"auto\"><input type=\"checkbox\" name=\"answer-148[]\" id=\"answer-id-770\" class=\"answer   answerof-148 \" value=\"770\"><label for=\"answer-id-770\" id=\"answer-label-770\" class=\" answer\"><span><p>v\u00e4ljaheitega<\/p><\/span><\/label><\/div><div class=\"watupro-question-choice  \" dir=\"auto\"><input type=\"checkbox\" name=\"answer-148[]\" id=\"answer-id-769\" class=\"answer   answerof-148 \" value=\"769\"><label for=\"answer-id-769\" id=\"answer-label-769\" class=\" answer\"><span><p>hingamisel<\/p><\/span><\/label><\/div><!-- end question-choices--><\/div><!-- end questionWrap--><\/div><\/div><div class=\"watu-question \" id=\"question-4\" style=\";\"><div id=\"questionWrap-4\" class=\"  watupro-required-154 watupro-question-id-154\">\n\t\t\t<div class=\"question-content\"><div><p>Janu regulatsiooniga on seotud:<\/p><\/div><input type=\"hidden\" name=\"question_id[]\" id=\"qID_4\" value=\"154\" class=\"watupro-question-id\"><input type=\"hidden\" id=\"answerType154\" class=\"answerTypeCnt4\" value=\"checkbox\"><input type=\"hidden\" id=\"watupro-required-question-154\"><!-- end question-content--><\/div><div class=\"question-choices watupro-choices-columns \" id=\"questionChoices154\"><div class=\"watupro-question-choice  \" dir=\"auto\"><input type=\"checkbox\" name=\"answer-154[]\" id=\"answer-id-799\" class=\"answer   answerof-154 \" value=\"799\"><label for=\"answer-id-799\" id=\"answer-label-799\" class=\" answer\"><span><p>kraniaaln\u00e4rvid<\/p><\/span><\/label><\/div><div class=\"watupro-question-choice  \" dir=\"auto\"><input type=\"checkbox\" name=\"answer-154[]\" id=\"answer-id-801\" class=\"answer   answerof-154 \" value=\"801\"><label for=\"answer-id-801\" id=\"answer-label-801\" class=\" answer\"><span><p>mitmed hormoonid<\/p><\/span><\/label><\/div><div class=\"watupro-question-choice  \" dir=\"auto\"><input type=\"checkbox\" name=\"answer-154[]\" id=\"answer-id-803\" class=\"answer   answerof-154 \" value=\"803\"><label for=\"answer-id-803\" id=\"answer-label-803\" class=\" answer\"><span><p>h\u00fcpotalamus<\/p><\/span><\/label><\/div><div class=\"watupro-question-choice  \" dir=\"auto\"><input type=\"checkbox\" name=\"answer-154[]\" id=\"answer-id-797\" class=\"answer   answerof-154 \" value=\"797\"><label for=\"answer-id-797\" id=\"answer-label-797\" class=\" answer\"><span><p>baroretseptorid<\/p><\/span><\/label><\/div><div class=\"watupro-question-choice  \" dir=\"auto\"><input type=\"checkbox\" name=\"answer-154[]\" id=\"answer-id-798\" class=\"answer   answerof-154 \" value=\"798\"><label for=\"answer-id-798\" id=\"answer-label-798\" class=\" answer\"><span><p>osmoretseptorid<\/p><\/span><\/label><\/div><div class=\"watupro-question-choice  \" dir=\"auto\"><input type=\"checkbox\" name=\"answer-154[]\" id=\"answer-id-800\" class=\"answer   answerof-154 \" value=\"800\"><label for=\"answer-id-800\" id=\"answer-label-800\" class=\" answer\"><span><p>kolvikesed<\/p><\/span><\/label><\/div><div class=\"watupro-question-choice  \" dir=\"auto\"><input type=\"checkbox\" name=\"answer-154[]\" id=\"answer-id-802\" class=\"answer   answerof-154 \" value=\"802\"><label for=\"answer-id-802\" id=\"answer-label-802\" class=\" answer\"><span><p>subfornikaalne organ<\/p><\/span><\/label><\/div><!-- end question-choices--><\/div><!-- end questionWrap--><\/div><\/div><div class=\"watu-question \" id=\"question-5\" style=\";\"><div id=\"questionWrap-5\" class=\"  watupro-required-155 watupro-question-id-155\">\n\t\t\t<div class=\"question-content\"><div><p>Vananemisel janutunne:<\/p><\/div><input type=\"hidden\" name=\"question_id[]\" id=\"qID_5\" value=\"155\" class=\"watupro-question-id\"><input type=\"hidden\" id=\"answerType155\" class=\"answerTypeCnt5\" value=\"radio\"><input type=\"hidden\" id=\"watupro-required-question-155\"><!-- end question-content--><\/div><div class=\"question-choices watupro-choices-columns \" id=\"questionChoices155\"><div class=\"watupro-question-choice  \" dir=\"auto\"><input type=\"radio\" name=\"answer-155[]\" id=\"answer-id-805\" class=\"answer   answerof-155 \" value=\"805\"><label for=\"answer-id-805\" id=\"answer-label-805\" class=\" answer\"><span><p>v\u00e4heneb<\/p><\/span><\/label><\/div><div class=\"watupro-question-choice  \" dir=\"auto\"><input type=\"radio\" name=\"answer-155[]\" id=\"answer-id-804\" class=\"answer   answerof-155 \" value=\"804\"><label for=\"answer-id-804\" id=\"answer-label-804\" class=\" answer\"><span><p>suureneb<\/p><\/span><\/label><\/div><!-- end question-choices--><\/div><!-- end questionWrap--><\/div><\/div><div class=\"watu-question \" id=\"question-6\" style=\";\"><div id=\"questionWrap-6\" class=\"  watupro-required-156 watupro-question-id-156\">\n\t\t\t<div class=\"question-content\"><div><p>Janu regulatsiooniga tihedalt seotud <em>organum vasculosum lamina terminalis<\/em> (OVLT) asub:<\/p><\/div><input type=\"hidden\" name=\"question_id[]\" id=\"qID_6\" value=\"156\" class=\"watupro-question-id\"><input type=\"hidden\" id=\"answerType156\" class=\"answerTypeCnt6\" value=\"radio\"><input type=\"hidden\" id=\"watupro-required-question-156\"><!-- end question-content--><\/div><div class=\"question-choices watupro-choices-columns \" id=\"questionChoices156\"><div class=\"watupro-question-choice  \" dir=\"auto\"><input type=\"radio\" name=\"answer-156[]\" id=\"answer-id-810\" class=\"answer   answerof-156 \" value=\"810\"><label for=\"answer-id-810\" id=\"answer-label-810\" class=\" answer\"><span><p>motoorses k\u00f5nekeskuses<\/p><\/span><\/label><\/div><div class=\"watupro-question-choice  \" dir=\"auto\"><input type=\"radio\" name=\"answer-156[]\" id=\"answer-id-807\" class=\"answer   answerof-156 \" value=\"807\"><label for=\"answer-id-807\" id=\"answer-label-807\" class=\" answer\"><span><p>piklikajus<\/p><\/span><\/label><\/div><div class=\"watupro-question-choice  \" dir=\"auto\"><input type=\"radio\" name=\"answer-156[]\" id=\"answer-id-809\" class=\"answer   answerof-156 \" value=\"809\"><label for=\"answer-id-809\" id=\"answer-label-809\" class=\" answer\"><span><p>prefrontaalkorteksis<\/p><\/span><\/label><\/div><div class=\"watupro-question-choice  \" dir=\"auto\"><input type=\"radio\" name=\"answer-156[]\" id=\"answer-id-806\" class=\"answer   answerof-156 \" value=\"806\"><label for=\"answer-id-806\" id=\"answer-label-806\" class=\" answer\"><span><p>ajut\u00fcves<\/p><\/span><\/label><\/div><div class=\"watupro-question-choice  \" dir=\"auto\"><input type=\"radio\" name=\"answer-156[]\" id=\"answer-id-808\" class=\"answer   answerof-156 \" value=\"808\"><label for=\"answer-id-808\" id=\"answer-label-808\" class=\" answer\"><span><p>kolmanda ajuvatsakese l\u00e4hedal<\/p><\/span><\/label><\/div><!-- end question-choices--><\/div><!-- end questionWrap--><\/div><\/div><div class=\"watu-question \" id=\"question-7\" style=\";\"><div id=\"questionWrap-7\" class=\"  watupro-required-152 watupro-question-id-152\">\n\t\t\t<div class=\"question-content\"><div><p>Janu tunne taandub, sest:<\/p><\/div><input type=\"hidden\" name=\"question_id[]\" id=\"qID_7\" value=\"152\" class=\"watupro-question-id\"><input type=\"hidden\" id=\"answerType152\" class=\"answerTypeCnt7\" value=\"checkbox\"><input type=\"hidden\" id=\"watupro-required-question-152\"><!-- end question-content--><\/div><div class=\"question-choices watupro-choices-columns \" id=\"questionChoices152\"><div class=\"watupro-question-choice  \" dir=\"auto\"><input type=\"checkbox\" name=\"answer-152[]\" id=\"answer-id-794\" class=\"answer   answerof-152 \" value=\"794\"><label for=\"answer-id-794\" id=\"answer-label-794\" class=\" answer\"><span><p>ghreliin avaldab toimet h\u00fcpotalamusele<\/p><\/span><\/label><\/div><div class=\"watupro-question-choice  \" dir=\"auto\"><input type=\"checkbox\" name=\"answer-152[]\" id=\"answer-id-792\" class=\"answer   answerof-152 \" value=\"792\"><label for=\"answer-id-792\" id=\"answer-label-792\" class=\" answer\"><span><p>muutub vereplasma osmootne r\u00f5hk<\/p><\/span><\/label><\/div><div class=\"watupro-question-choice  \" dir=\"auto\"><input type=\"checkbox\" name=\"answer-152[]\" id=\"answer-id-791\" class=\"answer   answerof-152 \" value=\"791\"><label for=\"answer-id-791\" id=\"answer-label-791\" class=\" answer\"><span><p>h\u00fcpotalamus reguleerib k\u00fcllastustunnet<\/p><\/span><\/label><\/div><div class=\"watupro-question-choice  \" dir=\"auto\"><input type=\"checkbox\" name=\"answer-152[]\" id=\"answer-id-793\" class=\"answer   answerof-152 \" value=\"793\"><label for=\"answer-id-793\" id=\"answer-label-793\" class=\" answer\"><span><p>mehhanoretseptorid suus enam signaali ei edasta<\/p><\/span><\/label><\/div><!-- end question-choices--><\/div><!-- end questionWrap--><\/div><\/div><div class=\"watu-question \" id=\"question-8\" style=\";\"><div id=\"questionWrap-8\" class=\"  watupro-required-153 watupro-question-id-153\">\n\t\t\t<div class=\"question-content\"><div><p>Janu p\u00f5hjustab intratsellulaarse (rakusisese) vedeliku osmootse r\u00f5hu t\u00f5us interstitsiaalse (rakuv\u00e4lise) vedeliku suhtes ja veremahu v\u00e4henemine.<\/p><\/div><input type=\"hidden\" name=\"question_id[]\" id=\"qID_8\" value=\"153\" class=\"watupro-question-id\"><input type=\"hidden\" id=\"answerType153\" class=\"answerTypeCnt8\" value=\"radio\"><input type=\"hidden\" id=\"watupro-required-question-153\"><!-- end question-content--><\/div><div class=\"question-choices watupro-choices-columns \" id=\"questionChoices153\"><div class=\"watupro-question-choice  \" dir=\"auto\"><input type=\"radio\" name=\"answer-153[]\" id=\"answer-id-795\" class=\"answer   answerof-153 \" value=\"795\"><label for=\"answer-id-795\" id=\"answer-label-795\" class=\" answer\"><span>True<\/span><\/label><\/div><div class=\"watupro-question-choice  \" dir=\"auto\"><input type=\"radio\" name=\"answer-153[]\" id=\"answer-id-796\" class=\"answer   answerof-153 \" value=\"796\"><label for=\"answer-id-796\" id=\"answer-label-796\" class=\" answer\"><span>False<\/span><\/label><\/div><!-- end question-choices--><\/div><!-- end questionWrap--><\/div><\/div><div class=\"watu-question \" id=\"question-9\" style=\";\"><div id=\"questionWrap-9\" class=\"  watupro-required-147 watupro-question-id-147\">\n\t\t\t<div class=\"question-content\"><div><p>Vett leidub meie kehas:<\/p><\/div><input type=\"hidden\" name=\"question_id[]\" id=\"qID_9\" value=\"147\" class=\"watupro-question-id\"><input type=\"hidden\" id=\"answerType147\" class=\"answerTypeCnt9\" value=\"checkbox\"><input type=\"hidden\" id=\"watupro-required-question-147\"><!-- end question-content--><\/div><div class=\"question-choices watupro-choices-columns \" id=\"questionChoices147\"><div class=\"watupro-question-choice  \" dir=\"auto\"><input type=\"checkbox\" name=\"answer-147[]\" id=\"answer-id-764\" class=\"answer   answerof-147 \" value=\"764\"><label for=\"answer-id-764\" id=\"answer-label-764\" class=\" answer\"><span><p>v\u00e4ljaheites<\/p><\/span><\/label><\/div><div class=\"watupro-question-choice  \" dir=\"auto\"><input type=\"checkbox\" name=\"answer-147[]\" id=\"answer-id-763\" class=\"answer   answerof-147 \" value=\"763\"><label for=\"answer-id-763\" id=\"answer-label-763\" class=\" answer\"><span><p>veres<\/p><\/span><\/label><\/div><div class=\"watupro-question-choice  \" dir=\"auto\"><input type=\"checkbox\" name=\"answer-147[]\" id=\"answer-id-762\" class=\"answer   answerof-147 \" value=\"762\"><label for=\"answer-id-762\" id=\"answer-label-762\" class=\" answer\"><span><p>higis<\/p><\/span><\/label><\/div><div class=\"watupro-question-choice  \" dir=\"auto\"><input type=\"checkbox\" name=\"answer-147[]\" id=\"answer-id-766\" class=\"answer   answerof-147 \" value=\"766\"><label for=\"answer-id-766\" id=\"answer-label-766\" class=\" answer\"><span><p>koevedelikes<\/p><\/span><\/label><\/div><div class=\"watupro-question-choice  \" dir=\"auto\"><input type=\"checkbox\" name=\"answer-147[]\" id=\"answer-id-765\" class=\"answer   answerof-147 \" value=\"765\"><label for=\"answer-id-765\" id=\"answer-label-765\" class=\" answer\"><span><p>l\u00fcmfis<\/p><\/span><\/label><\/div><!-- end question-choices--><\/div><!-- end questionWrap--><\/div><\/div><div class=\"watu-question \" id=\"question-10\" style=\";\"><div id=\"questionWrap-10\" class=\"  watupro-required-150 watupro-question-id-150\">\n\t\t\t<div class=\"question-content\"><div><p>Peamiselt intratsellulaarses vedelikus (rakus sees) on:<\/p><\/div><input type=\"hidden\" name=\"question_id[]\" id=\"qID_10\" value=\"150\" class=\"watupro-question-id\"><input type=\"hidden\" id=\"answerType150\" class=\"answerTypeCnt10\" value=\"checkbox\"><input type=\"hidden\" id=\"watupro-required-question-150\"><!-- end question-content--><\/div><div class=\"question-choices watupro-choices-columns \" id=\"questionChoices150\"><div class=\"watupro-question-choice  \" dir=\"auto\"><input type=\"checkbox\" name=\"answer-150[]\" id=\"answer-id-782\" class=\"answer   answerof-150 \" value=\"782\"><label for=\"answer-id-782\" id=\"answer-label-782\" class=\" answer\"><span><p>kloor<\/p><\/span><\/label><\/div><div class=\"watupro-question-choice  \" dir=\"auto\"><input type=\"checkbox\" name=\"answer-150[]\" id=\"answer-id-778\" class=\"answer   answerof-150 \" value=\"778\"><label for=\"answer-id-778\" id=\"answer-label-778\" class=\" answer\"><span><p>kaalium<\/p><\/span><\/label><\/div><div class=\"watupro-question-choice  \" dir=\"auto\"><input type=\"checkbox\" name=\"answer-150[]\" id=\"answer-id-780\" class=\"answer   answerof-150 \" value=\"780\"><label for=\"answer-id-780\" id=\"answer-label-780\" class=\" answer\"><span><p>naatrium<\/p><\/span><\/label><\/div><div class=\"watupro-question-choice  \" dir=\"auto\"><input type=\"checkbox\" name=\"answer-150[]\" id=\"answer-id-783\" class=\"answer   answerof-150 \" value=\"783\"><label for=\"answer-id-783\" id=\"answer-label-783\" class=\" answer\"><span><p>vesinikkarbonaat<\/p><\/span><\/label><\/div><div class=\"watupro-question-choice  \" dir=\"auto\"><input type=\"checkbox\" name=\"answer-150[]\" id=\"answer-id-779\" class=\"answer   answerof-150 \" value=\"779\"><label for=\"answer-id-779\" id=\"answer-label-779\" class=\" answer\"><span><p>valgud<\/p><\/span><\/label><\/div><div class=\"watupro-question-choice  \" dir=\"auto\"><input type=\"checkbox\" name=\"answer-150[]\" id=\"answer-id-781\" class=\"answer   answerof-150 \" value=\"781\"><label for=\"answer-id-781\" id=\"answer-label-781\" class=\" answer\"><span><p>kaltsium<\/p><\/span><\/label><\/div><!-- end question-choices--><\/div><!-- end questionWrap--><\/div><\/div><div style=\"display:none\" id=\"question-11\">\n\t<div class=\"question-content\">\n\t\t<img loading=\"lazy\" decoding=\"async\" src=\"https:\/\/sisu.ut.ee\/wp-content\/plugins\/watupro\/img\/loading.gif\" width=\"16\" height=\"16\" alt=\"Loading...\" title=\"Loading...\">\u00a0Loading...\t<\/div>\n<\/div>\n\n<br>\n\t\n\t\t\t<div class=\"watupro_buttons flex \" id=\"watuPROButtons18\">\n\t\t  <div id=\"prev-question\" style=\"display:none;\"><input type=\"button\" value=\"&lt; Previous\" onclick=\"WatuPRO.nextQuestion(event, 'previous');\"><\/div>\t\t  \t\t  \t\t   \n\t\t   \t  \t\t<div><input type=\"button\" name=\"action\" class=\"watupro-submit-button\" onclick=\"WatuPRO.submitResult(event)\" id=\"action-button\" value=\"View Results\">\n\t\t<\/div>\n\t\t<\/div>\n\t\t\n\t<input type=\"hidden\" name=\"quiz_id\" value=\"18\" id=\"watuPROExamID\">\n\t<input type=\"hidden\" name=\"start_time\" id=\"startTime\" value=\"2026-04-11 08:19:27\">\n\t<input type=\"hidden\" name=\"start_timestamp\" id=\"startTimeStamp\" value=\"1775895567\">\n\t<input type=\"hidden\" name=\"question_ids\" value=\"\">\n\t<input type=\"hidden\" name=\"watupro_questions\" value=\"149:775,772,774,776,773,777 | 151:788,784,785,787,786,789,790 | 148:771,767,768,770,769 | 154:799,801,803,797,798,800,802 | 155:805,804 | 156:810,807,809,806,808 | 152:794,792,791,793 | 153:795,796 | 147:764,763,762,766,765 | 150:782,778,780,783,779,781\">\n\t<input type=\"hidden\" name=\"no_ajax\" value=\"0\">\t\t\t<\/form>\n\t<p>\u00a0<\/p>\n<\/div>\n\n<script type=\"text\/javascript\">\n\/\/jQuery(document).ready(function(){\ndocument.addEventListener(\"DOMContentLoaded\", function(event) { \t\nvar question_ids = \"149,151,148,154,155,156,152,153,147,150\";\nWatuPROSettings[18] = {};\nWatuPRO.qArr = question_ids.split(',');\nWatuPRO.exam_id = 18;\t    \nWatuPRO.post_id = 243;\nWatuPRO.store_progress = 0;\nWatuPRO.curCatPage = 1;\nWatuPRO.requiredIDs=\"0,149,151,148,154,155,156,152,153,147,150\".split(\",\");\nWatuPRO.hAppID = \"0.27895700 1775884767\";\nvar url = \"https:\/\/sisu.ut.ee\/wp-content\/plugins\/watupro\/show_exam.php\";\nWatuPRO.examMode = 1;\nWatuPRO.siteURL=\"https:\/\/sisu.ut.ee\/soomisest-joomisest-informatsioonist\/wp-admin\/admin-ajax.php\";\nWatuPRO.emailIsNotRequired = 0;\nWatuPRO.perDecade = 10;\nWatuPROIntel.init(18);\nWatuPRO.inCategoryPages=1;});    \t \n<\/script>\n\n","protected":false},"excerpt":{"rendered":"","protected":false},"author":9,"featured_media":0,"parent":0,"menu_order":0,"comment_status":"closed","ping_status":"closed","template":"","meta":{"_acf_changed":false,"inline_featured_image":false,"footnotes":""},"class_list":["post-243","page","type-page","status-publish","hentry"],"acf":[],"_links":{"self":[{"href":"https:\/\/sisu.ut.ee\/soomisest-joomisest-informatsioonist\/wp-json\/wp\/v2\/pages\/243","targetHints":{"allow":["GET"]}}],"collection":[{"href":"https:\/\/sisu.ut.ee\/soomisest-joomisest-informatsioonist\/wp-json\/wp\/v2\/pages"}],"about":[{"href":"https:\/\/sisu.ut.ee\/soomisest-joomisest-informatsioonist\/wp-json\/wp\/v2\/types\/page"}],"author":[{"embeddable":true,"href":"https:\/\/sisu.ut.ee\/soomisest-joomisest-informatsioonist\/wp-json\/wp\/v2\/users\/9"}],"replies":[{"embeddable":true,"href":"https:\/\/sisu.ut.ee\/soomisest-joomisest-informatsioonist\/wp-json\/wp\/v2\/comments?post=243"}],"version-history":[{"count":0,"href":"https:\/\/sisu.ut.ee\/soomisest-joomisest-informatsioonist\/wp-json\/wp\/v2\/pages\/243\/revisions"}],"wp:attachment":[{"href":"https:\/\/sisu.ut.ee\/soomisest-joomisest-informatsioonist\/wp-json\/wp\/v2\/media?parent=243"}],"curies":[{"name":"wp","href":"https:\/\/api.w.org\/{rel}","templated":true}]}}