{"id":3,"date":"2024-04-04T03:57:57","date_gmt":"2024-04-04T00:57:57","guid":{"rendered":"https:\/\/sisu.ut.ee\/snk\/senised-konsultatsioonid\/"},"modified":"2024-04-04T03:58:01","modified_gmt":"2024-04-04T00:58:01","slug":"senised-konsultatsioonid","status":"publish","type":"page","link":"https:\/\/sisu.ut.ee\/snk\/senised-konsultatsioonid\/","title":{"rendered":"Senised konsultatsioonid"},"content":{"rendered":"<p><span style=\"text-decoration: underline;font-size: large\">Majandus, finantssektor<\/span><\/p>\n<ul>\n<li><span style=\"font-size: large\">K\u00f5nekeskuse sisendvoo anal\u00fc\u00fcs ja t\u00f6\u00f6graafiku optimeerimine<\/span><\/li>\n<li><span style=\"font-size: large\">B\u00f6rsiorderi t\u00e4itmist\u00f5en\u00e4osuse mudel (Londoni investeerimispank)<\/span><\/li>\n<li><span style=\"font-size: large\">Ettev\u00f5tte kliendibaasi segmenteerimine<\/span><\/li>\n<li><span style=\"font-size: large\">Tehisintellektile tugineva kindlustusseltsi infos\u00fcsteemi arendus<\/span><\/li>\n<li><span style=\"font-size: large\">Krediidiskooringu s\u00fcsteemi loomine<\/span><\/li>\n<li><span style=\"font-size: large\">Kasiino boonuste efektiivsuse m\u00f5\u00f5tmine<\/span><\/li>\n<li><span style=\"font-size: large\">Kindlustusseltsi reisikindlustuse preemia anal\u00fc\u00fcs<\/span><\/li>\n<li><span style=\"font-size: large\">Kohandatud krediidiskooring panga n\u00e4itel<\/span><\/li>\n<li><span style=\"font-size: large\">Kliendi elukestus pangas<\/span><\/li>\n<\/ul>\n<p><span style=\"text-decoration: underline;font-size: large\">Meditsiin ja tervishoid<\/span><\/p>\n<ul>\n<li><span style=\"font-size: large\">Geneetilise riski m\u00f5\u00f5tmine<\/span><\/li>\n<li><span style=\"font-size: large\">Elukvaliteedi m\u00f5\u00f5tmine ja anal\u00fc\u00fcs s\u00fcdamehaigetel<\/span><\/li>\n<li><span style=\"font-size: large\">Insultide statistika: haigestumus, elukestusanal\u00fc\u00fcs<\/span><\/li>\n<li><span style=\"font-size: large\">Inimeste skeletilihaste toonus eri kehaasendite korral<\/span><\/li>\n<li><span style=\"font-size: large\">P\u00f5lveliigese osteoartriidi uuringud<\/span><\/li>\n<li><span style=\"font-size: large\">Meeste temperatuuritaluvuse uuring<\/span><\/li>\n<li><span style=\"font-size: large\">Kiirabi j\u00e4rjekorras\u00fcsteemide anal\u00fc\u00fcs ja optimeerimine<\/span><\/li>\n<li><span style=\"font-size: large\">Andmeanal\u00fc\u00fcsi koolitus (TAI)<\/span><\/li>\n<\/ul>\n<p><span style=\"text-decoration: underline;font-size: large\">Sotsiaalteadused<\/span><\/p>\n<ul>\n<li><span style=\"font-size: large\">3- ja 4-aastaste laste k\u00f5ne areng<\/span><\/li>\n<li><span style=\"font-size: large\">Valimi disain projekti TerVe jaoks (Eesti koolide 6. klassid)<\/span><\/li>\n<li><span style=\"font-size: large\">Eakate hooldus ja elukvaliteet (rahvusvaheline projekt)<\/span><\/li>\n<li><span style=\"font-size: large\">Antropoloogilise klassifikatsiooni v\u00e4ljat\u00f6\u00f6tamine erinevatel populatsioonidel<\/span><\/li>\n<li><span style=\"font-size: large\">Eesti rahvastiku prognoos<\/span><span style=\"font-size: large\"><\/span><\/li>\n<li><span style=\"font-size: large\">Rahvaloenduse rahvastikuarvu hinnangu korrigeerimine alakaetuse arvel<\/span><\/li>\n<li><span style=\"font-size: large\">Rahvaarvu jooksev indeksip\u00f5hine hindamine. Residentsuse indeks<\/span><\/li>\n<li><span style=\"font-size: large\">Leibkondade struktuuri ja paiknemise hindamine. Partnerluse ja paiknemise indeksid<\/span><\/li>\n<li><span style=\"font-size: large\">Lapse \u00fclalpidamise hinna arvutamine<\/span><\/li>\n<li><span style=\"font-size: large\">Absoluutse vaesuspiiri ehk toimetulekupiiri arvutamine<\/span><\/li>\n<li><span style=\"font-size: large\">Eesti praegu toimiva pensionis\u00fcsteemi t\u00f5hususe ja j\u00e4tkusuutlikkuse anal\u00fc\u00fcs<\/span><\/li>\n<li><span style=\"font-size: large\">Metoodika valimip\u00f5hise v\u00e4ljamaksete taotluste menetlemise teostamiseks<\/span><\/li>\n<\/ul>\n<p><span style=\"text-decoration: underline;font-size: large\">Loodusteadused ja keskkonnauuringud<\/span><\/p>\n<ul>\n<li><span style=\"font-size: large\">Reoveepuhastite t\u00f5hususe hindamine<\/span><\/li>\n<li><span style=\"font-size: large\">Troopiliste vihmametsade erinevate puuliikide kasvuk\u00f5verate modelleerimine<\/span><\/li>\n<li><span style=\"font-size: large\">Inkubatsiooniperioodi temperatuuri m\u00f5ju m\u00e4gih\u00f5rnase munarakkude elluj\u00e4\u00e4misele ja arengule<\/span><\/li>\n<li><span style=\"font-size: large\">Puude positiivne m\u00f5ju veepuuduse leevendamisel Aafrikas<\/span><\/li>\n<li><span style=\"font-size: large\">Geneetiliste faktorite m\u00f5ju piima kvaliteedile<\/span><\/li>\n<\/ul>\n","protected":false},"excerpt":{"rendered":"<p>Majandus, finantssektor K\u00f5nekeskuse sisendvoo anal\u00fc\u00fcs ja t\u00f6\u00f6graafiku optimeerimine B\u00f6rsiorderi t\u00e4itmist\u00f5en\u00e4osuse mudel (Londoni investeerimispank) Ettev\u00f5tte kliendibaasi segmenteerimine Tehisintellektile tugineva kindlustusseltsi infos\u00fcsteemi arendus Krediidiskooringu s\u00fcsteemi loomine Kasiino boonuste efektiivsuse m\u00f5\u00f5tmine Kindlustusseltsi reisikindlustuse preemia anal\u00fc\u00fcs Kohandatud krediidiskooring panga n\u00e4itel Kliendi elukestus pangas Meditsiin &#8230;<\/p>\n","protected":false},"author":136,"featured_media":0,"parent":0,"menu_order":0,"comment_status":"closed","ping_status":"closed","template":"","meta":{"_acf_changed":false,"inline_featured_image":false,"footnotes":""},"class_list":["post-3","page","type-page","status-publish","hentry"],"acf":[],"_links":{"self":[{"href":"https:\/\/sisu.ut.ee\/snk\/wp-json\/wp\/v2\/pages\/3","targetHints":{"allow":["GET"]}}],"collection":[{"href":"https:\/\/sisu.ut.ee\/snk\/wp-json\/wp\/v2\/pages"}],"about":[{"href":"https:\/\/sisu.ut.ee\/snk\/wp-json\/wp\/v2\/types\/page"}],"author":[{"embeddable":true,"href":"https:\/\/sisu.ut.ee\/snk\/wp-json\/wp\/v2\/users\/136"}],"replies":[{"embeddable":true,"href":"https:\/\/sisu.ut.ee\/snk\/wp-json\/wp\/v2\/comments?post=3"}],"version-history":[{"count":1,"href":"https:\/\/sisu.ut.ee\/snk\/wp-json\/wp\/v2\/pages\/3\/revisions"}],"predecessor-version":[{"id":20,"href":"https:\/\/sisu.ut.ee\/snk\/wp-json\/wp\/v2\/pages\/3\/revisions\/20"}],"wp:attachment":[{"href":"https:\/\/sisu.ut.ee\/snk\/wp-json\/wp\/v2\/media?parent=3"}],"curies":[{"name":"wp","href":"https:\/\/api.w.org\/{rel}","templated":true}]}}