{"id":9,"date":"2024-04-04T05:14:58","date_gmt":"2024-04-04T02:14:58","guid":{"rendered":"https:\/\/sisu.ut.ee\/skyttepraktika\/praktika-osapooled-ja-nende-rollid\/"},"modified":"2025-07-25T13:17:35","modified_gmt":"2025-07-25T10:17:35","slug":"praktika-osapooled-ja-nende-rollid","status":"publish","type":"page","link":"https:\/\/sisu.ut.ee\/skyttepraktika\/praktika-osapooled-ja-nende-rollid\/","title":{"rendered":"Praktika osapooled ja nende rollid"},"content":{"rendered":"<p><span style=\"font-size: 20px;\"><strong>1. \u00dcli\u00f5pilase roll<\/strong><\/span><\/p>\n<p><span style=\"font-size: 16px;\"><strong>\u00dcli\u00f5pilase roll ja olulised tegevused ning t\u00e4helepanekud praktikale minnes:<\/strong><\/span><\/p>\n<ol>\n<li><span style=\"font-size: 16px;\">Esmalt lugege Skytte instituudi praktika korraldust tutvustavat lehek\u00fclge. Seal saate \u00fclevaate praktikast\u00a0ning esmased juhised. \u00dcli\u00f5pilase l\u00f5ppeesm\u00e4rk on praktika edukalt l\u00e4bida ning selle k\u00e4igus saavutada p\u00fcstitatud \u00f5piv\u00e4ljundid. \u00a0<\/span><\/li>\n<li><span style=\"font-size: 16px;\">Leidke sobiv praktikakoht, mis v\u00f5imaldab saavutada \u00f5piv\u00e4ljundid. Praktikakoha valikul m\u00f5elge sellele, kas saate seal t\u00e4ita \u00f5ppekavast tulenevat eesm\u00e4rki, kas praktikabaas on valmis teiega koost\u00f6\u00f6d tegema ja kas praktikabaasis on olemas juhendaja. M\u00f5elge l\u00e4bi oma soovid ja\/v\u00f5i eelistused: millises valdkonnas praktika sooritada; millises asutuses praktika l\u00e4bida (riigiasutuses, \u00e4riettev\u00f5ttes, avalik-\u00f5iguslikus organisatsioonis, kolmanda sektori organisatsioonis vm); millises paikkonnas (linnas, maakonnas, v\u00f5i hoopis v\u00e4lisriigis); milline oleks sobivaim praktika sooritamise aeg. \u00c4rge unustage, et praktika eesm\u00e4rk tuleneb \u00f5ppekava eesm\u00e4rgist. Praktikabaasi otsimisel on abiks peat\u00fckkides \u201cPraktikapakkumised\u201d ja \u201cPraktikabaaside nimekiri\u201d toodud informatsioon, samuti organisatsioonide\/ettev\u00f5tete kodulehed, t\u00f6\u00f6pakkumised ja ka isiklikud tutvused.<\/span><\/li>\n<li><span style=\"font-size: 16px;\">Edasi p\u00fcstitage praktika \u00f5ppeaine \u00fcldeesm\u00e4rgist l\u00e4htuvalt individuaalne eesm\u00e4rk \u2013 mis on see, mida tahate praktikal \u00f5ppida ning millised oskused omandate? \u00c4rge kartke p\u00fcstitada suurt eesm\u00e4rki. Isegi siis kui neid t\u00e4ita ei saa v\u00f5i ei \u00f5nnestu, saate anal\u00fc\u00fcsida, miks just nii l\u00e4ks. Ja see on \u00fcks parimaid \u00f5ppimise kohti. Eesm\u00e4rgi s\u00f5nastamisel koosk\u00f5lastage need \u00fclikoolipoolse juhendajaga. Praktika eesm\u00e4rk peab olema \u00f5igesti s\u00f5nastatud.<\/span><\/li>\n<li><span style=\"font-size: 16px;\">Kui olete leidnud praktikakoha, kus saate t\u00e4ita oma eesm\u00e4rgi ja \u00f5piv\u00e4ljundid, on hea tava vormistada praktikaleping (vt Moodle\u2019is 2. samm \u201cPraktikaleping \/ kinnituskiri\u201d). Leping v\u00f5ib sisaldada ka konfidentsiaalse info salajas hoidmise n\u00f5uet jms.<\/span><\/li>\n<li><span style=\"font-size: 16px;\">Iga praktikaga kaasneb dokumentatsioon. Oluline on oma tegevust mitte ainult \u00fcles m\u00e4rkida ja kirjeldada, vaid eelk\u00f5ige anal\u00fc\u00fcsida. Skytte praktikaaines on selleks m\u00f5eldud \u00fclesanded \u201cPraktika eesm\u00e4rgid ja \u00fclesanded\u201d enne praktikat, ja \u201cEneseanal\u00fc\u00fcs\u201d p\u00e4rast praktikat.<\/span><\/li>\n<li><span style=\"font-size: 16px;\">Kui praktikabaasis tekivad \u00fcli\u00f5pilase ja praktikabaasi juhendaja v\u00f5i esindaja vahel erimeelsused, siis tuleb nendest kohe teada anda \u00fclikoolipoolsele juhendajale. \u00dcletamatute erimeelsuste v\u00f5i praktikalepingu tingimuste rikkumise korral on \u00fcli\u00f5pilasel \u00f5igus praktika katkestada, aga enne tuleb sellest informeerida \u00fclikoolipoolset juhendajat.<\/span><\/li>\n<li><span style=\"font-size: 16px;\">Praktika l\u00f5ppedes anal\u00fc\u00fcsitakse praktikaeesm\u00e4rgi ja \u00f5piv\u00e4ljundite t\u00e4itmist ja \u00fcli\u00f5pilase enda arengut.<\/span><\/li>\n<\/ol>\n<p><span style=\"font-size: 20px;\"><strong>2. \u00dclikoolipoolse juhendaja roll<\/strong><\/span><\/p>\n<p><span style=\"font-size: 16px;\"><strong>\u00dclikoolipoolse\u00a0juhendaja\u00a0rollid<\/strong><\/span><\/p>\n<ol>\n<li><span style=\"font-size: 16px;\">Omab \u00fclevaadet praktikaprotsessist ning on vastutav praktikakorralduse eest.\u00a0<\/span><\/li>\n<li><span style=\"font-size: 16px;\">Planeerib koost\u00f6\u00f6s programmijuhiga praktika ajalise asetuse \u00f5ppekavas, praktika eesm\u00e4rgi ning oodatavad \u00f5piv\u00e4ljundid, st annab sisulise sisendi praktikale tervikuna.<\/span><\/li>\n<li><span style=\"font-size: 16px;\">Viib l\u00e4bi sissejuhatava seminari, kus tutvustab praktika (\u00e4rge unustage, et praktika on samasugune aine nagu muud ained \u00f5ppekavas) l\u00e4bimise tingimusi. Seminaris k\u00e4sitletakse oodatavaid \u00f5piv\u00e4ljundeid, praktikakoha leidmist, vajalikku dokumentatsiooni (sh lepinguid), praktika l\u00f5petamist.<\/span><\/li>\n<li><span style=\"font-size: 16px;\">N\u00f5ustab praktikakoha leidmisel.<\/span><\/li>\n<li><span style=\"font-size: 16px;\">Aitab s\u00f5nastada praktika eesm\u00e4rki ja \u00f5piv\u00e4ljundeid.<\/span><\/li>\n<li><span style=\"font-size: 16px;\">Aitab vajadusel lahendada nii \u00fcli\u00f5pilasel kui praktikabaasi juhendajal seoses praktikaga tekkinud probleeme.<\/span><\/li>\n<li><span style=\"font-size: 16px;\">Annab \u00fcli\u00f5pilasele tagasisidet.<\/span><\/li>\n<li><span style=\"font-size: 16px;\">Korraldab praktikaj\u00e4rgset seminari.\u00a0<\/span><\/li>\n<\/ol>\n<h2><span style=\"font-size: 20px;\"><strong>3. Praktikabaasi poolse juhendaja roll<\/strong><\/span><\/h2>\n<p><span style=\"font-size: 16px;\"><strong>Praktikabaasi poolse juhendaja (mentori) v\u00f5imalikud rollid ja \u00fclesanded<\/strong><\/span><\/p>\n<ol>\n<li><span style=\"font-size: 16px;\">Arutab \u00fcli\u00f5pilasega l\u00e4bi tema praktika individuaalse eesm\u00e4rgi ja \u00f5piv\u00e4ljundid ning viisid, kuidas j\u00f5uda nendeni j\u00f5uda.<\/span><\/li>\n<li><span style=\"font-size: 16px;\">Toetab \u00fcli\u00f5pilast erialasel v\u00e4lja\u00f5ppel praktikakohas, sh t\u00f6\u00f6vahendite kasutamine, \u00f5igete t\u00f6\u00f6v\u00f5tete omandamine, t\u00f6\u00f6protsesside m\u00f5testamine, t\u00f6\u00f6de planeerimine ja \u00f5igeaegne teostamine.\u00a0<\/span><\/li>\n<li><span style=\"font-size: 16px;\">Praktika l\u00f5ppedes (kindlasti ka praktika jooksul) annab tagasisidet \u00fcli\u00f5pilase sooritusele ning praktika korraldusele.<\/span><\/li>\n<\/ol>\n","protected":false},"excerpt":{"rendered":"<p>1. \u00dcli\u00f5pilase roll \u00dcli\u00f5pilase roll ja olulised tegevused ning t\u00e4helepanekud praktikale minnes: Esmalt lugege Skytte instituudi praktika korraldust tutvustavat lehek\u00fclge. Seal saate \u00fclevaate praktikast\u00a0ning esmased juhised. \u00dcli\u00f5pilase l\u00f5ppeesm\u00e4rk on praktika edukalt l\u00e4bida ning selle k\u00e4igus saavutada p\u00fcstitatud \u00f5piv\u00e4ljundid. \u00a0 Leidke &#8230;<\/p>\n","protected":false},"author":190,"featured_media":0,"parent":0,"menu_order":0,"comment_status":"closed","ping_status":"closed","template":"","meta":{"_acf_changed":false,"inline_featured_image":false,"footnotes":""},"class_list":["post-9","page","type-page","status-publish","hentry"],"acf":[],"_links":{"self":[{"href":"https:\/\/sisu.ut.ee\/skyttepraktika\/wp-json\/wp\/v2\/pages\/9","targetHints":{"allow":["GET"]}}],"collection":[{"href":"https:\/\/sisu.ut.ee\/skyttepraktika\/wp-json\/wp\/v2\/pages"}],"about":[{"href":"https:\/\/sisu.ut.ee\/skyttepraktika\/wp-json\/wp\/v2\/types\/page"}],"author":[{"embeddable":true,"href":"https:\/\/sisu.ut.ee\/skyttepraktika\/wp-json\/wp\/v2\/users\/190"}],"replies":[{"embeddable":true,"href":"https:\/\/sisu.ut.ee\/skyttepraktika\/wp-json\/wp\/v2\/comments?post=9"}],"version-history":[{"count":4,"href":"https:\/\/sisu.ut.ee\/skyttepraktika\/wp-json\/wp\/v2\/pages\/9\/revisions"}],"predecessor-version":[{"id":199,"href":"https:\/\/sisu.ut.ee\/skyttepraktika\/wp-json\/wp\/v2\/pages\/9\/revisions\/199"}],"wp:attachment":[{"href":"https:\/\/sisu.ut.ee\/skyttepraktika\/wp-json\/wp\/v2\/media?parent=9"}],"curies":[{"name":"wp","href":"https:\/\/api.w.org\/{rel}","templated":true}]}}