{"id":7,"date":"2024-04-04T05:14:58","date_gmt":"2024-04-04T02:14:58","guid":{"rendered":"https:\/\/sisu.ut.ee\/skyttepraktika\/praktika-protsess\/"},"modified":"2025-07-23T14:45:31","modified_gmt":"2025-07-23T11:45:31","slug":"praktika-protsess","status":"publish","type":"page","link":"https:\/\/sisu.ut.ee\/skyttepraktika\/praktika-protsess\/","title":{"rendered":"Praktika protsess"},"content":{"rendered":"<p><span style=\"font-family: Arial,Helvetica,sans-serif;\">Praktika kvaliteetseks sooritamiseks on oluline teada praktika protsessi ja protsessi osapooli. Praktika protsessis on kolm osapoolt: praktikant, \u00f5ppeasutusepoolne juhendaja (= Skytte instituudi praktikakoordinaator) ja praktikakohapoolne juhendaja.<\/span><\/p>\n<p><span style=\"font-family: Arial,Helvetica,sans-serif;\">Allpool oleval skeemil v\u00e4ljatoodud sissejuhatav seminar toimub hetkel ainult eesti keeles ja on kohustuslik l\u00e4bida bakalaureuse\u00f5ppe tudengitel, kes alustasid oma \u00f5pingud 2024.\/25.\u00f5a v\u00f5i hiljem.\u00a0 Praktikaaruande esitlemine ja kaitsmine toimub hetkel kirjalikus vormis, s.t. praktikant esitab Moodle\u2019is aruande ja eneseanal\u00fc\u00fcsi oma praktika kohta. P\u00e4rast praktikat osaleb praktikant praktikaj\u00e4rgsel seminaril, kus arutatakse ja jagatakse kogemusi kaastudengitega. Praktikaj\u00e4rgne seminar toimub hetkel ainult eesti keeles ja on kohustuslik bakalaureuse\u00f5ppe tudengitele, kes alustasid oma \u00f5pingud 2024.\/25.\u00f5a v\u00f5i hiljem.\u00a0\u00a0<\/span><\/p>\n<p><img loading=\"lazy\" decoding=\"async\" width=\"1289\" height=\"762\" class=\"alignnone wp-image-32\" title=\"praktikaprotsessi_joonis_ettevottes_uus_1.jpg\" src=\"https:\/\/sisu.ut.ee\/wp-content\/uploads\/sites\/370\/praktikaprotsessi_joonis_ettevottes_uus_1.jpg\" alt=\"Praktika kvaliteetseks sooritamiseks on oluline teada praktika protsessi ja protsessi osapooli. Praktika protsessis on kolm osapoolt.\" srcset=\"https:\/\/sisu.ut.ee\/wp-content\/uploads\/sites\/370\/praktikaprotsessi_joonis_ettevottes_uus_1.jpg 1289w, https:\/\/sisu.ut.ee\/wp-content\/uploads\/sites\/370\/praktikaprotsessi_joonis_ettevottes_uus_1-300x177.jpg 300w, https:\/\/sisu.ut.ee\/wp-content\/uploads\/sites\/370\/praktikaprotsessi_joonis_ettevottes_uus_1-1024x605.jpg 1024w, https:\/\/sisu.ut.ee\/wp-content\/uploads\/sites\/370\/praktikaprotsessi_joonis_ettevottes_uus_1-768x454.jpg 768w\" sizes=\"auto, (max-width: 1289px) 100vw, 1289px\">Joonis. Praktika protsess ja osapooled.<\/p>\n","protected":false},"excerpt":{"rendered":"<p>Praktika kvaliteetseks sooritamiseks on oluline teada praktika protsessi ja protsessi osapooli. Praktika protsessis on kolm osapoolt: praktikant, \u00f5ppeasutusepoolne juhendaja (= Skytte instituudi praktikakoordinaator) ja praktikakohapoolne juhendaja. Allpool oleval skeemil v\u00e4ljatoodud sissejuhatav seminar toimub hetkel ainult eesti keeles ja on kohustuslik &#8230;<\/p>\n","protected":false},"author":190,"featured_media":0,"parent":0,"menu_order":0,"comment_status":"closed","ping_status":"closed","template":"","meta":{"_acf_changed":false,"inline_featured_image":false,"footnotes":""},"class_list":["post-7","page","type-page","status-publish","hentry"],"acf":[],"_links":{"self":[{"href":"https:\/\/sisu.ut.ee\/skyttepraktika\/wp-json\/wp\/v2\/pages\/7","targetHints":{"allow":["GET"]}}],"collection":[{"href":"https:\/\/sisu.ut.ee\/skyttepraktika\/wp-json\/wp\/v2\/pages"}],"about":[{"href":"https:\/\/sisu.ut.ee\/skyttepraktika\/wp-json\/wp\/v2\/types\/page"}],"author":[{"embeddable":true,"href":"https:\/\/sisu.ut.ee\/skyttepraktika\/wp-json\/wp\/v2\/users\/190"}],"replies":[{"embeddable":true,"href":"https:\/\/sisu.ut.ee\/skyttepraktika\/wp-json\/wp\/v2\/comments?post=7"}],"version-history":[{"count":3,"href":"https:\/\/sisu.ut.ee\/skyttepraktika\/wp-json\/wp\/v2\/pages\/7\/revisions"}],"predecessor-version":[{"id":192,"href":"https:\/\/sisu.ut.ee\/skyttepraktika\/wp-json\/wp\/v2\/pages\/7\/revisions\/192"}],"wp:attachment":[{"href":"https:\/\/sisu.ut.ee\/skyttepraktika\/wp-json\/wp\/v2\/media?parent=7"}],"curies":[{"name":"wp","href":"https:\/\/api.w.org\/{rel}","templated":true}]}}