{"id":6,"date":"2024-04-04T05:14:58","date_gmt":"2024-04-04T02:14:58","guid":{"rendered":"https:\/\/sisu.ut.ee\/skyttepraktika\/praktika-moiste-ja-eesmark\/"},"modified":"2024-08-28T14:10:49","modified_gmt":"2024-08-28T11:10:49","slug":"praktika-moiste-ja-eesmark","status":"publish","type":"page","link":"https:\/\/sisu.ut.ee\/skyttepraktika\/praktika-moiste-ja-eesmark\/","title":{"rendered":"Praktika m\u00f5iste ja eesm\u00e4rk"},"content":{"rendered":"<p>Praktika\u00a0on \u00f5ppekava \u00f5piv\u00e4ljundite saavutamiseks \u00fcli\u00f5pilase<strong>\u00a0<\/strong><strong>eesm\u00e4rgip\u00e4rane tegevus <\/strong>t\u00f6\u00f6keskkonnas. Praktika k\u00e4igus on v\u00f5imalik rakendada \u00f5ppekava raames \u00f5pitud teadmisi, oskusi ja hoiakuid.<\/p>\n<p>Enne praktikale minekut on oluline seada eesm\u00e4rk, sest just\u00a0<strong>\u00f5igesti s\u00f5nastatud praktika eesm\u00e4rk<\/strong> annab tegutsemisele suuna, aitab keskenduda tulemusele ja saavutatud tulemust hinnata. Eesm\u00e4rk ei tohi olla liiga \u00fcldine, vaid on seotud konkreetse praktikakohaga.<\/p>\n<h2><span style=\"font-size: 16px;\">EESM\u00c4RGISTAMISE ABC<\/span><\/h2>\n<p><span style=\"font-size: 16px;\">Praktika eesm\u00e4rk ja \u00fclesanded peavad kokku moodustama terviku, vastama nn SMART p\u00f5him\u00f5ttele ning olema:<br>\n<\/span><\/p>\n<ul>\n<li><strong>saavutatavad;<\/strong><\/li>\n<li><strong>realistlikud;<\/strong><\/li>\n<li><strong>m\u00f5\u00f5detavad;<\/strong><\/li>\n<li><strong>ajaliselt m\u00e4\u00e4ratletud;<\/strong><\/li>\n<li><strong>selged nii \u00f5ppijale kui juhendaja(te)le<\/strong><\/li>\n<\/ul>\n<p>Praktika \u00fclesanded viivad praktika eesm\u00e4rgi saavutamiseni. Kui kirjeldate praktika \u00fclesandeid, siis tooge m\u00f5\u00f5detavuse v\u00e4ljendamiseks v\u00e4lja ajaliselt, kui palju aega (tundi, p\u00e4eva, n\u00e4dalat) plaanite iga \u00fclesande tegemiseks ning planeerige saavutatavat mahtu (nt mitu lk teksti, mitu artiklit, mitu koosolekut vms). Eesm\u00e4rk ja \u00fclesanded peavad ka olema seotud v\u00e4hemalt \u00fche <a href=\"https:\/\/sisu.ut.ee\/skyttepraktika\/tulevikuoskused-2025\/\" target=\"_blank\" rel=\"noopener\">tulevikuoskusega<\/a>.<\/p>\n<p><span style=\"font-size: 16px;\">Eesm\u00e4rgi s\u00f5nastamise n\u00e4ited (praktikate aruannetest):<\/span><\/p>\n<p><span style=\"font-size: 16px;\"><em><strong>Hea s\u00f5nastus:<\/strong><\/em> Ettev\u00f5ttes (ettev\u00f5tte nimi) 2014-2016.a. (ajaline m\u00e4\u00e4ratlus) turundusanal\u00fc\u00fcsi tulemustest l\u00e4htuvalt uue turundusplaani kontseptsiooni v\u00e4ljat\u00f6\u00f6tamine (m\u00f5\u00f5detav, realistlik, saavutatav, arusaadav).<\/span><\/p>\n<p><span style=\"font-size: 16px;\"><em><strong>Halb s\u00f5nastus: <\/strong><\/em>Tutvumine firma tegevusvaldkondadega. (Siin tuleb kindlasti t\u00e4psustada, et millega tutvutakse, sest k\u00f5igega ei j\u00f5ua, st see eesm\u00e4rk ei ole saavutatav, realistlik ega m\u00f5\u00f5detav. Ajaline m\u00e4\u00e4ratlus saab olla alati piiritletud ka praktikal olemise ajaga. Aga seda enam tuleb vaadata, et eesm\u00e4rk oleks saavutav ja selge).<\/span><\/p>\n<p><span style=\"font-size: 16px;\"><em><strong>Halb s\u00f5nastus:<\/strong><\/em> Soovisin omandada teadmisi alustavate ettev\u00f5tete (Startup) toimimisest ja probleemidest. (Vajalik t\u00e4psustamine. Praegu pole eesm\u00e4rk saavutatav ega realistlik).<\/span><\/p>\n<blockquote>\n<p style=\"text-align: center;\"><span style=\"font-size: 16px;\"><span style=\"color: #0066ff;\"><strong>PRAKTIKA EESM\u00c4RGI JA \u00dcLESANNETE S\u00d5NASTAMINE V\u00d5TAB AEGA!<\/strong><\/span><\/span><\/p>\n<p style=\"text-align: center;\">\n<\/p><\/blockquote>\n","protected":false},"excerpt":{"rendered":"<p>Praktika\u00a0on \u00f5ppekava \u00f5piv\u00e4ljundite saavutamiseks \u00fcli\u00f5pilase\u00a0eesm\u00e4rgip\u00e4rane tegevus t\u00f6\u00f6keskkonnas. Praktika k\u00e4igus on v\u00f5imalik rakendada \u00f5ppekava raames \u00f5pitud teadmisi, oskusi ja hoiakuid. Enne praktikale minekut on oluline seada eesm\u00e4rk, sest just\u00a0\u00f5igesti s\u00f5nastatud praktika eesm\u00e4rk annab tegutsemisele suuna, aitab keskenduda tulemusele ja saavutatud tulemust &#8230;<\/p>\n","protected":false},"author":190,"featured_media":0,"parent":0,"menu_order":0,"comment_status":"closed","ping_status":"closed","template":"","meta":{"_acf_changed":false,"inline_featured_image":false,"footnotes":""},"class_list":["post-6","page","type-page","status-publish","hentry"],"acf":[],"_links":{"self":[{"href":"https:\/\/sisu.ut.ee\/skyttepraktika\/wp-json\/wp\/v2\/pages\/6","targetHints":{"allow":["GET"]}}],"collection":[{"href":"https:\/\/sisu.ut.ee\/skyttepraktika\/wp-json\/wp\/v2\/pages"}],"about":[{"href":"https:\/\/sisu.ut.ee\/skyttepraktika\/wp-json\/wp\/v2\/types\/page"}],"author":[{"embeddable":true,"href":"https:\/\/sisu.ut.ee\/skyttepraktika\/wp-json\/wp\/v2\/users\/190"}],"replies":[{"embeddable":true,"href":"https:\/\/sisu.ut.ee\/skyttepraktika\/wp-json\/wp\/v2\/comments?post=6"}],"version-history":[{"count":8,"href":"https:\/\/sisu.ut.ee\/skyttepraktika\/wp-json\/wp\/v2\/pages\/6\/revisions"}],"predecessor-version":[{"id":142,"href":"https:\/\/sisu.ut.ee\/skyttepraktika\/wp-json\/wp\/v2\/pages\/6\/revisions\/142"}],"wp:attachment":[{"href":"https:\/\/sisu.ut.ee\/skyttepraktika\/wp-json\/wp\/v2\/media?parent=6"}],"curies":[{"name":"wp","href":"https:\/\/api.w.org\/{rel}","templated":true}]}}