{"id":17,"date":"2024-04-04T05:14:59","date_gmt":"2024-04-04T02:14:59","guid":{"rendered":"https:\/\/sisu.ut.ee\/skyttepraktika\/praktikajuhend\/"},"modified":"2025-07-24T14:30:11","modified_gmt":"2025-07-24T11:30:11","slug":"praktikajuhend","status":"publish","type":"page","link":"https:\/\/sisu.ut.ee\/skyttepraktika\/praktikajuhend\/","title":{"rendered":"Praktikajuhend"},"content":{"rendered":"<div class=\"WordSection1\">\n<h2 style=\"text-align: justify; margin: 12.0pt 0cm 12.0pt 0cm;\">1. PRAKTIKA EESM\u00c4RK JA SISU<\/h2>\n<p style=\"text-align: justify; margin: 12.0pt 0cm 12.0pt 0cm;\"><span lang=\"ET\">Praktika on t\u00f6\u00f6keskkonnas korraldatav \u00fcli\u00f5pilase sihip\u00e4rane tegevus Johan Skytte poliitikauuringute instituudi (edaspidi: instituut) poolt m\u00e4\u00e4ratud vormis ning juhendaja juhendamisel. Praktika eesm\u00e4rgiks on tutvuda reaalse t\u00f6\u00f6ga omandataval erialal, kinnistada teoreetilisi teadmisi praktilise t\u00f6\u00f6 kaudu, rakendada \u00f5pitut reaalses t\u00f6\u00f6keskkonnas, tutvuda erialaga seotud asutuste t\u00f6\u00f6korraldusega ja j\u00e4lgida erinevaid t\u00f6\u00f6protsesse ning arendada \u00fcli\u00f5pilase iseseisva t\u00f6\u00f6 oskusi ja harjumusi. Praktika peab toetama \u00f5ppekava eesm\u00e4rkide ja seatud \u00f5piv\u00e4ljundite saavutamist. Praktika peab olema seotud \u00f5ppekavade eesm\u00e4rkidega kas valdkondlikult v\u00f5i uurimis- ja anal\u00fc\u00fcsiv\u00f5imet arendavate tegevustega \u00fcldisemalt.<\/span><\/p>\n<h2 style=\"text-align: justify; margin: 12.0pt 0cm 12.0pt 0cm;\">2. PRAKTIKA \u00d5PIV\u00c4LJUNDID<\/h2>\n<p style=\"margin-top: 0cm; text-align: justify;\"><span style=\"background: white;\">Praktika l\u00e4binud \u00fcli\u00f5pilane on \u00f5ppinud p\u00f5hjalikumalt tundma \u00fche riigiasutuse v\u00f5i kohaliku omavalitsuse organisatsiooni t\u00f6\u00f6 p\u00f5him\u00f5tted, v\u00e4ljakutseid ja \u2013korraldust ning rakendab \u00f5pitud teadmisi ja oskusi t\u00f6\u00f6keskkonnas. On \u00f5ppinud \u00e4ra tundma ja arendama sotsiaalseid oskusi, mis on vajalikud (poliitikat tegevas v\u00f5i elluviivas) organisatsioonis t\u00f6\u00f6tamisel ja on kogemuste varal arendanud oskusi, mis valmistavad teda ette t\u00f6\u00f6tamiseks poliitikat tegevas v\u00f5i poliitikat elluviivas organisatsioonis. Anal\u00fc\u00fcsib enda kogemust, kogemusest \u00f5pitut ning hindab arenguvajadusi (<\/span><a title=\"\" href=\"https:\/\/sisu.ut.ee\/skyttepraktika\/praktika-eneseanal%C3%BC%C3%BCsiks-starr-metoodika\" target=\"_blank\" rel=\"noopener\" data-url=\"https:\/\/sisu.ut.ee\/skyttepraktika\/praktika-eneseanal%C3%BC%C3%BCsiks-starr-metoodika\">STARR metoodika)<\/a><span style=\"background: white;\"> ning annab hinnangu \u00fchele tulevikuoskuse rakendamisele.<\/span><\/p>\n<h2 style=\"text-align: justify; margin: 12.0pt 0cm 12.0pt 0cm;\">3. PRAKTIKA KESTUS JA MAHT<\/h2>\n<p style=\"text-align: justify; margin: 12.0pt 0cm 12.0pt 0cm;\"><span lang=\"ET\">Skytte instituudis on praktika maht 3 EAP v\u00f5i 6 EAP. 3 EAP jaoks tuleb praktikat sooritada v\u00e4hemalt 78 tundi, 6 EAP jaoks v\u00e4hemalt 156 tundi (1 EAP = 26 tundi). On oluline, et praktika maht ja t\u00f6\u00f6tundide arv kajastuks ka praktikalepingus v\u00f5i kinnituskirjas.<\/span><\/p>\n<h2 style=\"text-align: justify; margin: 12.0pt 0cm 12.0pt 0cm;\">4. TOIMUMISE KOHT JA PRAKTIKAVALDKONNAD<\/h2>\n<p style=\"text-align: justify; margin: 12.0pt 0cm 12.0pt 0cm;\"><span lang=\"ET\">Praktikat v\u00f5ib sooritada nii keskvalitsuse (ministeeriumid, ametid) kui kohaliku omavalitsuse asutustes, diplomaatilistes esindustes, avalik-\u00f5iguslikes institutsioonides v\u00f5i kolmanda sektori organisatsioonides v\u00f5i erasektoris. Nii Eestis kui v\u00e4lismaal l\u00e4bitavale praktikale kohalduvad \u00fchetaolised reeglid.<\/span><\/p>\n<p style=\"text-align: justify; margin: 12.0pt 0cm 12.0pt 0cm;\"><span lang=\"ET\">Bakalaureusetasemel peaks praktika toimuma eelistatult riigiasutustes v\u00f5i kohalikus omavalitsuses. <\/span><\/p>\n<p style=\"text-align: justify; margin: 12.0pt 0cm 12.0pt 0cm;\"><span lang=\"ET\">Magistritasemel peab praktika olenevalt \u00f5ppekavast seonduma teatud kitsama teemavaldkonnaga.<\/span><\/p>\n<p style=\"text-align: justify; margin: 12.0pt 0cm 12.0pt 0cm;\"><span lang=\"ET\">Praktikana v\u00f5ib arvesse minna ka instituudisisene v\u00f5i muudes Tartu \u00dclikooli \u00fcksustes tehtav t\u00f6\u00f6. Instituudisisene praktika v\u00f5ib olla seejuures nii organisatoorne (abistamine erinevate administratiivsete \u00fclesannete t\u00e4itmisel v\u00f5i \u00fcrituste korraldamisel) kui anal\u00fc\u00fctiline (sisuline panustamine instituudi uurimisprojektides). Praktikana l\u00e4heb arvesse ka \u00f5ppeainete assisteerimine ja\/v\u00f5i \u00f5petamispraktika. <\/span><\/p>\n<p style=\"text-align: justify; margin: 12.0pt 0cm 12.0pt 0cm;\"><span lang=\"ET\">Bakalaureuse- ja magistri\u00f5ppes on praktika l\u00e4bimine vabatahtlik, v.a. juhul, kui \u00f5ppekavas on seatud eritingimused (nt Riigiteaduste \u00f5ppekavas on praktika kohustuslik \u00fcli\u00f5pilastele, kes alustasid oma \u00f5pingud 2024.\/25 \u00f5ppeaastal v\u00f5i hiljem.)<\/span><\/p>\n<p style=\"text-align: justify; margin: 12.0pt 0cm 12.0pt 0cm;\"><span lang=\"ET\">Praktikat v\u00f5ib sooritada ka v\u00e4lismaal. Juhul kui v\u00e4lismaise praktikakoha leidmiseks ja rahastamiseks kasutatakse m\u00f5nd tugiorganisatsiooni v\u00f5i \u2013programmi (n\u00e4iteks Eramus+), tuleb praktika korraldamisel ning dokumentide vormistamisel j\u00e4lgida ka vastava organisatsiooni v\u00f5i programmi reegleid ja n\u00f5udmisi, kuid need ei tohi olla vastuolus instituudi n\u00f5uetega.<\/span><\/p>\n<h2 style=\"text-align: justify; margin: 12.0pt 0cm 12.0pt 0cm;\">5. PRAKTIKA KORRALDAMINE<\/h2>\n<p style=\"text-align: justify; margin: 12.0pt 0cm 12.0pt 0cm;\"><span lang=\"ET\">\u00dcli\u00f5pilane leiab ise omale praktikakoha, mis vastab tema \u00f5ppesuunale ning aitab kaasa \u00f5ppekava eesm\u00e4rkide saavutamisele. Instituudis on loodud praktikakohtade andmebaas, mis sisaldab soovitusi praktikakohtade leidmiseks nii Eestis kui v\u00e4lismaal, sobivatest praktikakohtadest v\u00f5idakse lisaks teavitada instituudi meililistide kaudu ning muudes instituudi infokanalites. <\/span><span lang=\"ET\">\u00dcli\u00f5pilase \u00fclesandeks on ise v\u00f5imalike praktikapakkujatega kontakteeruda ja uurida praktikakoha v\u00f5imaluse kohta.<\/span><\/p>\n<h2 style=\"text-align: justify; margin: 12.0pt 0cm 12.0pt 0cm;\">6. PRAKTIKA JUHENDAMINE<\/h2>\n<p style=\"text-align: justify; margin: 12.0pt 0cm 12.0pt 0cm;\"><span lang=\"ET\">Praktikandil on kaks juhendajat: \u00fclikoolipoolne ja organisatsioonipoolne praktikajuhendaja.<\/span><\/p>\n<h3 style=\"text-align: justify; margin: 12.0pt 0cm 12.0pt 0cm;\">a. \u00dclikoolipoolne praktikajuhendaja<\/h3>\n<p style=\"text-align: justify; margin: 12.0pt 0cm 12.0pt 0cm;\"><span lang=\"ET\">\u00dclikoolipoolseks praktikajuhendajaks on Skytte instituudi praktika koordinaator, kes vajadusel konsulteerib vastava \u00f5ppekava programmijuhiga. \u00dclikoolipoolse juhendaja \u00fclesanneteks on praktika l\u00e4bimise sammude n\u00f5ustamine, anal\u00fc\u00fcsimine, hindamine ja kinnitamine (Moodle keskkonnas).<\/span><\/p>\n<h3 style=\"text-align: justify; margin: 12.0pt 0cm 12.0pt 0cm;\">b. Organisatsioonipoolne praktikajuhendaja<\/h3>\n<p style=\"text-align: justify; margin: 12.0pt 0cm 12.0pt 0cm;\"><span lang=\"ET\">Organisatsioonipoolne praktikajuhendaja vastutab praktika sisulise poole eest. Organisatsioonipoolse juhendaja \u00fclesanneteks on praktikandi t\u00f6\u00f6 igap\u00e4evane koordineerimine sh praktika\u00fclesannete formuleerimine ja nende t\u00e4itmise j\u00e4lgimine ning praktikandi juhendamine, praktika k\u00e4igus tekkinud probleemide lahendamine koost\u00f6\u00f6s praktikandi ja vajadusel \u00fclikoolipoolse juhendajaga. P\u00e4rast praktika l\u00f5ppu t\u00e4idab organisatsioonipoolne juhendaja elektroonse hindamislehe praktika kodulehel. <\/span><\/p>\n<h2 style=\"text-align: justify; margin: 12.0pt 0cm 12.0pt 0cm;\">7. PRAKTIKA HINDAMINE JA SOORITAMISE TINGIMUSED<\/h2>\n<p style=\"text-align: justify; margin: 12.0pt 0cm 12.0pt 0cm;\"><span lang=\"ET\">Praktikat hinnatakse arvestatud\/mittearvestatud skaalal. Praktika loetakse arvestatuks k\u00f5ikide praktika sooritamise sammude edukal l\u00e4bimisel Moodle keskkonnas. <\/span><\/p>\n<p style=\"text-align: justify; margin: 12.0pt 0cm 12.0pt 0cm;\"><span lang=\"ET\">Juhul kui praktika toimub m\u00f5ne \u00fclikooliv\u00e4lise organisatsiooni v\u00f5i programmi toel, mis n\u00f5uab t\u00e4iendavate dokumentide esitamist, vastutab praktikant aruandluse jaoks vajalike dokumentide \u00f5igeaegse ja korrektse esitamise eest. <\/span><\/p>\n<h2 style=\"text-align: justify; margin: 12.0pt 0cm 12.0pt 0cm;\">8. PRAKTIKA TASUSTAMINE NING T\u00d6\u00d6TINGIMUSED<\/h2>\n<p style=\"text-align: justify; margin: 12.0pt 0cm 12.0pt 0cm;\"><span lang=\"ET\">Iga \u00fcli\u00f5pilane vastutab praktikakoha leidmise eest ise. Praktika toimub \u00fcldjuhul tasuta ning selle l\u00e4bimise eest pole rahalist kompensatsiooni ette n\u00e4htud. Kokkuleppel organisatsiooniga, kus praktika toimub, v\u00f5ib praktikant saada ka t\u00f6\u00f6tasu v\u00f5i muid rahalisi kompensatsioone. <\/span><\/p>\n<h2 style=\"text-align: justify; margin: 12.0pt 0cm 12.0pt 0cm;\">9. LISAINFORMATSIOON<\/h2>\n<p style=\"text-align: justify; margin: 12.0pt 0cm 12.0pt 0cm;\"><span lang=\"ET\">Praktika l\u00e4bimisega seonduvates k\u00fcsimustes v\u00f5ivad \u00fcli\u00f5pilased igal ajal p\u00f6\u00f6rduda instituudi praktika koorinaatori poole. V\u00e4lispraktika huvilistel soovitame tutvuda ka Tartu \u00dclikooli <a href=\"https:\/\/ut.ee\/et\/erasmusepraktika\" target=\"_blank\" rel=\"noopener\">v\u00e4lispraktika kodulehel oleva informatsiooniga <\/a><\/span><span lang=\"ET\">ning k\u00fcsimuste korral p\u00f6\u00f6rduda T\u00dc rahvusvahelise \u00f5pir\u00e4nde keskuse v\u00e4lispraktika koordinaatori poole (Piret Saluveer, erasmustraineeship@ut.ee,\u00a0<\/span>+372 737 6019<a href=\"http:\/\/www.ut.ee\/et\/oppimine\/valismaa\/kontaktid)\"><span lang=\"ET\">)<\/span><\/a><span lang=\"ET\">. <b> <\/b><\/span><\/p>\n<\/div>\n","protected":false},"excerpt":{"rendered":"<p>1. PRAKTIKA EESM\u00c4RK JA SISU Praktika on t\u00f6\u00f6keskkonnas korraldatav \u00fcli\u00f5pilase sihip\u00e4rane tegevus Johan Skytte poliitikauuringute instituudi (edaspidi: instituut) poolt m\u00e4\u00e4ratud vormis ning juhendaja juhendamisel. Praktika eesm\u00e4rgiks on tutvuda reaalse t\u00f6\u00f6ga omandataval erialal, kinnistada teoreetilisi teadmisi praktilise t\u00f6\u00f6 kaudu, rakendada \u00f5pitut &#8230;<\/p>\n","protected":false},"author":190,"featured_media":0,"parent":0,"menu_order":0,"comment_status":"closed","ping_status":"closed","template":"","meta":{"_acf_changed":false,"inline_featured_image":false,"footnotes":""},"class_list":["post-17","page","type-page","status-publish","hentry"],"acf":[],"_links":{"self":[{"href":"https:\/\/sisu.ut.ee\/skyttepraktika\/wp-json\/wp\/v2\/pages\/17","targetHints":{"allow":["GET"]}}],"collection":[{"href":"https:\/\/sisu.ut.ee\/skyttepraktika\/wp-json\/wp\/v2\/pages"}],"about":[{"href":"https:\/\/sisu.ut.ee\/skyttepraktika\/wp-json\/wp\/v2\/types\/page"}],"author":[{"embeddable":true,"href":"https:\/\/sisu.ut.ee\/skyttepraktika\/wp-json\/wp\/v2\/users\/190"}],"replies":[{"embeddable":true,"href":"https:\/\/sisu.ut.ee\/skyttepraktika\/wp-json\/wp\/v2\/comments?post=17"}],"version-history":[{"count":4,"href":"https:\/\/sisu.ut.ee\/skyttepraktika\/wp-json\/wp\/v2\/pages\/17\/revisions"}],"predecessor-version":[{"id":194,"href":"https:\/\/sisu.ut.ee\/skyttepraktika\/wp-json\/wp\/v2\/pages\/17\/revisions\/194"}],"wp:attachment":[{"href":"https:\/\/sisu.ut.ee\/skyttepraktika\/wp-json\/wp\/v2\/media?parent=17"}],"curies":[{"name":"wp","href":"https:\/\/api.w.org\/{rel}","templated":true}]}}