{"id":11,"date":"2024-04-04T05:14:58","date_gmt":"2024-04-04T02:14:58","guid":{"rendered":"https:\/\/sisu.ut.ee\/skyttepraktika\/praktika-ajal\/"},"modified":"2024-04-04T05:15:11","modified_gmt":"2024-04-04T02:15:11","slug":"praktika-ajal","status":"publish","type":"page","link":"https:\/\/sisu.ut.ee\/skyttepraktika\/praktika-ajal\/","title":{"rendered":"Praktika ajal"},"content":{"rendered":"<p>\n\t\u2666\u00a0J\u00e4lgin, et t\u00e4idan <a data-url=\"https:\/\/moodle.ut.ee\/course\/view.php?id=9014\" href=\"https:\/\/moodle.ut.ee\/course\/view.php?id=9014\" target=\"_blank\" title=\"\" rel=\"noopener\">moodlesse<\/a> kirja pandud ja kokku lepitud praktika eesm\u00e4rke\u00a0ja p\u00fcstitatud \u00fclesandeid. Need on arengu aluseks!\n<\/p>\n<p dir=\"ltr\">\n\t\u2666\u00a0Leian lahendused praktikal tekkinud probleemidele ja k\u00fcsimustele.\n<\/p>\n<p dir=\"ltr\">\n\t\u2666\u00a0K\u00fcsin praktikabaasipoolselt juhendajalt jooksvat tagasisidet oma tegevustele (konstruktiivset, et oleks millest \u00f5ppida).\n<\/p>\n<p dir=\"ltr\">\n\t\u2666\u00a0Olen motiveeritud, avatud ja n\u00e4itan \u00fcles \u00f5ppimistahet.\n<\/p>\n<p dir=\"ltr\">\n\t\u2666\u00a0Anal\u00fc\u00fcsin oma tegevusi praktikal.\n<\/p>\n<p>\n\t\u00a0<\/p>\n","protected":false},"excerpt":{"rendered":"<p>\u2666\u00a0J\u00e4lgin, et t\u00e4idan moodlesse kirja pandud ja kokku lepitud praktika eesm\u00e4rke\u00a0ja p\u00fcstitatud \u00fclesandeid. Need on arengu aluseks! \u2666\u00a0Leian lahendused praktikal tekkinud probleemidele ja k\u00fcsimustele. \u2666\u00a0K\u00fcsin praktikabaasipoolselt juhendajalt jooksvat tagasisidet oma tegevustele (konstruktiivset, et oleks millest \u00f5ppida). \u2666\u00a0Olen motiveeritud, avatud ja &#8230;<\/p>\n","protected":false},"author":190,"featured_media":0,"parent":0,"menu_order":0,"comment_status":"closed","ping_status":"closed","template":"","meta":{"_acf_changed":false,"inline_featured_image":false,"footnotes":""},"class_list":["post-11","page","type-page","status-publish","hentry"],"acf":[],"_links":{"self":[{"href":"https:\/\/sisu.ut.ee\/skyttepraktika\/wp-json\/wp\/v2\/pages\/11","targetHints":{"allow":["GET"]}}],"collection":[{"href":"https:\/\/sisu.ut.ee\/skyttepraktika\/wp-json\/wp\/v2\/pages"}],"about":[{"href":"https:\/\/sisu.ut.ee\/skyttepraktika\/wp-json\/wp\/v2\/types\/page"}],"author":[{"embeddable":true,"href":"https:\/\/sisu.ut.ee\/skyttepraktika\/wp-json\/wp\/v2\/users\/190"}],"replies":[{"embeddable":true,"href":"https:\/\/sisu.ut.ee\/skyttepraktika\/wp-json\/wp\/v2\/comments?post=11"}],"version-history":[{"count":1,"href":"https:\/\/sisu.ut.ee\/skyttepraktika\/wp-json\/wp\/v2\/pages\/11\/revisions"}],"predecessor-version":[{"id":78,"href":"https:\/\/sisu.ut.ee\/skyttepraktika\/wp-json\/wp\/v2\/pages\/11\/revisions\/78"}],"wp:attachment":[{"href":"https:\/\/sisu.ut.ee\/skyttepraktika\/wp-json\/wp\/v2\/media?parent=11"}],"curies":[{"name":"wp","href":"https:\/\/api.w.org\/{rel}","templated":true}]}}