{"id":71,"date":"2024-04-11T11:23:49","date_gmt":"2024-04-11T08:23:49","guid":{"rendered":"https:\/\/sisu.ut.ee\/sihitis\/6-kokkuvotlik-test-2\/"},"modified":"2024-04-11T11:23:49","modified_gmt":"2024-04-11T08:23:49","slug":"6-kokkuvotlik-test-2","status":"publish","type":"page","link":"https:\/\/sisu.ut.ee\/sihitis\/6-kokkuvotlik-test-2\/","title":{"rendered":"6. Kokkuv\u00f5tlik test 2"},"content":{"rendered":"<div id=\"watupro_quiz\" class=\"quiz-area \">\n<p id=\"submittingExam10\" style=\"display:none;text-align:center;\"><img loading=\"lazy\" decoding=\"async\" src=\"https:\/\/sisu.ut.ee\/wp-content\/plugins\/watupro\/img\/loading.gif\" width=\"16\" height=\"16\"><\/p>\n\n<div class=\"watupro-exam-description\" id=\"description-quiz-10\"><p><span style=\"font-family: arial,helvetica,sans-serif;\"><strong>Sooritage kokkuv\u00f5tlik interaktiivne test. P\u00fc\u00fcdke iga oma vastust p\u00f5hjendada. Kontrollimiseks kl\u00f5psake s\u00f5nal \"P\u00f5hjenda\".<\/strong><\/span><\/p>\n<p><span style=\"font-family: arial,helvetica,sans-serif;\">Harjutuse katsete arv ja sooritamiseks m\u00f5eldud aeg pole piiratud.<\/span><\/p>\n<\/div>\n\n<form action=\"\" method=\"post\" class=\"quiz-form\" id=\"quiz-10\" enctype=\"multipart\/form-data\">\n<div class=\"watu-question \" id=\"question-1\" style=\"display:block;;\"><div id=\"questionWrap-1\" class=\"  watupro-required-10 watupro-question-id-10\">\n\t\t\t<div class=\"question-content\"><p><span style=\"font-family: arial|helvetica|sans-serif;\"><strong>Pange sulgudes olev sihitis sobivasse k\u00e4\u00e4ndesse. Kuidas sihitise kasutust p\u00f5hjendate? Kontrollimiseks kl\u00f5psake s\u00f5nal \"P\u00f5hjendus\".<\/strong><\/span><\/p>\n<p><span style=\"font-family: arial|helvetica|sans-serif;\">1)\u00a0\u00a0\u00a0\u00a0\u00a0 Ma ei leia oma (kindad) <input type=\"text\" size=\"10\" name=\"gap_10_1\" class=\"watupro-gap answer answerof-10\" value=\"\">.<\/span><\/p>\n<p>\u00a0<\/p>\n<div class=\"accordion\" id=\"accordion\">\n<p><span style=\"font-family: arial|helvetica|sans-serif;\"><a href=\"#\">P\u00f5hjendus:<\/a><\/span><\/p>\n<p><span style=\"font-family: arial|helvetica|sans-serif;\">Lauses on osasihitis (kindaid)|kuna lause \u00f6eldisverb on eitavas k\u00f5nes.<\/span><\/p>\n<\/div>\n<p>\u00a0<\/p>\n<p>\u00a0<\/p>\n<p>\u00a0<\/p>\n<p><span style=\"font-family: arial|helvetica|sans-serif;\">2)\u00a0\u00a0\u00a0\u00a0\u00a0 Minu (rahakott) <input type=\"text\" size=\"10\" name=\"gap_10_2\" class=\"watupro-gap answer answerof-10\" value=\"\">leiti laste m\u00e4nguv\u00e4ljakult.<\/span><\/p>\n<p>\u00a0<\/p>\n<div class=\"accordion\" id=\"accordion\">\n<p><span style=\"font-family: arial|helvetica|sans-serif;\"><a href=\"#\">P\u00f5hjendus:<\/a><\/span><\/p>\n<p><span style=\"font-family: arial|helvetica|sans-serif;\">Lauses on t\u00e4issihitis (rahakott)|kuna tegevus on l\u00f5petatud ja sihitis on tervik. T\u00e4issihitis on nimetavas k\u00e4\u00e4ndes|kuna see kuulub umbisikulises tegumoes \u00f6eldisverbi juurde (omastav ei ole sel juhul v\u00f5imalik).<\/span><\/p>\n<\/div>\n<p>\u00a0<\/p>\n<p>\u00a0<\/p>\n<p>\u00a0<\/p>\n<p><span style=\"font-family: arial|helvetica|sans-serif;\">3)\u00a0\u00a0\u00a0\u00a0\u00a0 Peeter \u00f5ppis praktilise vajaduse t\u00f5ttu kiiresti (inglise keel) <input type=\"text\" size=\"10\" name=\"gap_10_3\" class=\"watupro-gap answer answerof-10\" value=\"\">selgeks.<\/span><\/p>\n<p>\u00a0<\/p>\n<div class=\"accordion\" id=\"accordion\">\n<p><span style=\"font-family: arial|helvetica|sans-serif;\"><a href=\"#\">P\u00f5hjendus:<\/a><\/span><\/p>\n<p><span style=\"font-family: arial|helvetica|sans-serif;\">Lauses on t\u00e4issihitis (inglise keele)|kuna tegevus on l\u00f5petatud ja sihitis on tervik. Tegevuse l\u00f5petatust r\u00f5hutab <em>selgeks<\/em>. T\u00e4issihitis on omastavas|kuna pole eritingimusi|mis nimetavas k\u00e4\u00e4ndes t\u00e4issihitist n\u00f5uaksid.<\/span><\/p>\n<\/div>\n<p>\u00a0<\/p>\n<p>\u00a0<\/p>\n<p>\u00a0<\/p>\n<p><span style=\"font-family: arial|helvetica|sans-serif;\">4)\u00a0\u00a0\u00a0\u00a0\u00a0 M\u00f5nikord n\u00e4idatakse televiisorist (sellised reklaamid) <input type=\"text\" size=\"10\" name=\"gap_10_4\" class=\"watupro-gap answer answerof-10\" value=\"\">|mille m\u00f5ttest on raske aru saada.<\/span><\/p>\n<p>\u00a0<\/p>\n<div class=\"accordion\" id=\"accordion\">\n<p><span style=\"font-family: arial|helvetica|sans-serif;\"><a href=\"#\">P\u00f5hjendus:<\/a><\/span><\/p>\n<p><span style=\"font-family: arial|helvetica|sans-serif;\">Lauses on osasihitis (selliseid reklaame)|kuna verb <em>n\u00e4itama<\/em> on partitiivverb.<\/span><\/p>\n<\/div>\n<p>\u00a0<\/p>\n<p>\u00a0<\/p>\n<p>\u00a0<\/p>\n<p><span style=\"font-family: arial|helvetica|sans-serif;\">5)\u00a0\u00a0\u00a0\u00a0\u00a0 Arvuti (kasutamine) <input type=\"text\" size=\"10\" name=\"gap_10_5\" class=\"watupro-gap answer answerof-10\" value=\"\">tuleks selgeks \u00f5ppida juba lapsena.<\/span><\/p>\n<p>\u00a0<\/p>\n<div class=\"accordion\" id=\"accordion\">\n<p><span style=\"font-family: arial|helvetica|sans-serif;\"><a href=\"#\">P\u00f5hjendus:<\/a><\/span><\/p>\n<p><span style=\"font-family: arial|helvetica|sans-serif;\">Lauses on t\u00e4issihitis (kasutamine)|kuna tegevus on l\u00f5puni j\u00f5udev|tulemuslikkust r\u00f5hutab verbi koosseisu kuuluv resultatiivne abis\u00f5na <em>selgeks<\/em>. T\u00e4issihitis on nimetavas|kuna sihitis kuulub sellise da-infinitiivi juurde|millega omastav pole v\u00f5imalik (vt punktist 3).<\/span><\/p>\n<\/div>\n<p>\u00a0<\/p>\n<p>\u00a0<\/p>\n<p>\u00a0<\/p>\n<p><span style=\"font-family: arial|helvetica|sans-serif;\">6)\u00a0\u00a0\u00a0\u00a0\u00a0 P\u00e4rast kooli l\u00f5petamist hakkas Mari endale (t\u00f6\u00f6koht) <input type=\"text\" size=\"10\" name=\"gap_10_6\" class=\"watupro-gap answer answerof-10\" value=\"\">otsima.<\/span><\/p>\n<p>\u00a0<\/p>\n<div class=\"accordion\" id=\"accordion\">\n<p><span style=\"font-family: arial|helvetica|sans-serif;\"><a href=\"#\">P\u00f5hjendus:<\/a><\/span><\/p>\n<p><span style=\"font-family: arial|helvetica|sans-serif;\">Lauses on osasihitis (t\u00f6\u00f6kohta)|kuna \u00f6eldisverb <em>hakkas otsima<\/em> v\u00e4ljendab tegevuse algust ja sellisel juhul saab lauses olla ainult osasihitis.<\/span><\/p>\n<\/div>\n<p>\u00a0<\/p>\n<p>\u00a0<\/p>\n<p>\u00a0<\/p>\n<p><span style=\"font-family: arial|helvetica|sans-serif;\">7)\u00a0\u00a0\u00a0\u00a0\u00a0 Teadlase (artikkel) <input type=\"text\" size=\"10\" name=\"gap_10_7\" class=\"watupro-gap answer answerof-10\" value=\"\">otsustati avaldada ajakirja j\u00e4rgmises numbris.<\/span><\/p>\n<p>\u00a0<\/p>\n<div class=\"accordion\" id=\"accordion\">\n<p><span style=\"font-family: arial|helvetica|sans-serif;\"><a href=\"#\">P\u00f5hjendus:<\/a><\/span><\/p>\n<p><span style=\"font-family: arial|helvetica|sans-serif;\">Lauses on t\u00e4issihitis (artikkel)|kuna tegevusel on kindel l\u00f5pp-piir ja sihitis ise on terviklik. T\u00e4issihitis on nimetavas k\u00e4\u00e4ndes|kuna lause p\u00f5hiverb <em>otsustati<\/em> on umbisikulises tegumoes ning see m\u00f5jutab ka da-infinitiivi <em>avaldada<\/em> juurde kuuluva sihitise vormi.<\/span><\/p>\n<\/div>\n<p>\u00a0<\/p>\n<p>\u00a0<\/p>\n<p>\u00a0<\/p>\n<p><span style=\"font-family: arial|helvetica|sans-serif;\">8)\u00a0\u00a0\u00a0\u00a0\u00a0 Noor reporter lubas (artikkel) <input type=\"text\" size=\"10\" name=\"gap_10_8\" class=\"watupro-gap answer answerof-10\" value=\"\">\u00f5htuks l\u00f5petada.<\/span><\/p>\n<p>\u00a0<\/p>\n<div class=\"accordion\" id=\"accordion\">\n<p><span style=\"font-family: arial|helvetica|sans-serif;\"><a href=\"#\">P\u00f5hjendus:<\/a><\/span><\/p>\n<p><span style=\"font-family: arial|helvetica|sans-serif;\">Lauses on t\u00e4issihitis (artikli)|kuna tegevus on kindlasti l\u00f5puni j\u00f5udev ning sihitis ise on terviklik. T\u00e4issihitis on omastavas|kuna pole eritingimusi|mis nimetavat n\u00f5uaksid.<\/span><\/p>\n<\/div>\n<p>\u00a0<\/p>\n<p>\u00a0<\/p>\n<p>\u00a0<\/p>\n<p><span style=\"font-family: arial|helvetica|sans-serif;\">9)\u00a0\u00a0\u00a0\u00a0\u00a0 Lubage mul (see raamat) <input type=\"text\" size=\"10\" name=\"gap_10_9\" class=\"watupro-gap answer answerof-10\" value=\"\">kaasa v\u00f5tta!<\/span><\/p>\n<p>\u00a0<\/p>\n<div class=\"accordion\" id=\"accordion\">\n<p><span style=\"font-family: arial|helvetica|sans-serif;\"><a href=\"#\">P\u00f5hjendus:<\/a><\/span><\/p>\n<p><span style=\"font-family: arial|helvetica|sans-serif;\">Lauses on t\u00e4issihitis (see raamat)|kuna tegevusel on l\u00f5pp-piir ja sihitis on tervik. T\u00e4issihitis on nimetavas|kuna lause p\u00f5hiverb <em>lubage <\/em>on k\u00e4skivas k\u00f5neviisis.<\/span><\/p>\n<\/div>\n<p>\u00a0<\/p>\n<p>\u00a0<\/p>\n<p>\u00a0<\/p>\n<p><span style=\"font-family: arial|helvetica|sans-serif;\">10)\u00a0\u00a0 Lennufirma sulgeb j\u00e4rgmisel aastal (viis liini) <input type=\"text\" size=\"10\" name=\"gap_10_10\" class=\"watupro-gap answer answerof-10\" value=\"\">.<\/span><\/p>\n<p>\u00a0<\/p>\n<div class=\"accordion\" id=\"accordion\">\n<p><span style=\"font-family: arial|helvetica|sans-serif;\"><a href=\"#\">P\u00f5hjendus:<\/a><\/span><\/p>\n<p><span style=\"font-family: arial|helvetica|sans-serif;\">Lauses on t\u00e4issihitis (viis liini)|kuna tegevus on tulevikus l\u00f5pule j\u00f5udev ja sihitis on terviklik hulk. P\u00f5hiarvs\u00f5nad alates <em>kahest<\/em> on t\u00e4issihitisena nimetavas k\u00e4\u00e4ndes.<\/span><\/p>\n<\/div>\n<p>\u00a0<\/p>\n<p>\u00a0<\/p>\n<p>\u00a0<\/p>\n<p><span style=\"font-family: arial|helvetica|sans-serif;\">11)\u00a0\u00a0 Isa avas (uks) <input type=\"text\" size=\"10\" name=\"gap_10_11\" class=\"watupro-gap answer answerof-10\" value=\"\">ja j\u00f5uluvana astus tuppa.<\/span><\/p>\n<p>\u00a0<\/p>\n<div class=\"accordion\" id=\"accordion\">\n<p><span style=\"font-family: arial|helvetica|sans-serif;\"><a href=\"#\">P\u00f5hjendus:<\/a><\/span><\/p>\n<p><span style=\"font-family: arial|helvetica|sans-serif;\">Lauses on t\u00e4issihitis (ukse)|kuna tegevus on l\u00f5petatud ja sihitis on \u00fcks jaotamatu tervik. T\u00e4issihitis on omastavas|kuna pole eritingimusi|mis nimetavat n\u00f5uaksid.<\/span><\/p>\n<\/div>\n<p>\u00a0<\/p>\n<p>\u00a0<\/p>\n<p>\u00a0<\/p>\n<p><span style=\"font-family: arial|helvetica|sans-serif;\">12)\u00a0\u00a0 Ma armastan (teie k\u00f5ik) <input type=\"text\" size=\"10\" name=\"gap_10_12\" class=\"watupro-gap answer answerof-10\" value=\"\">.<\/span><\/p>\n<p>\u00a0<\/p>\n<div class=\"accordion\" id=\"accordion\">\n<p><span style=\"font-family: arial|helvetica|sans-serif;\"><a href=\"#\">P\u00f5hjendus:<\/a><\/span><\/p>\n<p><span style=\"font-family: arial|helvetica|sans-serif;\">Lauses on osasihitis (teid k\u00f5iki)|kuna <em>armastama<\/em> on partitiivverb|mis n\u00f5uab alati osasihitist.<\/span><\/p>\n<\/div>\n<p>\u00a0<\/p>\n<p>\u00a0<\/p>\n<p>\u00a0<\/p>\n<p><span style=\"font-family: arial|helvetica|sans-serif;\">13)\u00a0\u00a0 Linnavalitsus peab kindlustama igale lapsele (koht) <input type=\"text\" size=\"10\" name=\"gap_10_13\" class=\"watupro-gap answer answerof-10\" value=\"\">kodul\u00e4hedases koolis.<\/span><\/p>\n<p>\u00a0<\/p>\n<div class=\"accordion\" id=\"accordion\">\n<p><span style=\"font-family: arial|helvetica|sans-serif;\"><a href=\"#\">P\u00f5hjendus:<\/a><\/span><\/p>\n<p><span style=\"font-family: arial|helvetica|sans-serif;\">Lauses on t\u00e4issihitis (koha)|kuna tegevusel on olemas l\u00f5pp-piir ning sihitis on jagamatu tervik. T\u00e4issihitis on omastavas|kuna pole eritingimusi|mis nimetavat n\u00f5uaksid.<\/span><\/p>\n<\/div>\n<p>\u00a0<\/p>\n<p>\u00a0<\/p>\n<p>\u00a0<\/p>\n<p><span style=\"font-family: arial|helvetica|sans-serif;\">14)\u00a0\u00a0 Otsi (mina)\u00a0<input type=\"text\" size=\"10\" name=\"gap_10_14\" class=\"watupro-gap answer answerof-10\" value=\"\">\u00fcles!<\/span><\/p>\n<p>\u00a0<\/p>\n<div class=\"accordion\" id=\"accordion\">\n<p><span style=\"font-family: arial|helvetica|sans-serif;\"><a href=\"#\">P\u00f5hjendus:<\/a><\/span><\/p>\n<p><span style=\"font-family: arial|helvetica|sans-serif;\">Lauses on osasihitis (mind)|kuna sihitiseks on erandliku vormikasutusega ases\u00f5na <em>mina<\/em>. Pronoomenid <em>mina<\/em> ja <em>sina<\/em> on erandlikult osastavas ka nendes kontekstides|kus nimis\u00f5naline sihitis muidu oleks nimetavas. Kui selles lauses oleks sihitiseks nimis\u00f5na|oleks see nimetavas|kuna tegemist on t\u00fc\u00fcpiliselt t\u00e4issihitist eeldava kontekstiga (tegevuse l\u00f5pp-piiri n\u00e4itab abim\u00e4\u00e4rs\u00f5na \u00fcles) ning k\u00e4skivas k\u00f5neviisis verbi juurde kuulub nimetavas t\u00e4issihitis|nt Otsi laps \u00fcles! <\/span><\/p>\n<\/div>\n<p>\u00a0<\/p>\n<p>\u00a0<\/p>\n<p>\u00a0<\/p>\n<p><span style=\"font-family: arial|helvetica|sans-serif;\">15)\u00a0\u00a0 Noor autor ootas (huvitav ettepanek) <input type=\"text\" size=\"10\" name=\"gap_10_15\" class=\"watupro-gap answer answerof-10\" value=\"\">|aga (see) <input type=\"text\" size=\"10\" name=\"gap_10_16\" class=\"watupro-gap answer answerof-10\" value=\"\">ei tehtudki.<\/span><\/p>\n<p>\u00a0<\/p>\n<div class=\"accordion\" id=\"accordion\">\n<p><span style=\"font-family: arial|helvetica|sans-serif;\"><a href=\"#\">P\u00f5hjendus:<\/a><\/span><\/p>\n<p><span style=\"font-family: arial|helvetica|sans-serif;\">Lauses esimene on osasihitis (huvitavat ettepanekut)|kuna <em>ootama<\/em> on partitiivverb|mis ilma tulemuslikkust r\u00f5hutava laiendita n\u00f5uab alati osasihitist (t\u00e4issihitise kasutamise eelduseks oleks n\u00e4iteks abim\u00e4\u00e4rs\u00f5na <em>\u00e4ra<\/em> lisamine|nt ootas huvitava ettepaneku \u00e4ra). Teine on samuti osasihitis (seda)|kuna kuulub eitava verbivormi juurde ja eitav verb n\u00f5uab alati osasihitist|seda ka umbisikulise tegumoe korral. Eitus on k\u00f5ige tugevam sihitise vormivalikut m\u00f5jutav kriteerium.<\/span><\/p>\n<\/div>\n<p>\u00a0<\/p>\n<p>\u00a0<\/p>\n<p>\u00a0<\/p>\n<input type=\"hidden\" name=\"question_id[]\" id=\"qID_1\" value=\"10\" class=\"watupro-question-id\"><input type=\"hidden\" id=\"answerType10\" class=\"answerTypeCnt1\" value=\"gaps\"><input type=\"hidden\" id=\"watupro-required-question-10\"><!-- end question-content--><\/div><!-- end questionWrap--><\/div><\/div><div style=\"display:none\" id=\"question-2\">\n\t<div class=\"question-content\">\n\t\t<img loading=\"lazy\" decoding=\"async\" src=\"https:\/\/sisu.ut.ee\/wp-content\/plugins\/watupro\/img\/loading.gif\" width=\"16\" height=\"16\" alt=\"Loading...\" title=\"Loading...\">\u00a0Loading...\t<\/div>\n<\/div>\n\n<br>\n\t\n\t\t\t<div class=\"watupro_buttons flex \" id=\"watuPROButtons10\">\n\t\t  <div id=\"prev-question\" style=\"display:none;\"><input type=\"button\" value=\"&lt; Previous\" onclick=\"WatuPRO.nextQuestion(event, 'previous');\"><\/div>\t\t  <div id=\"next-question\"><input type=\"button\" value=\"Next &gt;\" onclick=\"WatuPRO.nextQuestion(event);\"><\/div>\t\t  \t\t   \n\t\t   \t  \t\t<div><input type=\"button\" name=\"action\" class=\"watupro-submit-button\" onclick=\"WatuPRO.submitResult(event)\" id=\"action-button\" value=\"View Results\">\n\t\t<\/div>\n\t\t<\/div>\n\t\t\n\t<input type=\"hidden\" name=\"quiz_id\" value=\"10\" id=\"watuPROExamID\">\n\t<input type=\"hidden\" name=\"start_time\" id=\"startTime\" value=\"2026-04-15 10:05:48\">\n\t<input type=\"hidden\" name=\"start_timestamp\" id=\"startTimeStamp\" value=\"1776247548\">\n\t<input type=\"hidden\" name=\"question_ids\" value=\"\">\n\t<input type=\"hidden\" name=\"watupro_questions\" value=\"10:22\">\n\t<input type=\"hidden\" name=\"no_ajax\" value=\"0\">\t\t\t<\/form>\n\t<p>\u00a0<\/p>\n<\/div>\n\n<script type=\"text\/javascript\">\n\/\/jQuery(document).ready(function(){\ndocument.addEventListener(\"DOMContentLoaded\", function(event) { \t\nvar question_ids = \"10\";\nWatuPROSettings[10] = {};\nWatuPRO.qArr = question_ids.split(',');\nWatuPRO.exam_id = 10;\t    \nWatuPRO.post_id = 71;\nWatuPRO.store_progress = 0;\nWatuPRO.curCatPage = 1;\nWatuPRO.requiredIDs=\"0,10\".split(\",\");\nWatuPRO.hAppID = \"0.93917700 1776236748\";\nvar url = \"https:\/\/sisu.ut.ee\/wp-content\/plugins\/watupro\/show_exam.php\";\nWatuPRO.examMode = 0;\nWatuPRO.siteURL=\"https:\/\/sisu.ut.ee\/sihitis\/wp-admin\/admin-ajax.php\";\nWatuPRO.emailIsNotRequired = 0;\nWatuPRO.perDecade = 10;\nWatuPROIntel.init(10);\n});    \t \n<\/script>\n\n","protected":false},"excerpt":{"rendered":"","protected":false},"author":28,"featured_media":0,"parent":0,"menu_order":0,"comment_status":"closed","ping_status":"closed","template":"","meta":{"_acf_changed":false,"inline_featured_image":false,"footnotes":""},"class_list":["post-71","page","type-page","status-publish","hentry"],"acf":[],"_links":{"self":[{"href":"https:\/\/sisu.ut.ee\/sihitis\/wp-json\/wp\/v2\/pages\/71","targetHints":{"allow":["GET"]}}],"collection":[{"href":"https:\/\/sisu.ut.ee\/sihitis\/wp-json\/wp\/v2\/pages"}],"about":[{"href":"https:\/\/sisu.ut.ee\/sihitis\/wp-json\/wp\/v2\/types\/page"}],"author":[{"embeddable":true,"href":"https:\/\/sisu.ut.ee\/sihitis\/wp-json\/wp\/v2\/users\/28"}],"replies":[{"embeddable":true,"href":"https:\/\/sisu.ut.ee\/sihitis\/wp-json\/wp\/v2\/comments?post=71"}],"version-history":[{"count":0,"href":"https:\/\/sisu.ut.ee\/sihitis\/wp-json\/wp\/v2\/pages\/71\/revisions"}],"wp:attachment":[{"href":"https:\/\/sisu.ut.ee\/sihitis\/wp-json\/wp\/v2\/media?parent=71"}],"curies":[{"name":"wp","href":"https:\/\/api.w.org\/{rel}","templated":true}]}}