{"id":61,"date":"2024-04-11T11:16:58","date_gmt":"2024-04-11T08:16:58","guid":{"rendered":"https:\/\/sisu.ut.ee\/sihitis\/harjutus-2\/"},"modified":"2024-04-11T11:16:58","modified_gmt":"2024-04-11T08:16:58","slug":"harjutus-2","status":"publish","type":"page","link":"https:\/\/sisu.ut.ee\/sihitis\/harjutus-2\/","title":{"rendered":"Harjutus 2"},"content":{"rendered":"<div id=\"watupro_quiz\" class=\"quiz-area single-page-quiz\">\n<p id=\"submittingExam3\" style=\"display:none;text-align:center;\"><img loading=\"lazy\" decoding=\"async\" src=\"https:\/\/sisu.ut.ee\/wp-content\/plugins\/watupro\/img\/loading.gif\" width=\"16\" height=\"16\"><\/p>\n\n<div class=\"watupro-exam-description\" id=\"description-quiz-3\"><p><span style=\"font-family: arial,helvetica,sans-serif;\"><strong>Leidke lausetest sihitised ja kirjutage need l\u00fcnkadesse.\u00a0<\/strong><\/span><\/p>\n<p><span style=\"font-family: arial,helvetica,sans-serif;\">Harjutuse katsete arv ja sooritamiseks m\u00f5eldud aeg pole piiratud.<\/span><\/p>\n<\/div>\n\n<form action=\"\" method=\"post\" class=\"quiz-form\" id=\"quiz-3\" enctype=\"multipart\/form-data\">\n<div class=\"watu-question \" id=\"question-1\" style=\";\"><div id=\"questionWrap-1\" class=\"  watupro-required-3 watupro-question-id-3\">\n\t\t\t<div class=\"question-content\"><p><span style=\"font-family: arial|helvetica|sans-serif; font-size: small;\"><strong>Leidke lausetest sihitised. Kirjutage need l\u00fcnkadesse (NB! kui sihitisel on t\u00e4iend|siis kirjutage l\u00fcnka terve sihitisfraas). Kuidas p\u00f5hjendate t\u00e4is- ja osasihitise kasutamist nendes lausetes? M\u00f5elge iga lause puhul oma p\u00f5hjendus ja kontrollige seda|kl\u00f5psates s\u00f5nale \"P\u00f5hjendus\".<\/strong><\/span><\/p>\n<p>\u00a0<\/p>\n<table border=\"0\">\n<tbody>\n<tr>\n<td><span style=\"font-family: arial|helvetica|sans-serif; font-size: small;\">1. Sa tohid n\u00fc\u00fcd selle j\u00e4\u00e4tise \u00e4ra s\u00fc\u00fca.<\/span><\/td>\n<td><span style=\"font-family: arial|helvetica|sans-serif; font-size: small;\"><input type=\"text\" size=\"10\" name=\"gap_3_1\" class=\"watupro-gap answer answerof-3\" value=\"\"><\/span><\/td>\n<\/tr>\n<tr>\n<td colspan=\"2\">\n<div class=\"accordion\" id=\"accordion\">\n<p><span style=\"font-family: arial|helvetica|sans-serif; font-size: small;\"><a href=\"#\">P\u00f5hjendus:<\/a><\/span><\/p>\n<p><span style=\"font-family: arial|helvetica|sans-serif; font-size: small;\">Selles lauses on t\u00e4issihitis (selle j\u00e4\u00e4tise)|sest t\u00e4idetud on m\u00f5lemad t\u00e4issihitise kasutamise tingimused: 1) tegevus on tulemuslik (tulemuslikkust r\u00f5hutab \u00fchendverbi <em>\u00e4ra s\u00fc\u00fca<\/em> koosseisu kuuluv abim\u00e4\u00e4rs\u00f5na <em>\u00e4ra<\/em>) ja 2) sihitis ise m\u00e4rgib tervikut. T\u00e4issihitis on omastavas|kuna puuduvad erintingimused|mis nimetavas k\u00e4\u00e4ndes t\u00e4issihitist n\u00f5uaksid. <\/span><\/p>\n<\/div>\n<\/td>\n<\/tr>\n<tr>\n<td><span style=\"font-family: arial|helvetica|sans-serif; font-size: small;\">2. Ma ei s\u00f6\u00f6nud oma putru \u00e4ra.<\/span><\/td>\n<td><span style=\"font-family: arial|helvetica|sans-serif; font-size: small;\"><span style=\"font-family: arial|helvetica|sans-serif;\"><input type=\"text\" size=\"10\" name=\"gap_3_2\" class=\"watupro-gap answer answerof-3\" value=\"\"><\/span><\/span><\/td>\n<\/tr>\n<tr>\n<td colspan=\"2\">\n<div class=\"accordion\" id=\"accordion\">\n<p><span style=\"font-size: small; font-family: arial|helvetica|sans-serif;\"><a href=\"#\">P\u00f5hjendus:<\/a><\/span><\/p>\n<div><span style=\"font-size: small; font-family: arial|helvetica|sans-serif;\">Sihitis <em>oma putru<\/em> on osastavas|kuna kuulub eitava verbi <em>ei s\u00f6\u00f6nud \u00e4ra<\/em> juurde. Kuigi \u00f6eldisverb on \u00fchendverb|mille koosseisu kuulub tulemuslikkust m\u00e4rkiv abim\u00e4\u00e4rs\u00f5na <em>\u00e4ra<\/em>|on eitus tugevam sihitise vormi m\u00f5jutaja ja sihitise k\u00e4\u00e4ne valitakse l\u00e4htudes eitusest|mitte abim\u00e4\u00e4rs\u00f5na <em>\u00e4ra<\/em> olemasolust.<\/span><\/div>\n<\/div>\n<\/td>\n<\/tr>\n<tr>\n<td colspan=\"2\">\u00a0<\/td>\n<\/tr>\n<tr>\n<td><span style=\"font-size: small;\"><span style=\"font-family: arial|helvetica|sans-serif;\">3.<\/span> Vanaema korjab igal s\u00fcgisel seeni.<\/span><\/td>\n<td><span style=\"font-family: arial|helvetica|sans-serif; font-size: small;\"><span style=\"font-family: arial|helvetica|sans-serif;\"><input type=\"text\" size=\"10\" name=\"gap_3_3\" class=\"watupro-gap answer answerof-3\" value=\"\"><\/span><\/span><\/td>\n<\/tr>\n<tr>\n<td colspan=\"2\">\n<div class=\"accordion\" id=\"accordion\">\n<p><span style=\"font-family: arial|helvetica|sans-serif; font-size: small;\"><a href=\"#\">P\u00f5hjendus:<\/a><\/span><\/p>\n<div><span style=\"font-family: arial|helvetica|sans-serif; font-size: small;\">Sihitis <em>seeni<\/em> on osastavas|kuna tegevus on korduv ja seente hulk pole kindlaks m\u00e4\u00e4ratud.<\/span><\/div>\n<\/div>\n<\/td>\n<\/tr>\n<tr>\n<td><span style=\"font-family: arial|helvetica|sans-serif; font-size: small;\">4. Palun pane uks kinni!<\/span><\/td>\n<td><span style=\"font-family: arial|helvetica|sans-serif; font-size: small;\"><span style=\"font-family: arial|helvetica|sans-serif;\"><input type=\"text\" size=\"10\" name=\"gap_3_4\" class=\"watupro-gap answer answerof-3\" value=\"\"><\/span><\/span><\/td>\n<\/tr>\n<tr>\n<td colspan=\"2\">\n<div class=\"accordion\" id=\"accordion\">\n<p><span style=\"font-size: small; font-family: arial|helvetica|sans-serif;\"><a href=\"#\">P\u00f5hjendus:<\/a><\/span><\/p>\n<p><span style=\"font-size: small; font-family: arial|helvetica|sans-serif;\">Lauses on t\u00e4issihitis (uks)|kuna t\u00e4idetud on m\u00f5lemad t\u00e4issihitise tingimused korraga: tegevust (panemist) k\u00e4sitleme l\u00f5puni j\u00f5udvana ja sihitis (uks) on tervik. T\u00e4issihitise k\u00e4\u00e4ne on nimetav|kuna sihitis kuulub k\u00e4skivas k\u00f5neviisis verbi juurde.<\/span><\/p>\n<\/div>\n<\/td>\n<\/tr>\n<tr>\n<td><span style=\"font-family: arial|helvetica|sans-serif; font-size: small;\">5. Detsembris k\u00fcpsetatakse paljudes peredes piparkooke.<\/span><\/td>\n<td><span style=\"font-family: arial|helvetica|sans-serif; font-size: small;\"><span style=\"font-family: arial|helvetica|sans-serif;\"><input type=\"text\" size=\"10\" name=\"gap_3_5\" class=\"watupro-gap answer answerof-3\" value=\"\"><\/span><\/span><\/td>\n<\/tr>\n<tr>\n<td colspan=\"2\">\n<div class=\"accordion\" id=\"accordion\">\n<p><span style=\"font-size: small; font-family: arial|helvetica|sans-serif;\"><a href=\"#\">P\u00f5hjendus:<\/a><\/span><\/p>\n<p><span style=\"font-size: small; font-family: arial|helvetica|sans-serif;\">Sihitis <em>piparkooke<\/em> on osastavas|kuna piparkookide hulk ega olemus pole m\u00e4\u00e4ratletud|sihitis ei ole kindel tervik|seda v\u00f5ib m\u00f5ista nii|et k\u00fcpsetatakse natuke mingisuguseid piparkooke.<\/span><\/p>\n<\/div>\n<\/td>\n<\/tr>\n<tr>\n<td><span style=\"font-family: arial|helvetica|sans-serif; font-size: small;\">6. P\u00e4rast l\u00f5unavaheaega j\u00e4tkasime t\u00f6\u00f6d.<\/span><\/td>\n<td><span style=\"font-family: arial|helvetica|sans-serif; font-size: small;\"><span style=\"font-family: arial|helvetica|sans-serif;\"><input type=\"text\" size=\"10\" name=\"gap_3_6\" class=\"watupro-gap answer answerof-3\" value=\"\"><\/span><\/span><\/td>\n<\/tr>\n<tr>\n<td colspan=\"2\">\n<div class=\"accordion\" id=\"accordion\">\n<p><span style=\"font-size: small; font-family: arial|helvetica|sans-serif;\"><a href=\"#\">P\u00f5hjendus:<\/a><\/span><\/p>\n<p><span style=\"font-size: small; font-family: arial|helvetica|sans-serif;\"><em>J\u00e4tkama<\/em> on partitiiviverb|mis n\u00f5uab alati osastavas k\u00e4\u00e4ndes sihitist. T\u00e4issihitist ei ole selle verbiga v\u00f5imalik kasutada.<\/span><\/p>\n<\/div>\n<\/td>\n<\/tr>\n<tr>\n<td><span style=\"font-family: arial|helvetica|sans-serif; font-size: small;\">7. Kui kodust v\u00e4lja l\u00e4hed|v\u00f5ta telefon kaasa!<\/span><\/td>\n<td><span style=\"font-family: arial|helvetica|sans-serif; font-size: small;\"><span style=\"font-family: arial|helvetica|sans-serif;\"><input type=\"text\" size=\"10\" name=\"gap_3_7\" class=\"watupro-gap answer answerof-3\" value=\"\"><\/span><\/span><\/td>\n<\/tr>\n<tr>\n<td colspan=\"2\">\n<div class=\"accordion\" id=\"accordion\">\n<p><span style=\"font-size: small; font-family: arial|helvetica|sans-serif;\"><a href=\"#\">P\u00f5hjendus:<\/a><\/span><\/p>\n<p><span style=\"font-size: small; font-family: arial|helvetica|sans-serif;\">Lauses on t\u00e4issihitis (telefon)|kuna t\u00e4idetud on m\u00f5lemad t\u00e4issihitise tingimused korraga: tegevus (v\u00f5tmine) viiakse l\u00f5pule ja sihitis (telefon) on \u00fcks tervik. T\u00e4issihitis on nimetavas k\u00e4\u00e4ndes|kuna \u00f6eldisverb <em>v\u00f5ta kaasa<\/em> on k\u00e4skivas k\u00f5neviisis (omastav ei ole sel juhul v\u00f5imalik).<\/span><\/p>\n<\/div>\n<\/td>\n<\/tr>\n<tr>\n<td><span style=\"font-family: arial|helvetica|sans-serif; font-size: small;\">8. V\u00f5tke mind ka reisile kaasa!<\/span><\/td>\n<td><span style=\"font-family: arial|helvetica|sans-serif; font-size: small;\"><span style=\"font-family: arial|helvetica|sans-serif;\"><input type=\"text\" size=\"10\" name=\"gap_3_8\" class=\"watupro-gap answer answerof-3\" value=\"\"><\/span><\/span><\/td>\n<\/tr>\n<tr>\n<td colspan=\"2\">\n<div class=\"accordion\" id=\"accordion\">\n<p><span style=\"font-size: small; font-family: arial|helvetica|sans-serif;\"><a href=\"#\">P\u00f5hjendus:<\/a><\/span><\/p>\n<p><span style=\"font-size: small; font-family: arial|helvetica|sans-serif;\">Lauses peaks sisu p\u00f5hjal olema tegelikult t\u00e4issihitis|kuna tegevus j\u00f5uab l\u00f5pule ja sihitis ise m\u00e4rgib tervikut. Selles lauses on sihitiseks erandliku vormikasutusega ases\u00f5na <em>mina<\/em>|mis on osastavas nendes kontekstides|milles nimis\u00f5na oleks nimetavas|ases\u00f5nad<em> mina<\/em> ja <em>sina<\/em> ei saa sihitisena nimetavas k\u00e4\u00e4ndes olla. V\u00f5rdle: V\u00f5ta <strong>laps<\/strong> ka reisile kaasa! Nimis\u00f5naline sihitis oleks samas lauses kindlasti nimetavas.<\/span><\/p>\n<\/div>\n<\/td>\n<\/tr>\n<tr>\n<td><span style=\"font-family: arial|helvetica|sans-serif; font-size: small;\">9. Peetril avanes v\u00f5imalus uus t\u00f6\u00f6koht saada.<\/span><\/td>\n<td><span style=\"font-family: arial|helvetica|sans-serif; font-size: small;\"><span style=\"font-family: arial|helvetica|sans-serif;\"><input type=\"text\" size=\"10\" name=\"gap_3_9\" class=\"watupro-gap answer answerof-3\" value=\"\"><\/span><\/span><\/td>\n<\/tr>\n<tr>\n<td colspan=\"2\">\n<div class=\"accordion\" id=\"accordion\">\n<p><span style=\"font-size: small; font-family: arial|helvetica|sans-serif;\"><a href=\"#\">P\u00f5hjendus:<\/a><\/span><\/p>\n<p><span style=\"font-size: small; font-family: arial|helvetica|sans-serif;\">Lauses on t\u00e4issihitis (uus t\u00f6\u00f6koht)|kuna t\u00e4idetud on m\u00f5lemad t\u00e4issihitise tingimused korraga: tegevus (saamine) j\u00f5uab tulevikus l\u00f5pule ning sihitis ise (uus t\u00f6\u00f6koht) on \u00fcks tervik. T\u00e4issihitis on nimetavas|kuna see kuulub sellise da-infinitiivi juurde|millega omastava kasutamine ei ole grammatiliselt v\u00f5imalik (vt alapeat\u00fckki 3).<\/span><\/p>\n<\/div>\n<\/td>\n<\/tr>\n<tr>\n<td><span style=\"font-family: arial|helvetica|sans-serif; font-size: small;\">10. J\u00fcri tegi Marile abieluettepaneku.<\/span><\/td>\n<td><span style=\"font-family: arial|helvetica|sans-serif; font-size: small;\"><span style=\"font-family: arial|helvetica|sans-serif;\"><input type=\"text\" size=\"10\" name=\"gap_3_10\" class=\"watupro-gap answer answerof-3\" value=\"\"><\/span><\/span><\/td>\n<\/tr>\n<tr>\n<td colspan=\"2\">\n<div class=\"accordion\" id=\"accordion\">\n<p><span style=\"font-family: arial|helvetica|sans-serif; font-size: small;\"><a href=\"#\">P\u00f5hjendus:<\/a><\/span><\/p>\n<p><span style=\"font-family: arial|helvetica|sans-serif; font-size: small;\">Lauses on t\u00e4issihitis (abieluettepaneku)|kuna tegevus (tegemine) on juba l\u00f5petatud ja sihitis (ettepanek) on \u00fcks tervik. T\u00e4issihitis on omastavas|kuna ei ole eritingimusi|mis nimetavat n\u00f5uaksid.<\/span><\/p>\n<\/div>\n<\/td>\n<\/tr>\n<tr>\n<td>\u00a0<\/td>\n<\/tr>\n<tr>\n<td colspan=\"2\">\u00a0<\/td>\n<\/tr>\n<\/tbody>\n<\/table>\n<p><span style=\"font-family: arial|helvetica|sans-serif; font-size: small;\">\u00a0\u00a0 <\/span><\/p>\n<input type=\"hidden\" name=\"question_id[]\" id=\"qID_1\" value=\"3\" class=\"watupro-question-id\"><input type=\"hidden\" id=\"answerType3\" class=\"answerTypeCnt1\" value=\"gaps\"><input type=\"hidden\" id=\"watupro-required-question-3\"><!-- end question-content--><\/div><!-- end questionWrap--><\/div><\/div><div style=\"display:none\" id=\"question-2\">\n\t<div class=\"question-content\">\n\t\t<img loading=\"lazy\" decoding=\"async\" src=\"https:\/\/sisu.ut.ee\/wp-content\/plugins\/watupro\/img\/loading.gif\" width=\"16\" height=\"16\" alt=\"Loading...\" title=\"Loading...\">\u00a0Loading...\t<\/div>\n<\/div>\n\n<br>\n\t\n\t\t\t<div class=\"watupro_buttons flex \" id=\"watuPROButtons3\">\n\t\t  <div id=\"prev-question\" style=\"display:none;\"><input type=\"button\" value=\"&lt; Previous\" onclick=\"WatuPRO.nextQuestion(event, 'previous');\"><\/div>\t\t  \t\t  \t\t   \n\t\t   \t  \t\t<div><input type=\"button\" name=\"action\" class=\"watupro-submit-button\" onclick=\"WatuPRO.submitResult(event)\" id=\"action-button\" value=\"View Results\">\n\t\t<\/div>\n\t\t<\/div>\n\t\t\n\t<input type=\"hidden\" name=\"quiz_id\" value=\"3\" id=\"watuPROExamID\">\n\t<input type=\"hidden\" name=\"start_time\" id=\"startTime\" value=\"2026-04-15 05:55:26\">\n\t<input type=\"hidden\" name=\"start_timestamp\" id=\"startTimeStamp\" value=\"1776232526\">\n\t<input type=\"hidden\" name=\"question_ids\" value=\"\">\n\t<input type=\"hidden\" name=\"watupro_questions\" value=\"3:15\">\n\t<input type=\"hidden\" name=\"no_ajax\" value=\"0\">\t\t\t<\/form>\n\t<p>\u00a0<\/p>\n<\/div>\n\n<script type=\"text\/javascript\">\n\/\/jQuery(document).ready(function(){\ndocument.addEventListener(\"DOMContentLoaded\", function(event) { \t\nvar question_ids = \"3\";\nWatuPROSettings[3] = {};\nWatuPRO.qArr = question_ids.split(',');\nWatuPRO.exam_id = 3;\t    \nWatuPRO.post_id = 61;\nWatuPRO.store_progress = 0;\nWatuPRO.curCatPage = 1;\nWatuPRO.requiredIDs=\"0,3\".split(\",\");\nWatuPRO.hAppID = \"0.65185700 1776221726\";\nvar url = \"https:\/\/sisu.ut.ee\/wp-content\/plugins\/watupro\/show_exam.php\";\nWatuPRO.examMode = 1;\nWatuPRO.siteURL=\"https:\/\/sisu.ut.ee\/sihitis\/wp-admin\/admin-ajax.php\";\nWatuPRO.emailIsNotRequired = 0;\nWatuPRO.perDecade = 10;\nWatuPROIntel.init(3);\nWatuPRO.inCategoryPages=1;});    \t \n<\/script>\n\n","protected":false},"excerpt":{"rendered":"","protected":false},"author":28,"featured_media":0,"parent":0,"menu_order":0,"comment_status":"closed","ping_status":"closed","template":"","meta":{"_acf_changed":false,"inline_featured_image":false,"footnotes":""},"class_list":["post-61","page","type-page","status-publish","hentry"],"acf":[],"_links":{"self":[{"href":"https:\/\/sisu.ut.ee\/sihitis\/wp-json\/wp\/v2\/pages\/61","targetHints":{"allow":["GET"]}}],"collection":[{"href":"https:\/\/sisu.ut.ee\/sihitis\/wp-json\/wp\/v2\/pages"}],"about":[{"href":"https:\/\/sisu.ut.ee\/sihitis\/wp-json\/wp\/v2\/types\/page"}],"author":[{"embeddable":true,"href":"https:\/\/sisu.ut.ee\/sihitis\/wp-json\/wp\/v2\/users\/28"}],"replies":[{"embeddable":true,"href":"https:\/\/sisu.ut.ee\/sihitis\/wp-json\/wp\/v2\/comments?post=61"}],"version-history":[{"count":0,"href":"https:\/\/sisu.ut.ee\/sihitis\/wp-json\/wp\/v2\/pages\/61\/revisions"}],"wp:attachment":[{"href":"https:\/\/sisu.ut.ee\/sihitis\/wp-json\/wp\/v2\/media?parent=61"}],"curies":[{"name":"wp","href":"https:\/\/api.w.org\/{rel}","templated":true}]}}