{"id":56,"date":"2024-04-11T10:56:10","date_gmt":"2024-04-11T07:56:10","guid":{"rendered":"https:\/\/sisu.ut.ee\/sihitis\/5-kokkuvotlik-test-1\/"},"modified":"2024-04-11T10:56:10","modified_gmt":"2024-04-11T07:56:10","slug":"5-kokkuvotlik-test-1","status":"publish","type":"page","link":"https:\/\/sisu.ut.ee\/sihitis\/5-kokkuvotlik-test-1\/","title":{"rendered":"5. Kokkuv\u00f5tlik test 1"},"content":{"rendered":"<div id=\"watupro_quiz\" class=\"quiz-area \">\n<p id=\"submittingExam2\" style=\"display:none;text-align:center;\"><img loading=\"lazy\" decoding=\"async\" src=\"https:\/\/sisu.ut.ee\/wp-content\/plugins\/watupro\/img\/loading.gif\" width=\"16\" height=\"16\"><\/p>\n\n<div class=\"watupro-exam-description\" id=\"description-quiz-2\"><p><span style=\"font-family: arial,helvetica,sans-serif;\"><strong>Sooritage kokkuv\u00f5tlik interaktiivne test. P\u00fc\u00fcdke iga oma vastust p\u00f5hjendada. Kontrollimiseks kl\u00f5psake s\u00f5nal \"P\u00f5hjenda\".<\/strong><\/span><\/p>\n<p><span style=\"font-family: arial,helvetica,sans-serif;\">Harjutuse katsete arv ja sooritamiseks m\u00f5eldud aeg pole piiratud.<\/span><\/p>\n<\/div>\n\n<form action=\"\" method=\"post\" class=\"quiz-form\" id=\"quiz-2\" enctype=\"multipart\/form-data\">\n<div class=\"watu-question \" id=\"question-1\" style=\"display:block;;\"><div id=\"questionWrap-1\" class=\"  watupro-required-2 watupro-question-id-2\">\n\t\t\t<div class=\"question-content\"><p><span style=\"font-family: arial|helvetica|sans-serif; font-size: small;\"><strong>Valige lausesse sobiv sihitise k\u00e4\u00e4ndevorm. Kuidas sihitise kasutust p\u00f5hjendate? Kontrollimiseks kl\u00f5psake s\u00f5nal \"P\u00f5hjendus\".<\/strong><\/span><br>\u00a0<\/p>\n<p><span style=\"font-family: arial|helvetica|sans-serif; font-size: small;\">1)\u00a0\u00a0\u00a0\u00a0\u00a0 Mul on plaanis <select name=\"gap_2_1\" class=\"watupro-gap answer answerof-2\"><option value=\"\"><\/option><option value=\"hispaania keel\">hispaania keel<\/option><option value=\"hispaania keele\">hispaania keele<\/option><option value=\"hispaania keelt\">hispaania keelt<\/option><\/select> \u00e4ra \u00f5ppida.<\/span><\/p>\n<p>\u00a0<\/p>\n<div class=\"accordion\" id=\"accordion\">\n<p><span style=\"font-family: arial|helvetica|sans-serif; font-size: small;\"><a href=\"#\">P\u00f5hjendus:<\/a><\/span><\/p>\n<div><span style=\"font-family: arial|helvetica|sans-serif; font-size: small;\">Lauses on t\u00e4issihitis|sest m\u00f5lemad t\u00e4issihitise tingimused on t\u00e4idetud: tegevus (\u00e4ra \u00f5ppimine) j\u00f5uab tulevikus l\u00f5pule ja sihitis (keel) on tervik. Tegevuse tulemuslikkust r\u00f5hutab abi\u00e4\u00e4rs\u00f5na \u00e4ra. T\u00e4issihitis on nimetavas k\u00e4\u00e4ndes|kuna see kuulub sellise da-inifnitiivi juurde|millega omastavas sihitis ei ole v\u00f5imalik (vt punktist 3).<\/span><\/div>\n<\/div>\n<p>\u00a0<\/p>\n<p>\u00a0<\/p>\n<p><span style=\"font-family: arial|helvetica|sans-serif; font-size: small;\">2)\u00a0\u00a0\u00a0\u00a0\u00a0 Ma tahan kindlasti <select name=\"gap_2_2\" class=\"watupro-gap answer answerof-2\"><option value=\"\"><\/option><option value=\"hispaania keelt\">hispaania keelt<\/option><option value=\"hispaania keel\">hispaania keel<\/option><option value=\"hispaania keele\">hispaania keele<\/option><\/select> \u00e4ra \u00f5ppida.<\/span><\/p>\n<p>\u00a0<\/p>\n<div class=\"accordion\" id=\"accordion\">\n<p><span style=\"font-family: arial|helvetica|sans-serif; font-size: small;\"><a href=\"#\">P\u00f5hjendus:<\/a><\/span><\/p>\n<div><span style=\"font-family: arial|helvetica|sans-serif; font-size: small;\">Lauses on t\u00e4isishitis|sest m\u00f5lemad t\u00e4issihitise tingimused on t\u00e4idetud: tegevus (\u00e4ra \u00f5ppimine) j\u00f5uab tulevikus l\u00f5pule ja sihitis (keel) on tervik. Tegevuse tulemuslikkust r\u00f5hutab abim\u00e4\u00e4rs\u00f5na \u00e4ra. T\u00e4issihitis on reeglip\u00e4raselt omastavas|kuna lauses pole eritingimusi|mis nimetavas k\u00e4\u00e4ndes t\u00e4issihitist n\u00f5uaksid.<\/span><\/div>\n<\/div>\n<p>\u00a0<\/p>\n<p>\u00a0<\/p>\n<p><span style=\"font-family: arial|helvetica|sans-serif; font-size: small;\">3)\u00a0\u00a0\u00a0\u00a0\u00a0 \u00dche v\u00e4ikse vea p\u00e4rast ei pea <select name=\"gap_2_3\" class=\"watupro-gap answer answerof-2\"><option value=\"\"><\/option><option value=\"terve lehek\u00fclg\">terve lehek\u00fclg<\/option><option value=\"tervet lehek\u00fclge\">tervet lehek\u00fclge<\/option><option value=\"terve lehek\u00fclje\">terve lehek\u00fclje<\/option><\/select> \u00fcmber kirjutama.<\/span><\/p>\n<p>\u00a0<\/p>\n<div class=\"accordion\" id=\"accordion\">\n<p><span style=\"font-family: arial|helvetica|sans-serif; font-size: small;\"><a href=\"#\">P\u00f5hjendus:<\/a><\/span><\/p>\n<div><span style=\"font-family: arial|helvetica|sans-serif; font-size: small;\">Lauses on osasihitis (osastavas k\u00e4\u00e4ndes sihitis)|kuna \u00f6eldisverb on eitavas k\u00f5nes. Eitus on k\u00f5ige tugevam sihitise k\u00e4\u00e4ndevalikut m\u00f5jutav kriteerium. Kui lause p\u00f5hiverb on eitav|on sihitis alati osastavas.<\/span><\/div>\n<\/div>\n<p>\u00a0<\/p>\n<p>\u00a0<\/p>\n<p><span style=\"font-family: arial|helvetica|sans-serif; font-size: small;\">4)\u00a0\u00a0\u00a0\u00a0\u00a0 Istusin eile \u00f5htul kodus ja kuulasin <select name=\"gap_2_4\" class=\"watupro-gap answer answerof-2\"><option value=\"\"><\/option><option value=\"uue plaadi\">uue plaadi<\/option><option value=\"uus plaat\">uus plaat<\/option><option value=\"uut plaati\">uut plaati<\/option><\/select>.<\/span><\/p>\n<p>\u00a0<\/p>\n<div class=\"accordion\" id=\"accordion\">\n<p><span style=\"font-family: arial|helvetica|sans-serif; font-size: small;\"><a href=\"#\">P\u00f5hjendus:<\/a><\/span><\/p>\n<div><span style=\"font-family: arial|helvetica|sans-serif; font-size: small;\">Lauses on osasihitis (osastavas k\u00e4\u00e4ndes sihitis)|kuna kuulama on partitiiviverb|mis n\u00f5uab alati osastavas sihitist. (T\u00e4issihitis oleks v\u00f5imalik|kui lauses oleks m\u00f5ni l\u00f5petatust r\u00f5hutav m\u00e4\u00e4rus|nt Kuulasin plaadi l\u00f5puni ja l\u00e4ksin v\u00e4lja.)<\/span><\/div>\n<\/div>\n<p>\u00a0<\/p>\n<p>\u00a0<\/p>\n<p><span style=\"font-family: arial|helvetica|sans-serif; font-size: small;\">5)\u00a0\u00a0\u00a0\u00a0\u00a0 Palun anna <select name=\"gap_2_5\" class=\"watupro-gap answer answerof-2\"><option value=\"\"><\/option><option value=\"seda kirja\">seda kirja<\/option><option value=\"see kiri\">see kiri<\/option><option value=\"selle kirja\">selle kirja<\/option><\/select> oma emale edasi!<\/span><\/p>\n<p>\u00a0<\/p>\n<div class=\"accordion\" id=\"accordion\">\n<p><span style=\"font-family: arial|helvetica|sans-serif; font-size: small;\"><a href=\"#\">P\u00f5hjendus:<\/a><\/span><\/p>\n<div><span style=\"font-family: arial|helvetica|sans-serif; font-size: small;\">Lauses on t\u00e4issihitis|kuna m\u00f5lemad tingimused on t\u00e4idetud: tegevus (andmine) on kindla l\u00f5pp-piiriga ja sihitis (kiri) on tervik. T\u00e4issihitis on nimetavas k\u00e4\u00e4ndes|kuna verb on k\u00e4skivas k\u00f5neviisis (omastav pole sel juhul v\u00f5imalik).<\/span><\/div>\n<\/div>\n<p>\u00a0<\/p>\n<p>\u00a0<\/p>\n<p><span style=\"font-family: arial|helvetica|sans-serif; font-size: small;\">6)\u00a0\u00a0\u00a0\u00a0\u00a0 Kui Mart v\u00e4lismaale kolis|unustas ta oma <select name=\"gap_2_6\" class=\"watupro-gap answer answerof-2\"><option value=\"\"><\/option><option value=\"vanad s\u00f5brad\">vanad s\u00f5brad<\/option><option value=\"vanu s\u00f5pru\">vanu s\u00f5pru<\/option><\/select>.<\/span><\/p>\n<p>\u00a0<\/p>\n<div class=\"accordion\" id=\"accordion\">\n<p><span style=\"font-family: arial|helvetica|sans-serif; font-size: small;\"><a href=\"#\">P\u00f5hjendus:<\/a><\/span><\/p>\n<div><span style=\"font-family: arial|helvetica|sans-serif; font-size: small;\">Lauses on t\u00e4issihitis|kuna tegevus (unustamine) on l\u00f5petatud ja sihitis (vanad s\u00f5brad) on kindel hulk. Mitmuslik t\u00e4issihitis on alati nimetavas k\u00e4\u00e4ndes.<\/span><\/div>\n<\/div>\n<p>\u00a0<\/p>\n<p>\u00a0<\/p>\n<p><span style=\"font-family: arial|helvetica|sans-serif; font-size: small;\">7)\u00a0\u00a0\u00a0\u00a0\u00a0 Ei tasu <select name=\"gap_2_7\" class=\"watupro-gap answer answerof-2\"><option value=\"\"><\/option><option value=\"k\u00f5iki pisiasju\">k\u00f5iki pisiasju<\/option><option value=\"k\u00f5ik pisiasjad\">k\u00f5ik pisiasjad<\/option><\/select> s\u00fcdamesse v\u00f5tta.<\/span><\/p>\n<p>\u00a0<\/p>\n<div class=\"accordion\" id=\"accordion\">\n<p><span style=\"font-family: arial|helvetica|sans-serif; font-size: small;\"><a href=\"#\">P\u00f5hjendus:<\/a><\/span><\/p>\n<div><span style=\"font-family: arial|helvetica|sans-serif; font-size: small;\">Lauses on osasihitis (osastavas k\u00e4\u00e4ndes sihitis)|kuna lause \u00f6eldisverb on eitavas k\u00f5nes.<\/span><\/div>\n<\/div>\n<p>\u00a0<\/p>\n<p>\u00a0<\/p>\n<p><span style=\"font-family: arial|helvetica|sans-serif; font-size: small;\">8)\u00a0\u00a0\u00a0\u00a0\u00a0 Osta endale <select name=\"gap_2_8\" class=\"watupro-gap answer answerof-2\"><option value=\"\"><\/option><option value=\"uue telefoni\">uue telefoni<\/option><option value=\"uut telefoni\">uut telefoni<\/option><option value=\"uus telefon\">uus telefon<\/option><\/select>|kui vana enam ei t\u00f6\u00f6ta!<\/span><\/p>\n<p>\u00a0<\/p>\n<div class=\"accordion\" id=\"accordion\">\n<p><span style=\"font-family: arial|helvetica|sans-serif; font-size: small;\"><a href=\"#\">P\u00f5hjendus:<\/a><\/span><\/p>\n<div><span style=\"font-family: arial|helvetica|sans-serif; font-size: small;\">Lauses on t\u00e4issihitis|kuna m\u00f5lemad tingimused on t\u00e4idetud: tegevus (ostmine) on kindla l\u00f5pp-piiriga ja sihitis (uus telefon) on tervik. T\u00e4issihitis on nimetavas k\u00e4\u00e4ndes|kuna verb on k\u00e4skivas k\u00f5neviisis (omastav pole sel juhul v\u00f5imalik).<\/span><\/div>\n<\/div>\n<p>\u00a0<\/p>\n<p>\u00a0<\/p>\n<p><span style=\"font-family: arial|helvetica|sans-serif; font-size: small;\">9)\u00a0\u00a0\u00a0\u00a0\u00a0 T\u00fcdruku unistuseks on <select name=\"gap_2_9\" class=\"watupro-gap answer answerof-2\"><option value=\"\"><\/option><option value=\"prantsuse keelt\">prantsuse keelt<\/option><option value=\"prantsuse keele\">prantsuse keele<\/option><option value=\"prantsuse keel\">prantsuse keel<\/option><\/select> \u00e4ra \u00f5ppida.<\/span><\/p>\n<p>\u00a0<\/p>\n<div class=\"accordion\" id=\"accordion\">\n<p><span style=\"font-family: arial|helvetica|sans-serif; font-size: small;\"><a href=\"#\">P\u00f5hjendus:<\/a><\/span><\/p>\n<div><span style=\"font-family: arial|helvetica|sans-serif; font-size: small;\">Lauses on t\u00e4issihitis|kuna m\u00f5lemad tingimused on t\u00e4idetud: tegevus (\u00e4ra \u00f5ppimine) j\u00f5uab tulevikus l\u00f5pule ja sihitis (prantsuse keel) on tervik. T\u00e4issihitis on nimetavas k\u00e4\u00e4ndes|kuna kuulub sellise da-inifnitiivi juurde|mille puhul omastav pole v\u00f5imalik (vt punktist 3).<\/span><\/div>\n<\/div>\n<p>\u00a0<\/p>\n<p>\u00a0<\/p>\n<p><span style=\"font-family: arial|helvetica|sans-serif; font-size: small;\">10)\u00a0\u00a0 Leidsingi <select name=\"gap_2_10\" class=\"watupro-gap answer answerof-2\"><option value=\"\"><\/option><option value=\"teie (nom)\">teie (nom)<\/option><option value=\"teie (gen)\">teie (gen)<\/option><option value=\"teid\">teid<\/option><\/select> l\u00f5puks \u00fcles!<\/span><\/p>\n<p>\u00a0<\/p>\n<div class=\"accordion\" id=\"accordion\">\n<p><span style=\"font-family: arial|helvetica|sans-serif; font-size: small;\"><a href=\"#\">P\u00f5hjendus:<\/a><\/span><\/p>\n<div><span style=\"font-family: arial|helvetica|sans-serif; font-size: small;\">Ases<\/span><span style=\"font-family: arial|helvetica|sans-serif; font-size: small;\">\u00f5na teie on sihitisena alati osastavas|seda ka t\u00e4issihitist eeldavates kontekstides. Kui samas lauses oleks tavaline nimis\u00f5na|oleks see omastavas|nt Leidsingi lapse l\u00f5puks \u00fcles!<\/span><\/div>\n<\/div>\n<p>\u00a0<\/p>\n<p>\u00a0<\/p>\n<p><span style=\"font-family: arial|helvetica|sans-serif; font-size: small;\">11)\u00a0\u00a0 <select name=\"gap_2_11\" class=\"watupro-gap answer answerof-2\"><option value=\"\"><\/option><option value=\"Vestlus\">Vestlus<\/option><option value=\"Vestluse\">Vestluse<\/option><option value=\"Vestlust\">Vestlust<\/option><\/select> alustatakse tihti ilmast r\u00e4\u00e4kimisega.<\/span><\/p>\n<p>\u00a0<\/p>\n<div class=\"accordion\" id=\"accordion\">\n<p><span style=\"font-family: arial|helvetica|sans-serif; font-size: small;\"><a href=\"#\">P\u00f5hjendus:<\/a><\/span><\/p>\n<div><span style=\"font-family: arial|helvetica|sans-serif; font-size: small;\">Lauses on osasihitis (osastavas k\u00e4\u00e4ndes sihitis)|kuna alustama on partitiivverb|mis n\u00f5uab alati osastavat.<\/span><\/div>\n<\/div>\n<p>\u00a0<\/p>\n<p>\u00a0<\/p>\n<p><span style=\"font-family: arial|helvetica|sans-serif; font-size: small;\">12)\u00a0\u00a0 Kommipaber on maas|viska <select name=\"gap_2_12\" class=\"watupro-gap answer answerof-2\"><option value=\"\"><\/option><option value=\"see\">see<\/option><option value=\"selle\">selle<\/option><option value=\"seda\">seda<\/option><\/select> pr\u00fcgikasti!<\/span><\/p>\n<p>\u00a0<\/p>\n<div class=\"accordion\" id=\"accordion\">\n<p><span style=\"font-family: arial|helvetica|sans-serif; font-size: small;\"><a href=\"#\">P\u00f5hjendus:<\/a><\/span><\/p>\n<div><span style=\"font-family: arial|helvetica|sans-serif; font-size: small;\">Lauses on t\u00e4issihitis|kuna m\u00f5lemad tingimused on t\u00e4idetud: tegevus (viskamine) on kindla tulemusega ja sihitis (see) see viitab \u00fchele konkreetsele asjale \u2013 kommipaberile. T\u00e4issihitis on nimetavas|kuna \u00f6eldisverb viska on k\u00e4skivas k\u00f5neviisis (omastavas sihitis pole sel juhul v\u00f5imalik).<\/span><\/div>\n<\/div>\n<p>\u00a0<\/p>\n<p>\u00a0<\/p>\n<p><span style=\"font-family: arial|helvetica|sans-serif; font-size: small;\">13)\u00a0\u00a0 Ma ei saa sulle <select name=\"gap_2_13\" class=\"watupro-gap answer answerof-2\"><option value=\"\"><\/option><option value=\"k\u00f5ige\">k\u00f5ige<\/option><option value=\"k\u00f5ik\">k\u00f5ik<\/option><option value=\"k\u00f5ike\">k\u00f5ike<\/option><\/select> \u00f6elda.<\/span><\/p>\n<p>\u00a0<\/p>\n<div class=\"accordion\" id=\"accordion\">\n<p><span style=\"font-family: arial|helvetica|sans-serif; font-size: small;\"><a href=\"#\">P\u00f5hjendus:<\/a><\/span><\/p>\n<div><span style=\"font-family: arial|helvetica|sans-serif; font-size: small;\">Lauses on osasihitis (osastavas k\u00e4\u00e4ndes sihitis)|kuna see kuulub eitava \u00f6eldisverbi juurde. Kui lause p\u00f5hiverb on eitav|on sihitis alati osastavas.<\/span><\/div>\n<\/div>\n<p>\u00a0<\/p>\n<p><span style=\"font-family: arial|helvetica|sans-serif; font-size: small;\">14)\u00a0\u00a0 Hakkame n\u00fc\u00fcd <select name=\"gap_2_14\" class=\"watupro-gap answer answerof-2\"><option value=\"\"><\/option><option value=\"toad\">toad<\/option><option value=\"tube\">tube<\/option><\/select> koristama!<\/span><\/p>\n<p>\u00a0<\/p>\n<div class=\"accordion\" id=\"accordion\">\n<p><span style=\"font-family: arial|helvetica|sans-serif; font-size: small;\"><a href=\"#\">P\u00f5hjendus:<\/a><\/span><\/p>\n<div><span style=\"font-family: arial|helvetica|sans-serif; font-size: small;\">Lauses on osasihitis (osastavas k\u00e4\u00e4ndes sihitis)|kuna \u00f6eldisverb hakkame koristama v\u00e4ljendab tegevuse algust (sellistel juhtudel ei ole tegevus l\u00f5petatud ja t\u00e4issihitist ei saa kasutada).<\/span><\/div>\n<\/div>\n<p>\u00a0<\/p>\n<p>\u00a0<\/p>\n<p><span style=\"font-family: arial|helvetica|sans-serif; font-size: small;\">15)\u00a0\u00a0 \u00d5de ostis <select name=\"gap_2_15\" class=\"watupro-gap answer answerof-2\"><option value=\"\"><\/option><option value=\"kaht j\u00e4\u00e4tist\">kaht j\u00e4\u00e4tist<\/option><option value=\"kahe j\u00e4\u00e4tise\">kahe j\u00e4\u00e4tise<\/option><option value=\"kaks j\u00e4\u00e4tist\">kaks j\u00e4\u00e4tist<\/option><\/select>.<\/span><\/p>\n<p>\u00a0<\/p>\n<div class=\"accordion\" id=\"accordion\">\n<p><span style=\"font-family: arial|helvetica|sans-serif; font-size: small;\"><a href=\"#\">P\u00f5hjendus:<\/a><\/span><\/p>\n<div><span style=\"font-family: arial|helvetica|sans-serif; font-size: small;\">Lauses on t\u00e4issihitis|kuna m\u00f5lemad tingimused on t\u00e4idetud: tegevus (ostmine) on l\u00f5ppenud|sihitis (kaks j\u00e4\u00e4tist) on kindel hulk. T\u00e4issihitiseks on hulgafraas|mille peas\u00f5naks on p\u00f5hiarvs\u00f5na (kaks). P\u00f5hiarvs\u00f5nad alates kahest on t\u00e4issihitisena nimetavas k\u00e4\u00e4ndes (omastav ei ole v\u00f5imalik).<\/span><\/div>\n<\/div>\n<p>\u00a0<\/p>\n<p>\u00a0<\/p>\n<input type=\"hidden\" name=\"question_id[]\" id=\"qID_1\" value=\"2\" class=\"watupro-question-id\"><input type=\"hidden\" id=\"answerType2\" class=\"answerTypeCnt1\" value=\"gaps\"><input type=\"hidden\" id=\"watupro-required-question-2\"><!-- end question-content--><\/div><!-- end questionWrap--><\/div><\/div><div style=\"display:none\" id=\"question-2\">\n\t<div class=\"question-content\">\n\t\t<img loading=\"lazy\" decoding=\"async\" src=\"https:\/\/sisu.ut.ee\/wp-content\/plugins\/watupro\/img\/loading.gif\" width=\"16\" height=\"16\" alt=\"Loading...\" title=\"Loading...\">\u00a0Loading...\t<\/div>\n<\/div>\n\n<br>\n\t\n\t\t\t<div class=\"watupro_buttons flex \" id=\"watuPROButtons2\">\n\t\t  <div id=\"prev-question\" style=\"display:none;\"><input type=\"button\" value=\"&lt; Previous\" onclick=\"WatuPRO.nextQuestion(event, 'previous');\"><\/div>\t\t  <div id=\"next-question\"><input type=\"button\" value=\"Next &gt;\" onclick=\"WatuPRO.nextQuestion(event);\"><\/div>\t\t  \t\t   \n\t\t   \t  \t\t<div><input type=\"button\" name=\"action\" class=\"watupro-submit-button\" onclick=\"WatuPRO.submitResult(event)\" id=\"action-button\" value=\"View Results\">\n\t\t<\/div>\n\t\t<\/div>\n\t\t\n\t<input type=\"hidden\" name=\"quiz_id\" value=\"2\" id=\"watuPROExamID\">\n\t<input type=\"hidden\" name=\"start_time\" id=\"startTime\" value=\"2026-04-15 10:05:48\">\n\t<input type=\"hidden\" name=\"start_timestamp\" id=\"startTimeStamp\" value=\"1776247548\">\n\t<input type=\"hidden\" name=\"question_ids\" value=\"\">\n\t<input type=\"hidden\" name=\"watupro_questions\" value=\"2:14\">\n\t<input type=\"hidden\" name=\"no_ajax\" value=\"0\">\t\t\t<\/form>\n\t<p>\u00a0<\/p>\n<\/div>\n\n<script type=\"text\/javascript\">\n\/\/jQuery(document).ready(function(){\ndocument.addEventListener(\"DOMContentLoaded\", function(event) { \t\nvar question_ids = \"2\";\nWatuPROSettings[2] = {};\nWatuPRO.qArr = question_ids.split(',');\nWatuPRO.exam_id = 2;\t    \nWatuPRO.post_id = 56;\nWatuPRO.store_progress = 0;\nWatuPRO.curCatPage = 1;\nWatuPRO.requiredIDs=\"0,2\".split(\",\");\nWatuPRO.hAppID = \"0.57821700 1776236748\";\nvar url = \"https:\/\/sisu.ut.ee\/wp-content\/plugins\/watupro\/show_exam.php\";\nWatuPRO.examMode = 0;\nWatuPRO.siteURL=\"https:\/\/sisu.ut.ee\/sihitis\/wp-admin\/admin-ajax.php\";\nWatuPRO.emailIsNotRequired = 0;\nWatuPRO.perDecade = 10;\nWatuPROIntel.init(2);\n});    \t \n<\/script>\n\n","protected":false},"excerpt":{"rendered":"","protected":false},"author":28,"featured_media":0,"parent":0,"menu_order":0,"comment_status":"closed","ping_status":"closed","template":"","meta":{"_acf_changed":false,"inline_featured_image":false,"footnotes":""},"class_list":["post-56","page","type-page","status-publish","hentry"],"acf":[],"_links":{"self":[{"href":"https:\/\/sisu.ut.ee\/sihitis\/wp-json\/wp\/v2\/pages\/56","targetHints":{"allow":["GET"]}}],"collection":[{"href":"https:\/\/sisu.ut.ee\/sihitis\/wp-json\/wp\/v2\/pages"}],"about":[{"href":"https:\/\/sisu.ut.ee\/sihitis\/wp-json\/wp\/v2\/types\/page"}],"author":[{"embeddable":true,"href":"https:\/\/sisu.ut.ee\/sihitis\/wp-json\/wp\/v2\/users\/28"}],"replies":[{"embeddable":true,"href":"https:\/\/sisu.ut.ee\/sihitis\/wp-json\/wp\/v2\/comments?post=56"}],"version-history":[{"count":0,"href":"https:\/\/sisu.ut.ee\/sihitis\/wp-json\/wp\/v2\/pages\/56\/revisions"}],"wp:attachment":[{"href":"https:\/\/sisu.ut.ee\/sihitis\/wp-json\/wp\/v2\/media?parent=56"}],"curies":[{"name":"wp","href":"https:\/\/api.w.org\/{rel}","templated":true}]}}