{"id":4,"date":"2024-04-03T23:13:01","date_gmt":"2024-04-03T20:13:01","guid":{"rendered":"https:\/\/sisu.ut.ee\/sihitis\/avaleht\/"},"modified":"2024-04-11T11:26:15","modified_gmt":"2024-04-11T08:26:15","slug":"avaleht","status":"publish","type":"page","link":"https:\/\/sisu.ut.ee\/sihitis\/","title":{"rendered":"Avaleht"},"content":{"rendered":"<p style=\"text-align: left;\"><strong><span style=\"font-size: medium; font-family: arial,helvetica,sans-serif;\">Sihitis eesti keeles<\/span><\/strong><\/p>\n<p>2013 (viimati muudetud 06.04.2023)<br>\nRaili Pool<br>\nTartu \u00dclikool<br>\nEesti ja \u00fcldkeeleteaduse instituut<br>\nK\u00e4esoleva \u00f5ppematerjali eesm\u00e4rgiks on\u00a0 anda \u00fclevaade eesti keele t\u00e4is- ja osasihitise olemusest ja kasutustingimustest. Sisupakett koosneb n\u00e4idetega illustreeritud teoreetilisest osast ning rohketest praktilistest harjutustest. \u00d5ppematerjali kasutajad saavad harjutusi sooritades tagasisidet vastuste sobivuse kohta. Osa harjutusi on varustatud\u00a0 ka t\u00e4is- ja osasihitise valikut p\u00f5hjendavate pikemate kommentaaridega.<\/p>\n<p>Sisupakett on suunatud eesti keelt teise keelena \u00f5ppijatele (eesti keele oskuse tase peaks olema B2 v\u00f5i C1), kes tunnevad s\u00fcgavamat huvi eesti keele grammatilise struktuuri vastu, samuti \u00a0sobib see kasutamiseks eesti keele kui v\u00f5\u00f5rkeele \u00f5petajaks \u00f5ppijatele.<\/p>\n<p>Sisupaketi t\u00e4ielikuks l\u00e4bimiseks on arvestatud kuus akadeemilist tundi.<\/p>\n<p><strong>\u00d5piv\u00e4ljundid<\/strong><\/p>\n<p>Sisupaketi l\u00e4binud \u00fcli\u00f5pilane<\/p>\n<ul>\n<li>eristab sihilisi ja sihituid verbe<\/li>\n<li>oskab lauses sihitist m\u00e4\u00e4rata<\/li>\n<li>teab t\u00e4is- ja osasihitise vorme ja kasutustingimusi<\/li>\n<li>oskab erineva \u00fclesehitusega lausetes t\u00e4is- ja osasihitist kasutada ning sihitise vormivalikut p\u00f5hjendada<\/li>\n<\/ul>\n<p><img loading=\"lazy\" decoding=\"async\" width=\"217\" height=\"93\" class=\"alignnone wp-image-13\" title=\"best.jpg\" src=\"https:\/\/sisu.ut.ee\/wp-content\/uploads\/sites\/37\/best.jpg\" alt=\"best.jpg\"> <img loading=\"lazy\" decoding=\"async\" width=\"250\" height=\"139\" class=\"alignnone wp-image-14\" title=\"el.jpg\" src=\"https:\/\/sisu.ut.ee\/wp-content\/uploads\/sites\/37\/el.jpg\" alt=\"el.jpg\"><\/p>\n","protected":false},"excerpt":{"rendered":"<p>Sihitis eesti keeles 2013 (viimati muudetud 06.04.2023) Raili Pool Tartu \u00dclikool Eesti ja \u00fcldkeeleteaduse instituut K\u00e4esoleva \u00f5ppematerjali eesm\u00e4rgiks on\u00a0 anda \u00fclevaade eesti keele t\u00e4is- ja osasihitise olemusest ja kasutustingimustest. Sisupakett koosneb n\u00e4idetega illustreeritud teoreetilisest osast ning rohketest praktilistest harjutustest. \u00d5ppematerjali &#8230;<\/p>\n","protected":false},"author":18,"featured_media":0,"parent":0,"menu_order":0,"comment_status":"closed","ping_status":"closed","template":"","meta":{"_acf_changed":false,"inline_featured_image":false,"footnotes":""},"class_list":["post-4","page","type-page","status-publish","hentry"],"acf":[],"_links":{"self":[{"href":"https:\/\/sisu.ut.ee\/sihitis\/wp-json\/wp\/v2\/pages\/4","targetHints":{"allow":["GET"]}}],"collection":[{"href":"https:\/\/sisu.ut.ee\/sihitis\/wp-json\/wp\/v2\/pages"}],"about":[{"href":"https:\/\/sisu.ut.ee\/sihitis\/wp-json\/wp\/v2\/types\/page"}],"author":[{"embeddable":true,"href":"https:\/\/sisu.ut.ee\/sihitis\/wp-json\/wp\/v2\/users\/18"}],"replies":[{"embeddable":true,"href":"https:\/\/sisu.ut.ee\/sihitis\/wp-json\/wp\/v2\/comments?post=4"}],"version-history":[{"count":4,"href":"https:\/\/sisu.ut.ee\/sihitis\/wp-json\/wp\/v2\/pages\/4\/revisions"}],"predecessor-version":[{"id":79,"href":"https:\/\/sisu.ut.ee\/sihitis\/wp-json\/wp\/v2\/pages\/4\/revisions\/79"}],"wp:attachment":[{"href":"https:\/\/sisu.ut.ee\/sihitis\/wp-json\/wp\/v2\/media?parent=4"}],"curies":[{"name":"wp","href":"https:\/\/api.w.org\/{rel}","templated":true}]}}