{"id":10,"date":"2024-04-03T23:13:01","date_gmt":"2024-04-03T20:13:01","guid":{"rendered":"https:\/\/sisu.ut.ee\/sihitis\/2-erandid-tais-ja-osasihitise-kasutamisel-arvsonaline-ja-asesonaline-sihitis\/"},"modified":"2024-04-03T23:13:04","modified_gmt":"2024-04-03T20:13:04","slug":"2-erandid-tais-ja-osasihitise-kasutamisel-arvsonaline-ja-asesonaline-sihitis","status":"publish","type":"page","link":"https:\/\/sisu.ut.ee\/sihitis\/2-erandid-tais-ja-osasihitise-kasutamisel-arvsonaline-ja-asesonaline-sihitis\/","title":{"rendered":"2. Erandid t\u00e4is- ja osasihitise kasutamisel: arvs\u00f5naline ja ases\u00f5naline sihitis"},"content":{"rendered":"<p>\n\t<strong>P\u00f5hiarvs\u00f5nad<\/strong> alates <em>kahest<\/em> on t\u00e4issihitisena alati nimetavas, osasihitis on ikka osastavas. Arvs\u00f5naga hulgafraasides on sihitise peas\u00f5naks arvs\u00f5na, nimis\u00f5na on arvs\u00f5na laiendina alati osastavas.\n<\/p>\n<p>\n\tNt: Ostsin <strong>kaks ajakirja<\/strong>. S\u00f5in <strong>k\u00fcmme pannkooki.<\/strong> Riina kasvatab <strong>kolme last<\/strong>. Karl r\u00e4\u00e4gib <strong>nelja v\u00f5\u00f5rkeelt<\/strong>. Mari ei telli <strong>kolme ajalehte<\/strong>.\n<\/p>\n<p>\n\tArvs\u00f5na <em>\u00fcks<\/em> k\u00e4itub sihitise \u00fcldreeglite kohaselt.\n<\/p>\n<p>\n\tNt: Ostsin <strong>\u00fche ajakirja<\/strong>. S\u00f5in <strong>\u00fche pannkoogi<\/strong>. Riina kasvatab <strong>\u00fcht last<\/strong>.\n<\/p>\n<p>\n\t<strong>Ases\u00f5nad<\/strong> <em>meie\/me<\/em> ja <em>teie\/te<\/em> on sihitisena alati osastavas.\n<\/p>\n<p>\n\tNt: V\u00f5tke <strong>meid<\/strong> ka kaasa! Ma ootan <strong>teid <\/strong>\u00e4ra. (V\u00f5rdle: V\u00f5tke <strong>laps<\/strong> ka kaasa! Ma ootan <strong>s\u00f5bra<\/strong> \u00e4ra.)\n<\/p>\n<p>\n\tAses\u00f5nad <em>mina\/ma <\/em>ja <em>sina\/sa<\/em> on osastavas lisaks osasihitise kontekstile ka juhtudel, kus nimis\u00f5naline sihitis on nimetavas.\n<\/p>\n<p>\n\tNt: V\u00f5ta <strong>mind<\/strong> ka kaasa! <strong>Sind<\/strong> v\u00f5etakse kaasa.\u00a0 (V\u00f5rdle: V\u00f5ta <strong>kott<\/strong> kaasa! <strong>Laps<\/strong> v\u00f5etakse kaasa.)\n<\/p>\n<p>\n\tAses\u00f5nade <em>mina<\/em> ja <em>sina <\/em>sihitise omastava k\u00e4\u00e4nde vormi v\u00f5ib asendada osastavaga.\n<\/p>\n<p>\n\tNt: Ma ootan <strong>sinu\/sind<\/strong> \u00e4ra. Ta kutsus <strong>minu\/mind<\/strong> enda s\u00fcnnip\u00e4evale.\n<\/p>\n<p>\n\tAses\u00f5nad <em>tema\/ta<\/em> ja <em>nemad\/nad<\/em> ei ole erandliku vormivaheldusega, vaid k\u00e4ituvad sihitise \u00fcldreeglite j\u00e4rgi.\n<\/p>\n<p>\n\tNt: Kutsu <strong>tema\/ta<\/strong> ka kaasa! <strong>Ta<\/strong> j\u00e4eti maha. Mari armastab <strong>teda<\/strong>.\n<\/p>\n<p>\n\tAses\u00f5na <em>k\u00f5ik<\/em> on t\u00e4issihitisena ainult nimetavas, osasihitisena ikka osastavas.\n<\/p>\n<p>\n\tNt: Ma olen <strong>k\u00f5ik<\/strong> unustanud. Ma tean <strong>k\u00f5ike<\/strong>.<\/p>\n","protected":false},"excerpt":{"rendered":"<p>P\u00f5hiarvs\u00f5nad alates kahest on t\u00e4issihitisena alati nimetavas, osasihitis on ikka osastavas. Arvs\u00f5naga hulgafraasides on sihitise peas\u00f5naks arvs\u00f5na, nimis\u00f5na on arvs\u00f5na laiendina alati osastavas. Nt: Ostsin kaks ajakirja. S\u00f5in k\u00fcmme pannkooki. Riina kasvatab kolme last. Karl r\u00e4\u00e4gib nelja v\u00f5\u00f5rkeelt. Mari ei &#8230;<\/p>\n","protected":false},"author":18,"featured_media":0,"parent":0,"menu_order":0,"comment_status":"closed","ping_status":"closed","template":"","meta":{"_acf_changed":false,"inline_featured_image":false,"footnotes":""},"class_list":["post-10","page","type-page","status-publish","hentry"],"acf":[],"_links":{"self":[{"href":"https:\/\/sisu.ut.ee\/sihitis\/wp-json\/wp\/v2\/pages\/10","targetHints":{"allow":["GET"]}}],"collection":[{"href":"https:\/\/sisu.ut.ee\/sihitis\/wp-json\/wp\/v2\/pages"}],"about":[{"href":"https:\/\/sisu.ut.ee\/sihitis\/wp-json\/wp\/v2\/types\/page"}],"author":[{"embeddable":true,"href":"https:\/\/sisu.ut.ee\/sihitis\/wp-json\/wp\/v2\/users\/18"}],"replies":[{"embeddable":true,"href":"https:\/\/sisu.ut.ee\/sihitis\/wp-json\/wp\/v2\/comments?post=10"}],"version-history":[{"count":1,"href":"https:\/\/sisu.ut.ee\/sihitis\/wp-json\/wp\/v2\/pages\/10\/revisions"}],"predecessor-version":[{"id":45,"href":"https:\/\/sisu.ut.ee\/sihitis\/wp-json\/wp\/v2\/pages\/10\/revisions\/45"}],"wp:attachment":[{"href":"https:\/\/sisu.ut.ee\/sihitis\/wp-json\/wp\/v2\/media?parent=10"}],"curies":[{"name":"wp","href":"https:\/\/api.w.org\/{rel}","templated":true}]}}