{"id":7,"date":"2024-04-03T23:13:17","date_gmt":"2024-04-03T20:13:17","guid":{"rendered":"https:\/\/sisu.ut.ee\/signaalitootlus2\/5-signaalitootluse-rakendamine-pilditootlused-modulatsioonides-ja-pakkimised\/"},"modified":"2025-01-31T09:26:39","modified_gmt":"2025-01-31T07:26:39","slug":"5-signaalitootluse-rakendamine-pilditootlused-modulatsioonides-ja-pakkimised","status":"publish","type":"page","link":"https:\/\/sisu.ut.ee\/signaalitootlus2\/5-signaalitootluse-rakendamine-pilditootlused-modulatsioonides-ja-pakkimised\/","title":{"rendered":"4. Signaalide pakkimine"},"content":{"rendered":"<h2>Brief summary<\/h2>\n<p><span style=\"background-color: #ffff00;\"><span style=\"background-color: #ffffff;\">The objective of signal compression is to reduce irrelevance and redundancy of the data in order to be able to store or transmit data in an efficient form. In this section we discuss the basics of compression and the most commonly used compression techniques.<\/span><br>\n<\/span><\/p>\n<h2>Kokkuv\u00f5te<\/h2>\n<p><span style=\"background-color: #ffffff;\">Signaali pakkimine on andmete ebavajalikkuse ja liiasuse v\u00e4hendamine, mis on vajalik andmete efektiivseks salvestamiseks ja edastamiseks. Antud peat\u00fckis selgitatakse pakkimise p\u00f5hit\u00f5desid ja sagedamini kasutatavaid pakkimise v\u00f5tteid.<\/span><\/p>\n<p><\/p><div class=\"ratio ratio-16x9 mb-3\"><div class=\"video-placeholder-wrapper video-placeholder-wrapper--16x9\">\n\t\t\t    <div class=\"video-placeholder d-flex justify-content-center align-items-center\">\n\t\t\t        <div class=\"overlay text-white p-2 w-100 text-center d-block justify-content-center align-items-center\">\n\t\t\t            <div>Kolmandate osapoolte sisu n\u00e4gemiseks palun n\u00f5ustu k\u00fcpsistega.<\/div>\n\t\t\t            <button class=\"btn btn-secondary btn-sm mt-1 consent-change\">Muuda n\u00f5usolekut<\/button>\n\t\t\t        <\/div>\n\t\t\t    <\/div>\n\t\t\t<\/div>\n<\/div>\n","protected":false},"excerpt":{"rendered":"<p>Brief summary The objective of signal compression is to reduce irrelevance and redundancy of the data in order to be able to store or transmit data in an efficient form. In this section we discuss the basics of compression and &#8230;<\/p>\n","protected":false},"author":280,"featured_media":0,"parent":0,"menu_order":0,"comment_status":"closed","ping_status":"closed","template":"","meta":{"_acf_changed":false,"inline_featured_image":false,"footnotes":""},"class_list":["post-7","page","type-page","status-publish","hentry"],"acf":[],"_links":{"self":[{"href":"https:\/\/sisu.ut.ee\/signaalitootlus2\/wp-json\/wp\/v2\/pages\/7","targetHints":{"allow":["GET"]}}],"collection":[{"href":"https:\/\/sisu.ut.ee\/signaalitootlus2\/wp-json\/wp\/v2\/pages"}],"about":[{"href":"https:\/\/sisu.ut.ee\/signaalitootlus2\/wp-json\/wp\/v2\/types\/page"}],"author":[{"embeddable":true,"href":"https:\/\/sisu.ut.ee\/signaalitootlus2\/wp-json\/wp\/v2\/users\/280"}],"replies":[{"embeddable":true,"href":"https:\/\/sisu.ut.ee\/signaalitootlus2\/wp-json\/wp\/v2\/comments?post=7"}],"version-history":[{"count":2,"href":"https:\/\/sisu.ut.ee\/signaalitootlus2\/wp-json\/wp\/v2\/pages\/7\/revisions"}],"predecessor-version":[{"id":67,"href":"https:\/\/sisu.ut.ee\/signaalitootlus2\/wp-json\/wp\/v2\/pages\/7\/revisions\/67"}],"wp:attachment":[{"href":"https:\/\/sisu.ut.ee\/signaalitootlus2\/wp-json\/wp\/v2\/media?parent=7"}],"curies":[{"name":"wp","href":"https:\/\/api.w.org\/{rel}","templated":true}]}}