{"id":7,"date":"2024-04-04T06:43:14","date_gmt":"2024-04-04T03:43:14","guid":{"rendered":"https:\/\/sisu.ut.ee\/sensiclass\/partners\/"},"modified":"2024-06-17T17:35:31","modified_gmt":"2024-06-17T14:35:31","slug":"partners","status":"publish","type":"page","link":"https:\/\/sisu.ut.ee\/sensiclass\/partners\/","title":{"rendered":"Partners"},"content":{"rendered":"<p>\n\t<span style=\"background:white\"><span style=\"background:white\"><span style=\"color:black\">This project is managed by the <strong><span>University of Tartu<\/span><\/strong> (Estonia) in close cooperation with closely searched partners from Poland (<strong><span>SGH Warsaw School of Economics<\/span><\/strong>), the Czech Republic (<strong><span>University of Hradec Kr\u00e1lov\u00e9<\/span><\/strong>), and Hungary (<strong><span>Central European University<\/span><\/strong>). Specialists working for this project have various political science backgrounds, study of terrorism, religious studies, pedagogy, and social work.<\/span><\/span><\/span>\n<\/p>\n<h2>\n\t<a id=\"ut\" name=\"ut\"><\/a>University of Tartu<br>\n<\/h2>\n<p>\n\t<img decoding=\"async\" alt=\"\" src=\"https:\/\/kodu.ut.ee\/~paar00l\/logod\/ut_kompaktlogo_eng_sinine.svg\" style=\"padding:20px;max-width:240px;float:right\"><span style=\"background:white\"><strong><span><span><span style=\"color:black\">University of Tartu<\/span><\/span><\/span><\/strong><span><span><span style=\"color:black\"> (UT), founded in 1632, is the oldest and largest university in Estonia both in terms of numbers of staff and students, and the volume of its teaching, research, and development activities. The University of Tartu has set one of its internationalisation goals \u201cGraduates who change the world,\u201d to enhance the competitiveness of its members and prepare students for work and communication in a multicultural environment. In this project, the University of Tartu is the lead partner.<\/span><\/span><\/span><\/span>\n<\/p>\n<p>\n\t\u00a0\n<\/p>\n<p>\n\t<span style=\"background:white\"><span><span><span style=\"color:black\">From the UT side, individuals contributing to the project are:<\/span><\/span><\/span><\/span>\n<\/p>\n<div class=\"row\">\n<div class=\"col-md-2\">\n\t\t<img decoding=\"async\" src=\"https:\/\/sisu.ut.ee\/wp-content\/uploads\/sites\/463\/heidi.jpg\">\n<p>\n\t\t\t\u00a0\n\t\t<\/p>\n<\/div>\n<div class=\"col-md-10\">\n<h3>\n\t\t\tHeidi Maiberg (project manager)<br>\n\t\t<\/h3>\n<div class=\"os-overview\">\n<p style=\"margin-bottom:0cm\">\n\t\t\t\t<span style=\"background:white\"><span style=\"line-height:normal\"><span style=\"color:black\">I am a PhD student at Royal Holloway University of London and head of communication of University of Tartu Asia Centre. In my research, I focus on assessing the impact of measures used in deradicalisation and disengagement processes.<\/span><\/span><\/span>\n\t\t\t<\/p>\n<p style=\"margin-top:7.5pt;margin-right:0cm;margin-bottom:0cm;margin-left:0cm\">\n\t\t\t\t<span style=\"background:white\"><span style=\"line-height:normal\"><b><span style=\"color:black\">Tools responsible for IO2 MOOC on Radicalisation, IO2 MOOC on Gender<\/span><\/b><\/span><\/span>\n\t\t\t<\/p>\n<\/div>\n<\/div>\n<\/div>\n<div class=\"row\">\n<div class=\"col-md-2\">\n\t\t<img decoding=\"async\" src=\"https:\/\/sisu.ut.ee\/wp-content\/uploads\/sites\/463\/elo.jpg\">\n<p>\n\t\t\t\u00a0\n\t\t<\/p>\n<\/div>\n<div class=\"col-md-10\">\n<h3 class=\"os-overview\">\n\t\t\tElo S\u00fcld<br>\n\t\t<\/h3>\n<div class=\"os-overview\">\n<p style=\"margin-bottom:0cm\">\n\t\t\t\t<span style=\"background:white\"><span style=\"line-height:normal\"><span style=\"color:black\">In my research, I focus on the diversity of Islam. At the University of Tartu, I teach topics related to Islam: its variety, history, and impact on international relations, and the head of the University of Tartu Asia Centre.<\/span><\/span><\/span>\n\t\t\t<\/p>\n<p style=\"margin-top:7.5pt;margin-right:0cm;margin-bottom:0cm;margin-left:0cm\">\n\t\t\t\t<span style=\"background:white\"><span style=\"line-height:normal\"><b><span style=\"color:black\">Tools responsible for IO2 MOOC on Islam, IO2 MOOC on Gender<\/span><\/b><\/span><\/span>\n\t\t\t<\/p>\n<\/div>\n<\/div>\n<\/div>\n<div class=\"row\">\n<div class=\"col-md-2\">\n\t\t<img loading=\"lazy\" decoding=\"async\" width=\"231\" height=\"229\" class=\"alignnone wp-image-354\" src=\"https:\/\/sisu.ut.ee\/wp-content\/uploads\/sites\/463\/alar.jpg\" title=\"alar.jpg\" alt=\"Alar Kilp\" srcset=\"https:\/\/sisu.ut.ee\/wp-content\/uploads\/sites\/463\/alar.jpg 231w, https:\/\/sisu.ut.ee\/wp-content\/uploads\/sites\/463\/alar-150x150.jpg 150w\" sizes=\"auto, (max-width: 231px) 100vw, 231px\">\n<p>\n\t\t\t\u00a0\n\t\t<\/p>\n<\/div>\n<div class=\"col-md-10\">\n<h3 class=\"os-overview\">\n\t\t\tAlar Kilp<br>\n\t\t<\/h3>\n<div class=\"os-overview\">\n\t\t\tMy research deals mostly with religion and politics from the perspective of area studies (East-Central Europe), comparative analysis, constructivist approach and the disciplines of Political Science and Religious Studies.\n\t\t<\/div>\n<div class=\"os-reposibility\">\n\t\t\t\u00a0\n\t\t<\/div>\n<\/div>\n<\/div>\n<div class=\"row\">\n<div class=\"col-md-2\">\n\t\t<img decoding=\"async\" src=\"https:\/\/sisu.ut.ee\/wp-content\/uploads\/sites\/463\/olga.jpg\">\n<p>\n\t\t\t\u00a0\n\t\t<\/p>\n<\/div>\n<div class=\"col-md-10\">\n<h3 class=\"os-overview\">\n\t\t\tOlga Schihalejev<br>\n\t\t<\/h3>\n<div class=\"os-overview\">\n\t\t\tI am associate professor for religious education at University of Tartu. In my research, I focus on young people\u2019s views on religion and religious diversity.\n\t\t<\/div>\n<div class=\"os-reposibility\">\n\t\t\t\u00a0\n\t\t<\/div>\n<\/div>\n<\/div>\n<h2>\n\t<a id=\"sgh\" name=\"sgh\"><\/a>SGH Warsaw School of Economics<br>\n<\/h2>\n<p>\n\t<img loading=\"lazy\" decoding=\"async\" width=\"1020\" height=\"1020\" class=\"alignnone wp-image-351\" style=\"width:100px;height:100px;float:right\" src=\"https:\/\/sisu.ut.ee\/wp-content\/uploads\/sites\/463\/sgh-logo.png\" title=\"sgh-logo.png\" alt=\"SGH Warsaw School of Economics\" srcset=\"https:\/\/sisu.ut.ee\/wp-content\/uploads\/sites\/463\/sgh-logo.png 1020w, https:\/\/sisu.ut.ee\/wp-content\/uploads\/sites\/463\/sgh-logo-300x300.png 300w, https:\/\/sisu.ut.ee\/wp-content\/uploads\/sites\/463\/sgh-logo-150x150.png 150w, https:\/\/sisu.ut.ee\/wp-content\/uploads\/sites\/463\/sgh-logo-768x768.png 768w\" sizes=\"auto, (max-width: 1020px) 100vw, 1020px\"><span style=\"background:white\"><span style=\"line-height:normal\"><strong><span style=\"background:white\"><span><span style=\"color:black\">SGH Warsaw School of Economics<\/span><\/span><\/span><\/strong><span style=\"background:white\"><span style=\"color:black\"> (SGH) is the oldest University of economics in Poland and one of the leading universities of economics in Europe. SGH Warsaw School of Economics is an economic university, but it has also developed a significant position in political studies and international economics and politics. Recently, it has established a Diversity Center \u2013an interdisciplinary center that will gather and provide expertise on how to teach more and more diverse international student populations.<\/span><\/span><\/span><\/span>\n<\/p>\n<p>\n\t\u00a0\n<\/p>\n<p>\n\tFrom SGH\u00a0specialists working on this project are:\n<\/p>\n<div class=\"row\">\n<div class=\"col-md-2\">\n\t\t<img decoding=\"async\" src=\"https:\/\/sisu.ut.ee\/wp-content\/uploads\/sites\/463\/katarzyna.jpg\">\n<p>\n\t\t\t\u00a0\n\t\t<\/p>\n<\/div>\n<div class=\"col-md-10\">\n<h3 class=\"os-overview\">\n\t\t\tKatarzyna G\u00f3rak-Sosnowska<br>\n\t\t<\/h3>\n<div class=\"os-overview\">\n\t\t\tI am the head of the Middle East and Central Asia Unit at SGH Warsaw School of Economics and trainer of intercultural education.\n\t\t<\/div>\n<div class=\"os-reposibility\">\n\t\t\tTools responsible for: IO1 \u2013 guidance materials for teachers and educators\n\t\t<\/div>\n<\/div>\n<\/div>\n<div class=\"row\">\n<div class=\"col-md-2\">\n\t\t<img decoding=\"async\" src=\"https:\/\/sisu.ut.ee\/wp-content\/uploads\/sites\/463\/urszula.jpg\">\n<p>\n\t\t\t\u00a0\n\t\t<\/p>\n<\/div>\n<div class=\"col-md-10\">\n<h3 class=\"os-overview\">\n\t\t\tUrszula Markowska-Manista<br>\n\t\t<\/h3>\n<div class=\"os-overview\">\n\t\t\tI\u2019m a field researcher in education in culturally diversified environments, childhood and youth studies concerning children\u2019s rights, postcolonial and decolonial perspective and participatory approaches. I\u2019m affiliated with the MA Childhood Studies and Children\u2019s Rights (MACR) international programme and the University of Warsaw (Faculty of Education)\n\t\t<\/div>\n<div class=\"os-reposibility\">\n\t\t\tTools responsible for: IO1 \u2013 guidance materials for teachers and educators\n\t\t<\/div>\n<\/div>\n<\/div>\n<p>\n\t\u00a0\n<\/p>\n<h2>\n\t<a id=\"ceu\" name=\"ceu\"><\/a>Central European University<br>\n<\/h2>\n<p>\n\t<img loading=\"lazy\" decoding=\"async\" width=\"1956\" height=\"822\" class=\"alignnone wp-image-353\" style=\"float:right;width:238px;height:100px\" src=\"https:\/\/sisu.ut.ee\/wp-content\/uploads\/sites\/463\/ceu-logo-m-04.png\" title=\"ceu-logo-m-04.png\" alt=\"CEU\" srcset=\"https:\/\/sisu.ut.ee\/wp-content\/uploads\/sites\/463\/ceu-logo-m-04.png 1956w, https:\/\/sisu.ut.ee\/wp-content\/uploads\/sites\/463\/ceu-logo-m-04-300x126.png 300w, https:\/\/sisu.ut.ee\/wp-content\/uploads\/sites\/463\/ceu-logo-m-04-1024x430.png 1024w, https:\/\/sisu.ut.ee\/wp-content\/uploads\/sites\/463\/ceu-logo-m-04-768x323.png 768w, https:\/\/sisu.ut.ee\/wp-content\/uploads\/sites\/463\/ceu-logo-m-04-1536x645.png 1536w, https:\/\/sisu.ut.ee\/wp-content\/uploads\/sites\/463\/ceu-logo-m-04-1920x807.png 1920w\" sizes=\"auto, (max-width: 1956px) 100vw, 1956px\"><span style=\"background:white\"><span style=\"line-height:normal\"><strong><span style=\"background:white\"><span><span style=\"color:black\">Central European University<\/span><\/span><\/span><\/strong><span style=\"background:white\"><span style=\"color:black\"> (CEU) is a graduate-level English-speaking university where faculty and students from more than 100 countries come to engage in interdisciplinary education, pursue advanced scholarship, and address some of society\u2019s most vexing problems. In addition, the University has special educational programs to give equal chances for participation in higher education for groups struggling with challenges, such as the Roma Graduate Program and the Open Learning Initiative for refugees \u2013 these two programs prepare their students for postgraduate level education.<\/span><\/span><\/span><\/span>\n<\/p>\n<p>\n\t\u00a0\n<\/p>\n<p>\n\tOn behalf of CEU, the specialist creating materials for this project is:\n<\/p>\n<div class=\"row\">\n<div class=\"col-md-2\">\n\t\t<img decoding=\"async\" src=\"https:\/\/sisu.ut.ee\/wp-content\/uploads\/sites\/463\/dunajeva.jpg\">\n<p>\n\t\t\t\u00a0\n\t\t<\/p>\n<\/div>\n<div class=\"col-md-10\">\n<h3 class=\"os-overview\">\n\t\t\tJekatyerina Dunajeva<br>\n\t\t<\/h3>\n<div class=\"os-overview\">\n\t\t\tAs a political scientist, my main area of research is identity politics, Roma minority, education policy and state-society relations.\n\t\t<\/div>\n<div class=\"os-reposibility\">\n\t\t\tTools responsible for: IO3\u00a0\u2013 Teachers\u2019 Toolbox\n\t\t<\/div>\n<\/div>\n<\/div>\n<p>\n\t\u00a0\n<\/p>\n<h2>\n\t<a id=\"uhk\" name=\"uhk\"><\/a>University of Hradec Kr\u00e1lov\u00e9<br>\n<\/h2>\n<p>\n\t<img loading=\"lazy\" decoding=\"async\" width=\"1600\" height=\"850\" class=\"alignnone wp-image-352\" style=\"float:right;width:188px;height:100px\" src=\"https:\/\/sisu.ut.ee\/wp-content\/uploads\/sites\/463\/uhk-logo.png\" title=\"uhk-logo.png\" alt=\"uhk-logo.png\" srcset=\"https:\/\/sisu.ut.ee\/wp-content\/uploads\/sites\/463\/uhk-logo.png 1600w, https:\/\/sisu.ut.ee\/wp-content\/uploads\/sites\/463\/uhk-logo-300x159.png 300w, https:\/\/sisu.ut.ee\/wp-content\/uploads\/sites\/463\/uhk-logo-1024x544.png 1024w, https:\/\/sisu.ut.ee\/wp-content\/uploads\/sites\/463\/uhk-logo-768x408.png 768w, https:\/\/sisu.ut.ee\/wp-content\/uploads\/sites\/463\/uhk-logo-1536x816.png 1536w\" sizes=\"auto, (max-width: 1600px) 100vw, 1600px\"><span style=\"background:white\"><span style=\"line-height:normal\"><strong><span style=\"background:white\"><span><span style=\"color:black\">University of Hradec Kr\u00e1lov\u00e9<\/span><\/span><\/span><\/strong><span style=\"background:white\"><span style=\"color:black\"> (UHK) is a public higher education institution of university type founded in 1959 under the name of University of Education. Nowadays, UHK offers high-quality education in multiple fields from social sciences and humanities, education, natural sciences and informatics in three degrees of education. UHK is also experienced in the social inclusion of different minorities as we organise many activities to include our international students from all the continents to the Czech society, e.g., our project Cosmopolitan was carried out in cooperation with a primary school in Hradec Kr\u00e1lov\u00e9.<\/span><\/span><\/span><\/span>\n<\/p>\n<p>\n\t\u00a0\n<\/p>\n<p>\n\tPeople involved with this project from UHK are:\n<\/p>\n<div class=\"row\">\n<div class=\"col-md-2\">\n\t\t<img decoding=\"async\" src=\"https:\/\/sisu.ut.ee\/wp-content\/uploads\/sites\/463\/filip.jpg\">\n<p>\n\t\t\t\u00a0\n\t\t<\/p>\n<\/div>\n<div class=\"col-md-10\">\n<h3 class=\"os-overview\">\n\t\t\tFilip Rigel<br>\n\t\t<\/h3>\n<div class=\"os-overview\">\n\t\t\tI am a graduate lawyer and political scientist who focuses primarily on constitutional, administrative, and criminal law. In addition to teaching at university, I also work in legal practice.\n\t\t<\/div>\n<div class=\"os-reposibility\">\n\t\t\tTools responsible for: IO4 \u2013 E-course \u201cSocial work with foreigners\u201d\n\t\t<\/div>\n<\/div>\n<\/div>\n<div class=\"row\">\n<div class=\"col-md-2\">\n\t\t<img decoding=\"async\" src=\"https:\/\/sisu.ut.ee\/wp-content\/uploads\/sites\/463\/vanda.jpg\">\n<p>\n\t\t\t\u00a0\n\t\t<\/p>\n<\/div>\n<div class=\"col-md-10\">\n<h3 class=\"os-overview\">\n\t\t\tVanda Van\u00ed\u010dkov\u00e1<br>\n\t\t<\/h3>\n<div class=\"os-overview\">\n\t\t\tI\u00b4m focused on Social Science education at schools, I create lessons and work with teachers, too.\n\t\t<\/div>\n<div class=\"os-reposibility\">\n\t\t\tTools responsible for: IO4 \u2013 E-course \u201cSTATE: Support Teachers And Tolerant Environment\u201d\n\t\t<\/div>\n<\/div>\n<\/div>\n<div class=\"row\">\n<div class=\"col-md-2\">\n\t\t<img decoding=\"async\" src=\"https:\/\/sisu.ut.ee\/wp-content\/uploads\/sites\/463\/michal.jpg\">\n<p>\n\t\t\t\u00a0\n\t\t<\/p>\n<\/div>\n<div class=\"col-md-10\">\n<h3 class=\"os-overview\">\n\t\t\tMichal Trousil<br>\n\t\t<\/h3>\n<div class=\"os-overview\">\n\t\t\tI deal with the problems of culture, subculture, drugs, migration and social work with foreigners.\n\t\t<\/div>\n<div class=\"os-reposibility\">\n\t\t\t\u00a0\n\t\t<\/div>\n<\/div>\n<\/div>\n<div class=\"row\">\n<div class=\"col-md-2\">\n\t\t<img decoding=\"async\" src=\"https:\/\/sisu.ut.ee\/wp-content\/uploads\/sites\/463\/vala.jpg\">\n<p>\n\t\t\t\u00a0\n\t\t<\/p>\n<\/div>\n<div class=\"col-md-10\">\n<h3 class=\"os-overview\">\n\t\t\tTade\u00e1\u0161 Vala<br>\n\t\t<\/h3>\n<div class=\"os-overview\">\n\t\t\tIn my research I deal with interreligious and international relationships with a special focus on Islam \u2013 historically on the relations between Christians and Muslims (and partly Jews) in Mediterranean area and in current topics on jihadist terrorist organizations and Europeans\u2019 views on Islam.\n\t\t<\/div>\n<div class=\"os-reposibility\">\n\t\t\t\u00a0\n\t\t<\/div>\n<\/div>\n<\/div>\n<div class=\"row\">\n<div class=\"col-md-2\">\n\t\t<img decoding=\"async\" src=\"https:\/\/sisu.ut.ee\/wp-content\/uploads\/sites\/463\/radek.jpg\">\n<p>\n\t\t\t\u00a0\n\t\t<\/p>\n<\/div>\n<div class=\"col-md-10\">\n<h3 class=\"os-overview\">\n\t\t\tRadek Vorl\u00ed\u010dek<br>\n\t\t<\/h3>\n<div class=\"os-overview\">\n\t\t\tI am social anthropologist and I deal with social inclusion and exclusion in educational settings in Czech Republic and Slovak Republic. My specialization is Anthropology of Education and Anthropology of Children and Childhoods.\n\t\t<\/div>\n<div class=\"os-reposibility\">\n\t\t\t\u00a0\n\t\t<\/div>\n<\/div>\n<\/div>\n<div class=\"row\">\n<div class=\"col-md-2\">\n\t\t<img decoding=\"async\" src=\"https:\/\/sisu.ut.ee\/wp-content\/uploads\/sites\/463\/nina.jpg\">\n<p>\n\t\t\t\u00a0\n\t\t<\/p>\n<\/div>\n<div class=\"col-md-10\">\n<h3 class=\"os-overview\">\n\t\t\tNina F\u00e1rov\u00e1<br>\n\t\t<\/h3>\n<div class=\"os-overview\">\n\t\t\tI am a postdoctoral researcher at the Centre for Gender and Science at the Institute of Sociology of the Czech Academy of Sciences. As a lecturer at the University of Hradec Kr\u00e1lov\u00e9 I teach gender theory and qualitative methodology\n\t\t<\/div>\n<div class=\"os-reposibility\">\n\t\t\t\u00a0\n\t\t<\/div>\n<\/div>\n<\/div>\n<div class=\"row\">\n<div class=\"col-md-2\">\n\t\t<img decoding=\"async\" src=\"https:\/\/sisu.ut.ee\/wp-content\/uploads\/sites\/463\/jan.jpg\">\n<p>\n\t\t\t\u00a0\n\t\t<\/p>\n<\/div>\n<div class=\"col-md-10\">\n<h3 class=\"os-overview\">\n\t\t\tJan Kv\u011btina<br>\n\t\t<\/h3>\n<div class=\"os-overview\">\n\t\t\tI am a historian of ideas and teacher as well and I am focused on the questions of forming the constructivist discourse in the Czech educational system concerning the interpretation of key social values such as liberty, democracy and pluralism.\n\t\t<\/div>\n<div class=\"os-reposibility\">\n\t\t\t\u00a0\n\t\t<\/div>\n<\/div>\n<\/div>\n","protected":false},"excerpt":{"rendered":"<p>This project is managed by the University of Tartu (Estonia) in close cooperation with closely searched partners from Poland (SGH Warsaw School of Economics), the Czech Republic (University of Hradec Kr\u00e1lov\u00e9), and Hungary (Central European University). Specialists working for this &#8230;<\/p>\n","protected":false},"author":240,"featured_media":0,"parent":0,"menu_order":0,"comment_status":"closed","ping_status":"closed","template":"","meta":{"_acf_changed":false,"inline_featured_image":false,"footnotes":""},"class_list":["post-7","page","type-page","status-publish","hentry"],"acf":[],"_links":{"self":[{"href":"https:\/\/sisu.ut.ee\/sensiclass\/wp-json\/wp\/v2\/pages\/7","targetHints":{"allow":["GET"]}}],"collection":[{"href":"https:\/\/sisu.ut.ee\/sensiclass\/wp-json\/wp\/v2\/pages"}],"about":[{"href":"https:\/\/sisu.ut.ee\/sensiclass\/wp-json\/wp\/v2\/types\/page"}],"author":[{"embeddable":true,"href":"https:\/\/sisu.ut.ee\/sensiclass\/wp-json\/wp\/v2\/users\/240"}],"replies":[{"embeddable":true,"href":"https:\/\/sisu.ut.ee\/sensiclass\/wp-json\/wp\/v2\/comments?post=7"}],"version-history":[{"count":4,"href":"https:\/\/sisu.ut.ee\/sensiclass\/wp-json\/wp\/v2\/pages\/7\/revisions"}],"predecessor-version":[{"id":1515,"href":"https:\/\/sisu.ut.ee\/sensiclass\/wp-json\/wp\/v2\/pages\/7\/revisions\/1515"}],"wp:attachment":[{"href":"https:\/\/sisu.ut.ee\/sensiclass\/wp-json\/wp\/v2\/media?parent=7"}],"curies":[{"name":"wp","href":"https:\/\/api.w.org\/{rel}","templated":true}]}}