{"id":300,"date":"2024-04-04T06:43:44","date_gmt":"2024-04-04T03:43:44","guid":{"rendered":"https:\/\/sisu.ut.ee\/sensiclass\/reflektivni-vyuka\/"},"modified":"2024-06-21T15:27:05","modified_gmt":"2024-06-21T12:27:05","slug":"reflektivni-vyuka","status":"publish","type":"page","link":"https:\/\/sisu.ut.ee\/sensiclass\/toolbox\/reflektivni-vyuka\/","title":{"rendered":"Reflektivn\u00ed v\u00fduka"},"content":{"rendered":"<nav style=\"font-style:normal;font-weight:400;\" class=\"has-background has-light-background-color has-regular-font-size is-responsive items-justified-left mb-1 mt-1 wp-block-navigation is-horizontal is-content-justification-left is-layout-flex wp-container-core-navigation-is-layout-c39e78a4 wp-block-navigation-is-layout-flex\" aria-label=\"Reflektivn\u00ed v\u00fduka\" data-wp-interactive=\"core\/navigation\" data-wp-context='{\"overlayOpenedBy\":{\"click\":false,\"hover\":false,\"focus\":false},\"type\":\"overlay\",\"roleAttribute\":\"\",\"ariaLabel\":\"Menu\"}'><button aria-haspopup=\"dialog\" aria-label=\"Open menu\" class=\"wp-block-navigation__responsive-container-open\" data-wp-on--click=\"actions.openMenuOnClick\" data-wp-on--keydown=\"actions.handleMenuKeydown\"><svg width=\"24\" height=\"24\" xmlns=\"http:\/\/www.w3.org\/2000\/svg\" viewbox=\"0 0 24 24\"><path d=\"M5 5v1.5h14V5H5z\"><\/path><path d=\"M5 12.8h14v-1.5H5v1.5z\"><\/path><path d=\"M5 19h14v-1.5H5V19z\"><\/path><\/svg><\/button>\n\t\t\t\t<div class=\"wp-block-navigation__responsive-container\" id=\"modal-1\" data-wp-class--has-modal-open=\"state.isMenuOpen\" data-wp-class--is-menu-open=\"state.isMenuOpen\" data-wp-watch=\"callbacks.initMenu\" data-wp-on--keydown=\"actions.handleMenuKeydown\" data-wp-on--focusout=\"actions.handleMenuFocusout\" tabindex=\"-1\">\n\t\t\t\t\t<div class=\"wp-block-navigation__responsive-close\" tabindex=\"-1\">\n\t\t\t\t\t\t<div class=\"wp-block-navigation__responsive-dialog\" data-wp-bind--aria-modal=\"state.ariaModal\" data-wp-bind--aria-label=\"state.ariaLabel\" data-wp-bind--role=\"state.roleAttribute\">\n\t\t\t\t\t\t\t<button aria-label=\"Close menu\" class=\"wp-block-navigation__responsive-container-close\" data-wp-on--click=\"actions.closeMenuOnClick\"><svg xmlns=\"http:\/\/www.w3.org\/2000\/svg\" viewbox=\"0 0 24 24\" width=\"24\" height=\"24\" aria-hidden=\"true\" focusable=\"false\"><path d=\"m13.06 12 6.47-6.47-1.06-1.06L12 10.94 5.53 4.47 4.47 5.53 10.94 12l-6.47 6.47 1.06 1.06L12 13.06l6.47 6.47 1.06-1.06L13.06 12Z\"><\/path><\/svg><\/button>\n\t\t\t\t\t\t\t<div class=\"wp-block-navigation__responsive-container-content\" data-wp-watch=\"callbacks.focusFirstElement\" id=\"modal-1-content\">\n\t\t\t\t\t\t\t\t<ul style=\"font-style:normal;font-weight:400;\" class=\"wp-block-navigation__container has-background has-light-background-color has-regular-font-size is-responsive items-justified-left mb-1 mt-1 wp-block-navigation has-regular-font-size\"><li class=\"has-regular-font-size wp-block-navigation-item wp-block-navigation-link\"><a class=\"wp-block-navigation-item__content\" href=\"https:\/\/sisu.ut.ee\/sensiclass\/toolbox\/reflektivni-vyuka\/\"><span class=\"wp-block-navigation-item__label\">Reflektivn\u00ed v\u00fduka<\/span><\/a><\/li><li class=\"has-regular-font-size wp-block-navigation-item wp-block-navigation-link\"><a class=\"wp-block-navigation-item__content\" href=\"https:\/\/sisu.ut.ee\/sensiclass\/toolbox\/reflektivni-vyuka\/reflexe-a-kriticka-reflexe\/\"><span class=\"wp-block-navigation-item__label\">Reflexe a kritick\u00e1 reflexe<\/span><\/a><\/li><li class=\"has-regular-font-size wp-block-navigation-item wp-block-navigation-link\"><a class=\"wp-block-navigation-item__content\" href=\"https:\/\/sisu.ut.ee\/sensiclass\/toolbox\/reflektivni-vyuka\/jak-na-reflektivni-vyuku\/\"><span class=\"wp-block-navigation-item__label\">Jak na reflektivn\u00ed v\u00fduku<\/span><\/a><\/li><li data-wp-context='{ \"submenuOpenedBy\": { \"click\": false, \"hover\": false, \"focus\": false }, \"type\": \"submenu\", \"modal\": null, \"previousFocus\": null }' data-wp-interactive=\"core\/navigation\" data-wp-on--focusout=\"actions.handleMenuFocusout\" data-wp-on--keydown=\"actions.handleMenuKeydown\" data-wp-watch=\"callbacks.initMenu\" tabindex=\"-1\" class=\"wp-block-navigation-item has-regular-font-size has-child open-on-click wp-block-navigation-submenu\"><button data-wp-bind--aria-expanded=\"state.isMenuOpen\" data-wp-on--click=\"actions.toggleMenuOnClick\" aria-label=\"V\u00fdukov\u00e9 zdroje submenu\" class=\"wp-block-navigation-item__content wp-block-navigation-submenu__toggle\"><span class=\"wp-block-navigation-item__label\">V\u00fdukov\u00e9 zdroje<\/span><\/button><span class=\"wp-block-navigation__submenu-icon\"><svg xmlns=\"http:\/\/www.w3.org\/2000\/svg\" width=\"12\" height=\"12\" viewbox=\"0 0 12 12\" fill=\"none\" aria-hidden=\"true\" focusable=\"false\"><path d=\"M1.50002 4L6.00002 8L10.5 4\" stroke-width=\"1.5\"><\/path><\/svg><\/span><ul data-wp-on--focus=\"actions.openMenuOnFocus\" class=\"wp-block-navigation__submenu-container wp-block-navigation-submenu\"><li class=\"has-regular-font-size wp-block-navigation-item wp-block-navigation-link\"><a class=\"wp-block-navigation-item__content\" href=\"https:\/\/sisu.ut.ee\/sensiclass\/toolbox\/reflektivni-vyuka\/strategie-pro-reflektivni-vyuku\/otazky-pro-evaluaci-ve-tride\/\"><span class=\"wp-block-navigation-item__label\">Materi\u00e1l pro extern\u00ed reflexi<\/span><\/a><\/li><li class=\"has-regular-font-size wp-block-navigation-item wp-block-navigation-link\"><a class=\"wp-block-navigation-item__content\" href=\"https:\/\/sisu.ut.ee\/sensiclass\/toolbox\/reflektivni-vyuka\/strategie-pro-reflektivni-vyuku\/material-pro-sebereflexi\/\"><span class=\"wp-block-navigation-item__label\">Materi\u00e1l pro sebereflexi<\/span><\/a><\/li><\/ul><\/li><li class=\"has-regular-font-size wp-block-navigation-item wp-block-navigation-link\"><a class=\"wp-block-navigation-item__content\" href=\"https:\/\/sisu.ut.ee\/sensiclass\/toolbox\/reflektivni-vyuka\/vyuka\/\"><span class=\"wp-block-navigation-item__label\">P\u0159\u00edpadov\u00e9 studie<\/span><\/a><\/li><li class=\"has-regular-font-size wp-block-navigation-item wp-block-navigation-link\"><a class=\"wp-block-navigation-item__content\" href=\"https:\/\/sisu.ut.ee\/sensiclass\/toolbox\/reflektivni-vyuka\/otestuj-sve-znalosti-reflektivni-vyuka\/\"><span class=\"wp-block-navigation-item__label\">Otestujte sv\u00e9 znalosti!<\/span><\/a><\/li><\/ul>\n\t\t\t\t\t\t\t<\/div>\n\t\t\t\t\t\t<\/div>\n\t\t\t\t\t<\/div>\n\t\t\t\t<\/div><\/nav>\n\n<p style=\"text-align:justify\">\n\t<span><b><span><span style=\"line-height:107%\"><span>T\u00e9mata modulu:<\/span><\/span><\/span><\/b><\/span>\n<\/p>\n<p style=\"margin-top:5.0pt;margin-right:0cm;margin-bottom:5.0pt;margin-left:0cm;text-align:justify\">\n\t<span><span style=\"line-height:normal\"><span><span>Reflektivn\u00ed vyuka vede ke zm\u011bn\u011b vyu\u010dovac\u00ed kultury a p\u0159\u00edstupu k vyu\u010dov\u00e1n\u00ed z front\u00e1ln\u011b \u010di na u\u010ditele zam\u011b\u0159en\u00e9ho p\u0159\u00edstupu ke spolupr\u00e1ci a prost\u0159ed\u00ed ve kter\u00e9m je hlavn\u00ed d\u016fraz na zapojen\u00ed student\u016f, jim\u017e jsou u\u010ditel\u00e9\u00a0 zprost\u0159edkovateli, soci\u00e1ln\u00edmi pil\u00ed\u0159i a odborn\u00edky na reflexi. Reflektivn\u00ed vyu\u010dov\u00e1n\u00ed nen\u00ed p\u0159\u00edmo\u010dar\u00fd intuitivn\u00ed proces. Vy\u017eaduje velkou m\u00edru sebeuv\u011bdom\u011bn\u00ed a schopnost p\u0159em\u00fd\u0161let o sv\u00fdch vlastn\u00edch v\u00fdukov\u00fdch n\u00e1vyc\u00edch. Je d\u016fle\u017eit\u00e9 si uv\u011bdomit, \u017ee n\u011bkter\u00e9 na\u0161e ment\u00e1ln\u00ed n\u00e1vyky, p\u0159edsudky a domn\u011bnky, kter\u00e9 jsme si za dobu na\u0161eho p\u016fsoben\u00ed jako u\u010ditel\u00e9 vytvo\u0159ili, n\u00e1m znemo\u017e\u0148uj\u00ed zaujmout nov\u00e9 \u00fahly pohledu a interpretovat na\u0161e zku\u0161enosti(Larrivee 2000, 296). Zapojen\u00ed u\u010ditel\u016f do reflektivn\u00edho zp\u016fsobu vyu\u010dov\u00e1n\u00ed je podn\u011bcuje, aby neust\u00e1le zpochyb\u0148ovali sv\u00e1 za\u017eit\u00e1 p\u0159esv\u011bd\u010den\u00ed o v\u00fduce, sv\u00fdch zvyc\u00edch a z\u00e1rove\u0148 si uv\u011bdomovali, \u017ee kroky u\u010ditele maj\u00ed z\u00e1sadn\u00ed vliv na\u00a0\u00a0 atmosf\u00e9ru cel\u00e9 t\u0159\u00eddy a u\u010den\u00ed.<\/span><\/span><\/span><\/span>\n<\/p>\n<p style=\"margin-top:5.0pt;margin-right:0cm;margin-bottom:5.0pt;margin-left:0cm;text-align:justify\">\n\t\u00a0\n<\/p>\n<p style=\"text-align:justify\">\n\t<span><b><span><span style=\"background:white\"><span style=\"line-height:107%\"><span><span style=\"color:black\">C\u00edle<\/span><\/span><\/span><\/span><\/span><\/b><b><span><span style=\"line-height:107%\"><span> tohoto modulu:<\/span><\/span><\/span><\/b><\/span>\n<\/p>\n<p style=\"text-align:justify\">\n\t<span><span><span style=\"line-height:107%\"><span>Tento modul vysv\u011btluje f\u00e1ze reflektivn\u00edho p\u0159\u00edstupu u\u010ditel\u016f a sou\u010dasn\u00fdm i budouc\u00edm u\u010ditel\u016fm poskytuje n\u00e1vod, jak pou\u017e\u00edvat reflektivn\u00ed vyu\u010dov\u00e1n\u00ed. Mezi zm\u00edn\u011bn\u00e9 zdroje pat\u0159\u00ed:<\/span><\/span><\/span><\/span>\n<\/p>\n<ul>\n<li style=\"text-align:justify\">\n\t\t<span><span><span style=\"line-height:107%\"><span>Strategie a materi\u00e1ly pro pou\u017eit\u00ed\u00a0 reflektivn\u00edho vyu\u010dov\u00e1n\u00ed;<\/span><\/span><\/span><\/span>\n\t<\/li>\n<li style=\"text-align:justify\">\n\t\t<span><span><span style=\"line-height:107%\"><span>p\u0159\u00edpadov\u00e9 studie, jako\u017eto uk\u00e1zky reflektivn\u00edho vyu\u010dov\u00e1n\u00ed zprost\u0159edkovan\u00e9ho zku\u0161enostmi u\u010ditel\u016f.<\/span><\/span><\/span><\/span>\n\t<\/li>\n<\/ul>\n<p style=\"margin-top:5.0pt;margin-right:0cm;margin-bottom:5.0pt;margin-left:0cm;text-align:justify\">\n\t\u00a0\n<\/p>\n<p style=\"margin-top:5.0pt;margin-right:0cm;margin-bottom:5.0pt;margin-left:0cm;text-align:justify\">\n\t<span><span style=\"line-height:normal\"><b><span><span style=\"background:white\"><span><span style=\"color:black\">Pou\u017eit\u00e1 literatura:<\/span><\/span><\/span><\/span><\/b><\/span><\/span>\n<\/p>\n<p style=\"margin-top:5.0pt;margin-right:0cm;margin-bottom:5.0pt;margin-left:0cm;text-align:justify\">\n\t<span><span style=\"line-height:normal\"><span><span style=\"background:white\"><span><span style=\"color:black\">Larrivee, B. (2000). \u201cTransforming Teaching Practice: Becoming the critically reflective teacher\u201d Reflective Practice, 1:3, 293-307. <\/span><\/span><\/span><\/span><\/span><\/span>\n<\/p>\n<p style=\"margin-top:5.0pt;margin-right:0cm;margin-bottom:5.0pt;margin-left:0cm;text-align:justify\">\n\t\u00a0\n<\/p>\n<p style=\"margin-top:5.0pt;margin-right:0cm;margin-bottom:5.0pt;margin-left:0cm;text-align:justify\">\n\t<span><span style=\"line-height:normal\"><b><span><span style=\"background:white\"><span><span style=\"color:black\">Bibliografie a dal\u0161\u00ed zdroje: <\/span><\/span><\/span><\/span><\/b><\/span><\/span>\n<\/p>","protected":false},"excerpt":{"rendered":"<p>T\u00e9mata modulu: Reflektivn\u00ed vyuka vede ke zm\u011bn\u011b vyu\u010dovac\u00ed kultury a p\u0159\u00edstupu k vyu\u010dov\u00e1n\u00ed z front\u00e1ln\u011b \u010di na u\u010ditele zam\u011b\u0159en\u00e9ho p\u0159\u00edstupu ke spolupr\u00e1ci a prost\u0159ed\u00ed ve kter\u00e9m je hlavn\u00ed d\u016fraz na zapojen\u00ed student\u016f, jim\u017e jsou u\u010ditel\u00e9\u00a0 zprost\u0159edkovateli, soci\u00e1ln\u00edmi pil\u00ed\u0159i a odborn\u00edky &#8230;<\/p>\n","protected":false},"author":240,"featured_media":0,"parent":259,"menu_order":0,"comment_status":"closed","ping_status":"closed","template":"","meta":{"_acf_changed":false,"inline_featured_image":false,"footnotes":""},"class_list":["post-300","page","type-page","status-publish","hentry"],"acf":[],"_links":{"self":[{"href":"https:\/\/sisu.ut.ee\/sensiclass\/wp-json\/wp\/v2\/pages\/300","targetHints":{"allow":["GET"]}}],"collection":[{"href":"https:\/\/sisu.ut.ee\/sensiclass\/wp-json\/wp\/v2\/pages"}],"about":[{"href":"https:\/\/sisu.ut.ee\/sensiclass\/wp-json\/wp\/v2\/types\/page"}],"author":[{"embeddable":true,"href":"https:\/\/sisu.ut.ee\/sensiclass\/wp-json\/wp\/v2\/users\/240"}],"replies":[{"embeddable":true,"href":"https:\/\/sisu.ut.ee\/sensiclass\/wp-json\/wp\/v2\/comments?post=300"}],"version-history":[{"count":4,"href":"https:\/\/sisu.ut.ee\/sensiclass\/wp-json\/wp\/v2\/pages\/300\/revisions"}],"predecessor-version":[{"id":2568,"href":"https:\/\/sisu.ut.ee\/sensiclass\/wp-json\/wp\/v2\/pages\/300\/revisions\/2568"}],"up":[{"embeddable":true,"href":"https:\/\/sisu.ut.ee\/sensiclass\/wp-json\/wp\/v2\/pages\/259"}],"wp:attachment":[{"href":"https:\/\/sisu.ut.ee\/sensiclass\/wp-json\/wp\/v2\/media?parent=300"}],"curies":[{"name":"wp","href":"https:\/\/api.w.org\/{rel}","templated":true}]}}