{"id":240,"date":"2024-04-04T06:43:38","date_gmt":"2024-04-04T03:43:38","guid":{"rendered":"https:\/\/sisu.ut.ee\/sensiclass\/planning-course-controversial-topics-et\/"},"modified":"2024-06-21T15:54:29","modified_gmt":"2024-06-21T12:54:29","slug":"planning-course-controversial-topics-et","status":"publish","type":"page","link":"https:\/\/sisu.ut.ee\/sensiclass\/toolbox\/conflicts-classroom-et\/teaching-resources-et-2\/planning-course-controversial-topics-et\/","title":{"rendered":"Vastuolulisi teemasid k\u00e4sitleva kursuse ettevalmistamine"},"content":{"rendered":"<nav style=\"font-style:normal;font-weight:400;\" class=\"has-background has-light-background-color has-regular-font-size is-responsive items-justified-left mb-1 mt-1 wp-block-navigation is-horizontal is-content-justification-left is-layout-flex wp-container-core-navigation-is-layout-c39e78a4 wp-block-navigation-is-layout-flex\" aria-label=\"Konfliktid klassiruumis\" data-wp-interactive=\"core\/navigation\" data-wp-context='{\"overlayOpenedBy\":{\"click\":false,\"hover\":false,\"focus\":false},\"type\":\"overlay\",\"roleAttribute\":\"\",\"ariaLabel\":\"Menu\"}'><button aria-haspopup=\"dialog\" aria-label=\"Open menu\" class=\"wp-block-navigation__responsive-container-open\" data-wp-on--click=\"actions.openMenuOnClick\" data-wp-on--keydown=\"actions.handleMenuKeydown\"><svg width=\"24\" height=\"24\" xmlns=\"http:\/\/www.w3.org\/2000\/svg\" viewbox=\"0 0 24 24\"><path d=\"M5 5v1.5h14V5H5z\"><\/path><path d=\"M5 12.8h14v-1.5H5v1.5z\"><\/path><path d=\"M5 19h14v-1.5H5V19z\"><\/path><\/svg><\/button>\n\t\t\t\t<div class=\"wp-block-navigation__responsive-container\" id=\"modal-1\" data-wp-class--has-modal-open=\"state.isMenuOpen\" data-wp-class--is-menu-open=\"state.isMenuOpen\" data-wp-watch=\"callbacks.initMenu\" data-wp-on--keydown=\"actions.handleMenuKeydown\" data-wp-on--focusout=\"actions.handleMenuFocusout\" tabindex=\"-1\">\n\t\t\t\t\t<div class=\"wp-block-navigation__responsive-close\" tabindex=\"-1\">\n\t\t\t\t\t\t<div class=\"wp-block-navigation__responsive-dialog\" data-wp-bind--aria-modal=\"state.ariaModal\" data-wp-bind--aria-label=\"state.ariaLabel\" data-wp-bind--role=\"state.roleAttribute\">\n\t\t\t\t\t\t\t<button aria-label=\"Close menu\" class=\"wp-block-navigation__responsive-container-close\" data-wp-on--click=\"actions.closeMenuOnClick\"><svg xmlns=\"http:\/\/www.w3.org\/2000\/svg\" viewbox=\"0 0 24 24\" width=\"24\" height=\"24\" aria-hidden=\"true\" focusable=\"false\"><path d=\"m13.06 12 6.47-6.47-1.06-1.06L12 10.94 5.53 4.47 4.47 5.53 10.94 12l-6.47 6.47 1.06 1.06L12 13.06l6.47 6.47 1.06-1.06L13.06 12Z\"><\/path><\/svg><\/button>\n\t\t\t\t\t\t\t<div class=\"wp-block-navigation__responsive-container-content\" data-wp-watch=\"callbacks.focusFirstElement\" id=\"modal-1-content\">\n\t\t\t\t\t\t\t\t<ul style=\"font-style:normal;font-weight:400;\" class=\"wp-block-navigation__container has-background has-light-background-color has-regular-font-size is-responsive items-justified-left mb-1 mt-1 wp-block-navigation has-regular-font-size\"><li class=\"has-regular-font-size wp-block-navigation-item wp-block-navigation-link\"><a class=\"wp-block-navigation-item__content\" href=\"https:\/\/sisu.ut.ee\/sensiclass\/toolbox\/conflicts-classroom-et\/\"><span class=\"wp-block-navigation-item__label\">Konfliktid klassiruumis<\/span><\/a><\/li><li class=\"has-regular-font-size wp-block-navigation-item wp-block-navigation-link\"><a class=\"wp-block-navigation-item__content\" href=\"https:\/\/sisu.ut.ee\/sensiclass\/toolbox\/conflicts-classroom-et\/managing-emotions-classroom-et\/\"><span class=\"wp-block-navigation-item__label\">Emotsioonide haldamine \u00f5ppetunnis<\/span><\/a><\/li><li data-wp-context='{ \"submenuOpenedBy\": { \"click\": false, \"hover\": false, \"focus\": false }, \"type\": \"submenu\", \"modal\": null, \"previousFocus\": null }' data-wp-interactive=\"core\/navigation\" data-wp-on--focusout=\"actions.handleMenuFocusout\" data-wp-on--keydown=\"actions.handleMenuKeydown\" data-wp-watch=\"callbacks.initMenu\" tabindex=\"-1\" class=\"wp-block-navigation-item has-regular-font-size has-child open-on-click wp-block-navigation-submenu\"><button data-wp-bind--aria-expanded=\"state.isMenuOpen\" data-wp-on--click=\"actions.toggleMenuOnClick\" aria-label=\"\u00d5ppevahendid submenu\" class=\"wp-block-navigation-item__content wp-block-navigation-submenu__toggle\"><span class=\"wp-block-navigation-item__label\">\u00d5ppevahendid<\/span><\/button><span class=\"wp-block-navigation__submenu-icon\"><svg xmlns=\"http:\/\/www.w3.org\/2000\/svg\" width=\"12\" height=\"12\" viewbox=\"0 0 12 12\" fill=\"none\" aria-hidden=\"true\" focusable=\"false\"><path d=\"M1.50002 4L6.00002 8L10.5 4\" stroke-width=\"1.5\"><\/path><\/svg><\/span><ul data-wp-on--focus=\"actions.openMenuOnFocus\" class=\"wp-block-navigation__submenu-container wp-block-navigation-submenu\"><li class=\"has-regular-font-size wp-block-navigation-item wp-block-navigation-link\"><a class=\"wp-block-navigation-item__content\" href=\"https:\/\/sisu.ut.ee\/sensiclass\/toolbox\/conflicts-classroom-et\/teaching-resources-et-2\/planning-course-controversial-topics-et\/\"><span class=\"wp-block-navigation-item__label\">Vastuolulisi teemasid k\u00e4sitleva kursuse ettevalmistamine<\/span><\/a><\/li><li class=\"has-regular-font-size wp-block-navigation-item wp-block-navigation-link\"><a class=\"wp-block-navigation-item__content\" href=\"https:\/\/sisu.ut.ee\/sensiclass\/toolbox\/conflicts-classroom-et\/teaching-resources-et-2\/controversial-academic-class-discussions-et\/\"><span class=\"wp-block-navigation-item__label\">Vastuolulistest k\u00fcsimustest akadeemiliste aruteludeni klassiruumis<\/span><\/a><\/li><\/ul><\/li><li data-wp-context='{ \"submenuOpenedBy\": { \"click\": false, \"hover\": false, \"focus\": false }, \"type\": \"submenu\", \"modal\": null, \"previousFocus\": null }' data-wp-interactive=\"core\/navigation\" data-wp-on--focusout=\"actions.handleMenuFocusout\" data-wp-on--keydown=\"actions.handleMenuKeydown\" data-wp-watch=\"callbacks.initMenu\" tabindex=\"-1\" class=\"wp-block-navigation-item has-regular-font-size has-child open-on-click wp-block-navigation-submenu\"><button data-wp-bind--aria-expanded=\"state.isMenuOpen\" data-wp-on--click=\"actions.toggleMenuOnClick\" aria-label=\"Juhtumianal\u00fc\u00fcsid submenu\" class=\"wp-block-navigation-item__content wp-block-navigation-submenu__toggle\"><span class=\"wp-block-navigation-item__label\">Juhtumianal\u00fc\u00fcsid<\/span><\/button><span class=\"wp-block-navigation__submenu-icon\"><svg xmlns=\"http:\/\/www.w3.org\/2000\/svg\" width=\"12\" height=\"12\" viewbox=\"0 0 12 12\" fill=\"none\" aria-hidden=\"true\" focusable=\"false\"><path d=\"M1.50002 4L6.00002 8L10.5 4\" stroke-width=\"1.5\"><\/path><\/svg><\/span><ul data-wp-on--focus=\"actions.openMenuOnFocus\" class=\"wp-block-navigation__submenu-container wp-block-navigation-submenu\"><li class=\"has-regular-font-size wp-block-navigation-item wp-block-navigation-link\"><a class=\"wp-block-navigation-item__content\" href=\"https:\/\/sisu.ut.ee\/sensiclass\/toolbox\/conflicts-classroom-et\/case-study-et\/managing-prejudice-classroom-et\/\"><span class=\"wp-block-navigation-item__label\">Eelarvamuste haldamine klassiruumis<\/span><\/a><\/li><\/ul><\/li><li class=\"has-regular-font-size wp-block-navigation-item wp-block-navigation-link\"><a class=\"wp-block-navigation-item__content\" href=\"https:\/\/sisu.ut.ee\/sensiclass\/toolbox\/conflicts-classroom-et\/bibliography-and-further-resources-et-2\/\"><span class=\"wp-block-navigation-item__label\">Kasutatud kirjandus ja lisamaterjalid<\/span><\/a><\/li><li class=\"has-regular-font-size wp-block-navigation-item wp-block-navigation-link\"><a class=\"wp-block-navigation-item__content\" href=\"https:\/\/sisu.ut.ee\/sensiclass\/toolbox\/conflicts-classroom-et\/test-your-knowledge-et-2\/\"><span class=\"wp-block-navigation-item__label\">Testi oma teadmisi!<\/span><\/a><\/li><\/ul>\n\t\t\t\t\t\t\t<\/div>\n\t\t\t\t\t\t<\/div>\n\t\t\t\t\t<\/div>\n\t\t\t\t<\/div><\/nav>\n\n<p>\n\tPaljudes ainevaldkondades on tundlike teemade arutamine v\u00e4ltimatu. Tundlike ja vastuoluliste teemade klassiruumis k\u00e4sitlemise \u00fclim eesm\u00e4rk on toetada tulemuslikku ja kriitilist m\u00f5tlemist. Kuna inimesed v\u00f5ivad tundlikke ja vastuolulisi teemasid v\u00f5tta v\u00e4gagi emotsionaalselt, v\u00f5ivad klassiruumis tekkida konfliktid, n\u00f5uab tundlike teemade edukas k\u00e4sitlemine klassiruumis ettevalmistust.\n<\/p>\n<p>\n\tDavid Pace\u2019i artikli \u201e\u00dclimalt laetud ainevaldkondade \u00f5petamine\u201c alusel saab esitada k\u00fcmme strateegiat, mida saab kasutada v\u00e4ga erinevates \u00f5petamisolukordades.\n<\/p>\n<p>\n\t\u00a0\n<\/p>\n<p>\n\t<\/p><div class=\"accordion mb-3\">\n        <div class=\"accordion-item accordion-item--white\">\n        <h2 class=\"accordion-header\" id=\"accordion-69e5ac1410c0d-heading\">\n            <button class=\"accordion-button collapsed\" type=\"button\" data-bs-toggle=\"collapse\" data-bs-target=\"#accordion-69e5ac1410c0d-collapse\" aria-expanded=\"true\" aria-controls=\"accordion-69e5ac1410c0d-collapse\"><b><span lang=\"ET\" style=\"color:#222222\">Strateegia 1. Esitage arutelu n\u00f5uded, tingimused ja kord oluliselt varem, kui vastuoluline k\u00fcsimus \u00f5ppegrupis arutellu t\u00f5statub.<\/span><\/b><\/button>\n        <\/h2>\n        <div id=\"accordion-69e5ac1410c0d-collapse\" class=\"accordion-collapse collapse\" aria-labelledby=\"accordion-69e5ac1410c0d-heading\">\n            <div class=\"accordion-body\">\n\n<p>\n\t<span lang=\"ET\" style=\"color:#222222\">\u2013 Teadvustage, et juba enne seda, kui \u00f5pilased klassiruumi tulevad, on neil eri teemade kohta omad emotsioonid ja arvamused.<\/span>\n<\/p>\n<p>\n\t<span lang=\"ET\" style=\"color:#222222\">\u2013 Kujundage olemasolev \u00f5ppematerjal \u00fcmber nii, et kohe semestri alguses oleks struktureeritud \u00f5pikogemusi, mis valmistavad \u00f5pilasi ette m\u00f5tlema teemadest nii, et arutelu nende \u00fcle kulgeks produktiivsemalt.<\/span><\/p><\/div>\n        <\/div>\n        <\/div>\n    <\/div>\n\n<p>\n\t<\/p><div class=\"accordion mb-3\">\n        <div class=\"accordion-item accordion-item--white\">\n        <h2 class=\"accordion-header\" id=\"accordion-69e5ac1410c14-heading\">\n            <button class=\"accordion-button collapsed\" type=\"button\" data-bs-toggle=\"collapse\" data-bs-target=\"#accordion-69e5ac1410c14-collapse\" aria-expanded=\"true\" aria-controls=\"accordion-69e5ac1410c14-collapse\"><b><span lang=\"ET\" style=\"color:#222222\">Strateegia 2. M\u00e4\u00e4rake kindlaks sammud, mis on vajalikud probleeme p\u00f5hjustava vastuolulise k\u00fcsimuse t\u00f5husaks k\u00e4sitlemiseks.<\/span><\/b>.<\/button>\n        <\/h2>\n        <div id=\"accordion-69e5ac1410c14-collapse\" class=\"accordion-collapse collapse\" aria-labelledby=\"accordion-69e5ac1410c14-heading\">\n            <div class=\"accordion-body\">\n\n<p>\n\t\u00a0\n<\/p>\n<p>\n\t<span lang=\"ET\" style=\"color:#222222\">\u2013 Valmistage \u00f5pilasi ette sedalaadi m\u00f5tlemisviisiks, mis on vajalik vastuolulise k\u00fcsimuse t\u00f5husaks k\u00e4sitlemiseks.<\/span>\n<\/p>\n<p>\n\t<span lang=\"ET\" style=\"color:#222222\">\u2013 Kui v\u00e4hegi asjakohane, v\u00f5iksid \u00f5pilased osata k\u00e4sitleda vastuolulist k\u00fcsimust mitmest osapoolest ja vaatenurgast l\u00e4htuvalt; n\u00e4ha neid vaatenurki nende konkreetsetes ajaloolistes kontekstides; kaaluda t\u00f5endeid ja teha kindlaks, milline mitmest vaatenurgast on usutavam; harjuda \u00e4ra ja tunda end h\u00e4sti selle osaga ebaselgusest ja teadmatusest, mis vastuoluliste ajalooliste s\u00fcndmuste t\u00f5lgendamisega \u00fcldiselt kaasas k\u00e4ib<\/span>.<\/p><\/div>\n        <\/div>\n        <\/div>\n    <\/div>\n\n<p>\n\t<\/p><div class=\"accordion mb-3\">\n        <div class=\"accordion-item accordion-item--white\">\n        <h2 class=\"accordion-header\" id=\"accordion-69e5ac1410c17-heading\">\n            <button class=\"accordion-button collapsed\" type=\"button\" data-bs-toggle=\"collapse\" data-bs-target=\"#accordion-69e5ac1410c17-collapse\" aria-expanded=\"true\" aria-controls=\"accordion-69e5ac1410c17-collapse\"><b>Strateegia 3. Kujundage s\u00fcstemaatiliselt tegevusi ja rolle, mida \u00f5pilased vastuolulise k\u00fcsimuse edukaks k\u00e4sitlemiseks vajavad.<\/b><\/button>\n        <\/h2>\n        <div id=\"accordion-69e5ac1410c17-collapse\" class=\"accordion-collapse collapse\" aria-labelledby=\"accordion-69e5ac1410c17-heading\">\n            <div class=\"accordion-body\">\n\n<p>\n\t\u00a0\n<\/p>\n<p>\n\t<span lang=\"ET\" style=\"color:#222222\">\u2013 Vastuolulise k\u00fcsimuse edukaks k\u00e4sitlemiseks vajalikud tegevused peavad olema \u00f5pilastele korduvalt ja selges\u00f5naliselt lahti selgitatud.<\/span>\n<\/p>\n<p>\n\t<span lang=\"ET\" style=\"color:#222222\">\u2013 See h\u00f5lmab mitte ainult erinevate kognitiivsete tegevuste eristamist, mida kasutatakse emotsionaalselt laetud teemade k\u00e4sitlemisel, vaid ka selliseid sotsiaalseid rolle, mis on k\u00f5ige t\u00f5husamad selliste k\u00fcsimuste kollektiivsel m\u00f5testamisel<\/span>.<\/p><\/div>\n        <\/div>\n        <\/div>\n    <\/div>\n\n<p>\n\t<\/p><div class=\"accordion mb-3\">\n        <div class=\"accordion-item accordion-item--white\">\n        <h2 class=\"accordion-header\" id=\"accordion-69e5ac1410c1a-heading\">\n            <button class=\"accordion-button collapsed\" type=\"button\" data-bs-toggle=\"collapse\" data-bs-target=\"#accordion-69e5ac1410c1a-collapse\" aria-expanded=\"true\" aria-controls=\"accordion-69e5ac1410c1a-collapse\"><b>Strateegia 4. Varustage \u00f5pilasi kogemustega, milles nad n\u00e4evad vastuolulist k\u00fcsimust mitme erineva osapoole vaatenurgast.<\/b><\/button>\n        <\/h2>\n        <div id=\"accordion-69e5ac1410c1a-collapse\" class=\"accordion-collapse collapse\" aria-labelledby=\"accordion-69e5ac1410c1a-heading\">\n            <div class=\"accordion-body\">\n\n<p>\n\t\u00a0\n<\/p>\n<p>\n\t\u2013 T\u00f5hus arutelu vastuoluliste k\u00fcsimuste \u00fcle n\u00f5uab arutlejalt oskust vaatenurki vahetada ning n\u00e4ha k\u00fcsimust erinevate osapoolte vaatest.\n<\/p>\n<p>\n\t\u2013 Hoiakute muutuste uuringud on tuvastanud, et rollim\u00e4ng v\u00f5ib olla t\u00f5hus vahend, millega n\u00f5rgendada tugevalt juurdunud uskumuste v\u00f5i harjumuste j\u00e4rgimist.<\/p><\/div>\n        <\/div>\n        <\/div>\n    <\/div>\n\n<p>\n\t<\/p><div class=\"accordion mb-3\">\n        <div class=\"accordion-item accordion-item--white\">\n        <h2 class=\"accordion-header\" id=\"accordion-69e5ac1410c1c-heading\">\n            <button class=\"accordion-button collapsed\" type=\"button\" data-bs-toggle=\"collapse\" data-bs-target=\"#accordion-69e5ac1410c1c-collapse\" aria-expanded=\"true\" aria-controls=\"accordion-69e5ac1410c1c-collapse\"><b>Strateegia 5. Andke \u00f5pilastele \u00fclesandeks kontekstualiseerida vastuolulisi k\u00fcsimusi.<\/b><\/button>\n        <\/h2>\n        <div id=\"accordion-69e5ac1410c1c-collapse\" class=\"accordion-collapse collapse\" aria-labelledby=\"accordion-69e5ac1410c1c-heading\">\n            <div class=\"accordion-body\"><b> <\/b>\n\n<p>\n\t\u2013 \u00d5pilased peaksid oskama seostada vastuolulisi k\u00fcsimusi laiemate (\u00fchiskondlike, majanduslike, poliitiliste jt) oludega.\n<\/p>\n<p>\n\t\u2013 Seejuures v\u00f5ib olla t\u00f5husaks vahendiks kas rollim\u00e4ng v\u00f5i suuline ajalugu.<\/p><\/div>\n        <\/div>\n        <\/div>\n    <\/div>\n\n<p>\n\t<\/p><div class=\"accordion mb-3\">\n        <div class=\"accordion-item accordion-item--white\">\n        <h2 class=\"accordion-header\" id=\"accordion-69e5ac1410c1e-heading\">\n            <button class=\"accordion-button collapsed\" type=\"button\" data-bs-toggle=\"collapse\" data-bs-target=\"#accordion-69e5ac1410c1e-collapse\" aria-expanded=\"true\" aria-controls=\"accordion-69e5ac1410c1e-collapse\"><b>Strateegia 6. Andke \u00f5pilastele \u00fclesandeks koguda ja kasutada t\u00f5endeid argumendi toetamisel<\/b>.<\/button>\n        <\/h2>\n        <div id=\"accordion-69e5ac1410c1e-collapse\" class=\"accordion-collapse collapse\" aria-labelledby=\"accordion-69e5ac1410c1e-heading\">\n            <div class=\"accordion-body\">\n\n<p>\n\t\u00a0\n<\/p>\n<p>\n\t\u2013 Individuaalsed ja koost\u00f6\u00f6p\u00f5hised harjutused, milles harjutatakse argumendi kaitsmise konkreetseid n\u00fcansse.\n<\/p>\n<p>\n\t\u2013 \u00d5pilased peaksid valdama oskust koguda taustateavet erinevate arutatavate k\u00fcsimuste kohta.<\/p><\/div>\n        <\/div>\n        <\/div>\n    <\/div>\n\n<p>\n\t<\/p><div class=\"accordion mb-3\">\n        <div class=\"accordion-item accordion-item--white\">\n        <h2 class=\"accordion-header\" id=\"accordion-69e5ac1410c21-heading\">\n            <button class=\"accordion-button collapsed\" type=\"button\" data-bs-toggle=\"collapse\" data-bs-target=\"#accordion-69e5ac1410c21-collapse\" aria-expanded=\"true\" aria-controls=\"accordion-69e5ac1410c21-collapse\"><b>Strateegia 7. K\u00e4sitlege vastuolulisi k\u00fcsimusi v\u00e4ikeste sammude haaval.<\/b><\/button>\n        <\/h2>\n        <div id=\"accordion-69e5ac1410c21-collapse\" class=\"accordion-collapse collapse\" aria-labelledby=\"accordion-69e5ac1410c21-heading\">\n            <div class=\"accordion-body\">\n\n<p>\n\t\u00a0\n<\/p>\n<p>\n\t\u2013 Arvestage, et kohates tugevaid tundeid vallandavaid k\u00fcsimusi, v\u00f5ivad \u00f5pilased kergesti naasta lihtsustatud argumentide juurde.\n<\/p>\n<p>\n\t\u2013 Esitage vastuoluline k\u00fcsimus \u00f5pilastele v\u00e4ikeste osadena nii, et iga osa looks arutatava k\u00fcsimuse suhtes natuke emotsionaalset distantsi: 1) Lase \u00f5pilastel m\u00e4\u00e4ratleda m\u00f5isted, milles k\u00fcsimust varasemas ajaloos on k\u00e4sitletud; 2) Lase \u00f5pilastel hinnata nende kriteeriumite asjakohasust, mida antud k\u00fcsimuse arutamiseks on kasutatud; 3) Lase \u00f5pilastel esitada seisukohti, mis suurendavad v\u00f5imalikke arusaamu antud k\u00fcsimusest; 4) Paluge \u00f5pilastel m\u00f5tiskleda sellele \u00fcle, kuidas nad ise antud k\u00fcsimusele reageeriksid <\/p><\/div>\n        <\/div>\n        <\/div>\n    <\/div>\n\n<p>\n\t<\/p><div class=\"accordion mb-3\">\n        <div class=\"accordion-item accordion-item--white\">\n        <h2 class=\"accordion-header\" id=\"accordion-69e5ac1410c23-heading\">\n            <button class=\"accordion-button collapsed\" type=\"button\" data-bs-toggle=\"collapse\" data-bs-target=\"#accordion-69e5ac1410c23-collapse\" aria-expanded=\"true\" aria-controls=\"accordion-69e5ac1410c23-collapse\"><b>Strateegia 8. Katkestage arutelu, tehke selgeks, millised on eriarvamused antud k\u00fcsimuses.<\/b><\/button>\n        <\/h2>\n        <div id=\"accordion-69e5ac1410c23-collapse\" class=\"accordion-collapse collapse\" aria-labelledby=\"accordion-69e5ac1410c23-heading\">\n            <div class=\"accordion-body\">\n\n<p>\n\t\u00a0\n<\/p>\n<p>\n\t\u2013 Paluge \u00f5pilastel katkestada omavaheline suhtlus ning k\u00e4sitleda m\u00f5nda arutelu k\u00e4igus esitatud, ent uurimata j\u00e4\u00e4nud tahku (nt millised on moraalsed piirangud v\u00e4givalla kasutamisele s\u00f5jaajal).\n<\/p>\n<p>\n\t\u2013 Julgustage \u00f5pilasi t\u00f6\u00f6tama v\u00e4lja selliseid vastuoluliste k\u00fcsimuste arutamise reegleid, millega nad vastastikku n\u00f5us on.<\/p><\/div>\n        <\/div>\n        <\/div>\n    <\/div>\n\n<p>\n\t<\/p><div class=\"accordion mb-3\">\n        <div class=\"accordion-item accordion-item--white\">\n        <h2 class=\"accordion-header\" id=\"accordion-69e5ac1410c25-heading\">\n            <button class=\"accordion-button collapsed\" type=\"button\" data-bs-toggle=\"collapse\" data-bs-target=\"#accordion-69e5ac1410c25-collapse\" aria-expanded=\"true\" aria-controls=\"accordion-69e5ac1410c25-collapse\"><b>Strateegia 9. Hoolimata arutelu korrast, veenduge, et arutelu kuuluks \u00f5pilastele ning olge valmis reageerima ja \u00e4ra kasutama \u00f5pilaste panust igas arutelu etapis.<\/b><\/button>\n        <\/h2>\n        <div id=\"accordion-69e5ac1410c25-collapse\" class=\"accordion-collapse collapse\" aria-labelledby=\"accordion-69e5ac1410c25-heading\">\n            <div class=\"accordion-body\">\n\n<p>\n\t\u2013 Julgustage \u00f5pilasi tegema arutelu nende endi omaks.<\/p><\/div>\n        <\/div>\n        <\/div>\n    <\/div>\n\n<p>\n\t<\/p><div class=\"accordion mb-3\">\n        <div class=\"accordion-item accordion-item--white\">\n        <h2 class=\"accordion-header\" id=\"accordion-69e5ac1410c28-heading\">\n            <button class=\"accordion-button collapsed\" type=\"button\" data-bs-toggle=\"collapse\" data-bs-target=\"#accordion-69e5ac1410c28-collapse\" aria-expanded=\"true\" aria-controls=\"accordion-69e5ac1410c28-collapse\"><b>Strateegia 10. Viige m\u00f5istus taas kokku emotsioonidega.<\/b><\/button>\n        <\/h2>\n        <div id=\"accordion-69e5ac1410c28-collapse\" class=\"accordion-collapse collapse\" aria-labelledby=\"accordion-69e5ac1410c28-heading\">\n            <div class=\"accordion-body\">\n\n<p>\n\t\u2013 Selgitage, et emotsioonid on oluline osa sellest, kuidas inimesed maailmas toimivad ning et emotsioone ei tohiks seet\u00f5ttu klassiruumist t\u00e4ielikult elimineerida..<\/p><\/div>\n        <\/div>\n        <\/div>\n    <\/div>\n\n<p>\n\t\u00a0\n<\/p>\n<p>\n\tAllikas: David Pace. \u201cTeaching Supercharged Subjects.\u201d College Teaching 51, nr. 2, Spring, 2003: 42-45.\n<\/p>\n<p>\n\t\u00a0\n<\/p>","protected":false},"excerpt":{"rendered":"<p>Paljudes ainevaldkondades on tundlike teemade arutamine v\u00e4ltimatu. Tundlike ja vastuoluliste teemade klassiruumis k\u00e4sitlemise \u00fclim eesm\u00e4rk on toetada tulemuslikku ja kriitilist m\u00f5tlemist. Kuna inimesed v\u00f5ivad tundlikke ja vastuolulisi teemasid v\u00f5tta v\u00e4gagi emotsionaalselt, v\u00f5ivad klassiruumis tekkida konfliktid, n\u00f5uab tundlike teemade edukas k\u00e4sitlemine &#8230;<\/p>\n","protected":false},"author":240,"featured_media":0,"parent":238,"menu_order":0,"comment_status":"closed","ping_status":"closed","template":"","meta":{"_acf_changed":false,"inline_featured_image":false,"footnotes":""},"class_list":["post-240","page","type-page","status-publish","hentry"],"acf":[],"_links":{"self":[{"href":"https:\/\/sisu.ut.ee\/sensiclass\/wp-json\/wp\/v2\/pages\/240","targetHints":{"allow":["GET"]}}],"collection":[{"href":"https:\/\/sisu.ut.ee\/sensiclass\/wp-json\/wp\/v2\/pages"}],"about":[{"href":"https:\/\/sisu.ut.ee\/sensiclass\/wp-json\/wp\/v2\/types\/page"}],"author":[{"embeddable":true,"href":"https:\/\/sisu.ut.ee\/sensiclass\/wp-json\/wp\/v2\/users\/240"}],"replies":[{"embeddable":true,"href":"https:\/\/sisu.ut.ee\/sensiclass\/wp-json\/wp\/v2\/comments?post=240"}],"version-history":[{"count":4,"href":"https:\/\/sisu.ut.ee\/sensiclass\/wp-json\/wp\/v2\/pages\/240\/revisions"}],"predecessor-version":[{"id":2596,"href":"https:\/\/sisu.ut.ee\/sensiclass\/wp-json\/wp\/v2\/pages\/240\/revisions\/2596"}],"up":[{"embeddable":true,"href":"https:\/\/sisu.ut.ee\/sensiclass\/wp-json\/wp\/v2\/pages\/238"}],"wp:attachment":[{"href":"https:\/\/sisu.ut.ee\/sensiclass\/wp-json\/wp\/v2\/media?parent=240"}],"curies":[{"name":"wp","href":"https:\/\/api.w.org\/{rel}","templated":true}]}}