{"id":10,"date":"2024-04-04T09:12:34","date_gmt":"2024-04-04T06:12:34","guid":{"rendered":"https:\/\/sisu.ut.ee\/semteek\/afektiivsushinnangud\/"},"modified":"2024-04-04T09:12:59","modified_gmt":"2024-04-04T06:12:59","slug":"afektiivsushinnangud","status":"publish","type":"page","link":"https:\/\/sisu.ut.ee\/semteek\/afektiivsushinnangud\/","title":{"rendered":"Afektiivsushinnangud"},"content":{"rendered":"<h3>\n\t<span style=\"font-family:Tahoma,Geneva,sans-serif\"><b>Mis need on?<\/b><\/span><br>\n<\/h3>\n<p>\n\t<br><span style=\"font-family:Tahoma,Geneva,sans-serif\">Afektiivsuse alla kuuluvad kaks erinevat omadust: emotsionaalse valents (ingl <i>valence<\/i>) ja aktivatsioon (<i>arousal<\/i>). Emotsionaalne valents viitab sellele, kas m\u00f5iste tekitab keelekasutajas pigem negatiivseid v\u00f5i positiivseid emotsioone, n\u00e4iteks \u201c\u00f5nn\u201d seostub ilmselt pigem positiivse emotsiooniga, samas kui \u201chirm\u201d pigem negatiivsega. Aktivatsiooni hindamisel aga hinnatakse seda, kuiv\u00f5rd m\u00f5juv ehk aktiveeriv see s\u00f5na on, n\u00e4iteks \u201craha\u201d on ehk paljude jaoks emotsionaalselt rohkem aktiveeriv m\u00f5iste kui \u201ctasku\u201d.<\/span><\/p>\n<p>Afektiivsushinnanguid on kogutud teiste hulgas n\u00e4iteks inglise ja soome keele (Eilola &amp; Havelka, 2010), hispaania keele (Ferr\u00e9 et al., 2017) ning prantsuse keele (Bonin et al., 2003; Miceli et al., 2021) s\u00f5nadele. Triin Alliksoo on seminarit\u00f6\u00f6 raames kogunud afektiivsushinnangud 120le eestikeelsele nimis\u00f5nale (Alliksoo, 2014). Olemas on ka eesti keele valentsileksikon, mis sisaldab 1,347 m\u00e4rks\u00f5na, millele on m\u00e4\u00e4ratud binaarne hinnang, st positiivne v\u00f5i negatiivne. Loetletud hinnangud p\u00f5hinevad Vainiku (2012) kogutud materjalil. Vainik kogus hinnanguid ekspertidelt (e keeleteadlastelt), paludes neil hinnata, kas m\u00e4rks\u00f5na on positiivne, negatiivne v\u00f5i neutraalne ning hiljem \u00fcle hinnangute \u00fcldistades. Praegune valentsileksikon sisaldab seega binaarseid hinnanguid, millest ei pruugi paljudel juhtudel piisata, kuna valentsi olemust peegeldab ehk t\u00e4psemini hoopis gradientne skaala (see t\u00e4hendab, m\u00f5ned s\u00f5nad tekitavad tugeva emotsiooni, m\u00f5ned leige ja m\u00f5ned ei tekita seda \u00fcldse).<\/p>\n<p>P\u00e4rast 500 s\u00f5nale gradientsete afektiivsusindeksite koostamist on v\u00f5imalik masin\u00f5ppe meetoditega see andmestik laiendada hoopis suuremale s\u00f5nahulgale, nagu on teinud Palogiannidi jt (2015).\n<\/p>\n<p>\n\t\u00a0\n<\/p>\n<h3>\n\t<span style=\"font-family:Tahoma,Geneva,sans-serif\">Miks me neid vajame?<\/span><br>\n<\/h3>\n<p>\n\tXxxxx<\/p>\n","protected":false},"excerpt":{"rendered":"<p>Mis need on? Afektiivsuse alla kuuluvad kaks erinevat omadust: emotsionaalse valents (ingl valence) ja aktivatsioon (arousal). Emotsionaalne valents viitab sellele, kas m\u00f5iste tekitab keelekasutajas pigem negatiivseid v\u00f5i positiivseid emotsioone, n\u00e4iteks \u201c\u00f5nn\u201d seostub ilmselt pigem positiivse emotsiooniga, samas kui \u201chirm\u201d pigem &#8230;<\/p>\n","protected":false},"author":333,"featured_media":0,"parent":0,"menu_order":0,"comment_status":"closed","ping_status":"closed","template":"","meta":{"_acf_changed":false,"inline_featured_image":false,"footnotes":""},"class_list":["post-10","page","type-page","status-publish","hentry"],"acf":[],"_links":{"self":[{"href":"https:\/\/sisu.ut.ee\/semteek\/wp-json\/wp\/v2\/pages\/10","targetHints":{"allow":["GET"]}}],"collection":[{"href":"https:\/\/sisu.ut.ee\/semteek\/wp-json\/wp\/v2\/pages"}],"about":[{"href":"https:\/\/sisu.ut.ee\/semteek\/wp-json\/wp\/v2\/types\/page"}],"author":[{"embeddable":true,"href":"https:\/\/sisu.ut.ee\/semteek\/wp-json\/wp\/v2\/users\/333"}],"replies":[{"embeddable":true,"href":"https:\/\/sisu.ut.ee\/semteek\/wp-json\/wp\/v2\/comments?post=10"}],"version-history":[{"count":1,"href":"https:\/\/sisu.ut.ee\/semteek\/wp-json\/wp\/v2\/pages\/10\/revisions"}],"predecessor-version":[{"id":24,"href":"https:\/\/sisu.ut.ee\/semteek\/wp-json\/wp\/v2\/pages\/10\/revisions\/24"}],"wp:attachment":[{"href":"https:\/\/sisu.ut.ee\/semteek\/wp-json\/wp\/v2\/media?parent=10"}],"curies":[{"name":"wp","href":"https:\/\/api.w.org\/{rel}","templated":true}]}}