{"id":20,"date":"2024-04-04T03:18:37","date_gmt":"2024-04-04T00:18:37","guid":{"rendered":"https:\/\/sisu.ut.ee\/samblasober\/eesti-sammalde-herbaarium\/"},"modified":"2024-04-04T03:19:15","modified_gmt":"2024-04-04T00:19:15","slug":"eesti-sammalde-herbaarium","status":"publish","type":"page","link":"https:\/\/sisu.ut.ee\/samblasober\/eesti-sammalde-herbaarium\/","title":{"rendered":"Sammalde herbaariumid Eestis"},"content":{"rendered":"<p>\n\tEestis on neli suuremat herbaariumit, kus on hoiul ka sammalde t\u00f5endeksemplarid Eesti ja kogu maailma br\u00fcofloora kohta, kokku ligikaudu 100 000 eksemplari.\n<\/p>\n<p>\n\tIgal teadukollektsioonil oma kindel akron\u00fc\u00fcm, mille alusel neis s\u00e4ilitatavaid eksemplare andmebaasist eElurikkus (<span style=\"text-decoration: underline\">https:\/\/natarc.ut.ee\/taimekogud.php<\/span>) \u00fcles leiab:\n<\/p>\n<p>\n\t<strong>TAA<\/strong> \u2013 EM\u00dc P\u00f5llumajandus- ja Keskkonnainstituudi herbaarium. Br\u00fcoloogilises kollektsioonis on ligikaudu 26 000 eksemplari, millest suurema osa moodustab Eestist kogutud materjal. \u00dcldherbaariumis on ligikaudu 2500 eksemplari. Lisaks on herbaariumis 10 eksikaatkogu (kokku 1258 eksemplari) ja ajaloolised kogud (ca 5500 eksemplari). M\u00e4\u00e4ratud t\u00fc\u00fcpeksemplare on herbaariumis viis.\n<\/p>\n<p>\n\t<strong>TALL<\/strong> \u2013\u00a0Tallinna Botaanikaaia herbaarium. Sammalde herbaariumisse kuulub\u00a022 500 eksemplari, nendest ligikaudu 18 000 on kogutud Eestist.\u00a0Suurimad\u00a0v\u00e4lismaa kogud p\u00e4rinevad Venemaalt (Taim\u00f5ri poolsaar) ja Austraaliast.\u00a0Herbaariumis on eksemplare 1340 samblataksoni kohta.\n<\/p>\n<p>\n\t<strong>TAM<\/strong> \u2013 Eesti Loodusmuuseumi herbaarium (TAM). Sammaltaimede herbaariumis on 27 400 eksemplari, millest ligi poole moodustab Eesti materjal (18 000 eksemplari). \u00dcldherbaariumis on 8 500 eksemplari ning neljas eksikaatkogus kokku 900 eksemplari.\n<\/p>\n<p>\n\t<strong>TU<\/strong> \u2013 Tartu \u00dclikooli Loodusmuuseumi herbaarium. Sammalde herbaariumis on ligikaudu 25 000 herbaareksemplari. Sammalde herbaariumi v\u00e4\u00e4rtosa moodustavad ajaloolised kollektsioonid ja 16 eksikaatkogu (ca 8000 eksemplari). V\u00e4ljastpoolt Eestit kogutud materjali on ca 7000 eksemplari. Eesti sammalde kollektsioon h\u00f5lmab ligi 10 000 eksemplari umbes 520 Eestis teadaoleva samblataksoni kohta. Kogus on hoiul neli kontrollitud t\u00fc\u00fcpeksemplari.<\/p>\n","protected":false},"excerpt":{"rendered":"<p>Eestis on neli suuremat herbaariumit, kus on hoiul ka sammalde t\u00f5endeksemplarid Eesti ja kogu maailma br\u00fcofloora kohta, kokku ligikaudu 100 000 eksemplari. Igal teadukollektsioonil oma kindel akron\u00fc\u00fcm, mille alusel neis s\u00e4ilitatavaid eksemplare andmebaasist eElurikkus (https:\/\/natarc.ut.ee\/taimekogud.php) \u00fcles leiab: TAA \u2013 EM\u00dc &#8230;<\/p>\n","protected":false},"author":103,"featured_media":0,"parent":0,"menu_order":0,"comment_status":"closed","ping_status":"closed","template":"","meta":{"_acf_changed":false,"inline_featured_image":false,"footnotes":""},"class_list":["post-20","page","type-page","status-publish","hentry"],"acf":[],"_links":{"self":[{"href":"https:\/\/sisu.ut.ee\/samblasober\/wp-json\/wp\/v2\/pages\/20","targetHints":{"allow":["GET"]}}],"collection":[{"href":"https:\/\/sisu.ut.ee\/samblasober\/wp-json\/wp\/v2\/pages"}],"about":[{"href":"https:\/\/sisu.ut.ee\/samblasober\/wp-json\/wp\/v2\/types\/page"}],"author":[{"embeddable":true,"href":"https:\/\/sisu.ut.ee\/samblasober\/wp-json\/wp\/v2\/users\/103"}],"replies":[{"embeddable":true,"href":"https:\/\/sisu.ut.ee\/samblasober\/wp-json\/wp\/v2\/comments?post=20"}],"version-history":[{"count":1,"href":"https:\/\/sisu.ut.ee\/samblasober\/wp-json\/wp\/v2\/pages\/20\/revisions"}],"predecessor-version":[{"id":178,"href":"https:\/\/sisu.ut.ee\/samblasober\/wp-json\/wp\/v2\/pages\/20\/revisions\/178"}],"wp:attachment":[{"href":"https:\/\/sisu.ut.ee\/samblasober\/wp-json\/wp\/v2\/media?parent=20"}],"curies":[{"name":"wp","href":"https:\/\/api.w.org\/{rel}","templated":true}]}}