{"id":81,"date":"2024-04-04T08:01:28","date_gmt":"2024-04-04T05:01:28","guid":{"rendered":"https:\/\/sisu.ut.ee\/rosak\/eesti-robotite-urdfid\/"},"modified":"2024-04-05T11:56:23","modified_gmt":"2024-04-05T08:56:23","slug":"eesti-robotite-urdfid","status":"publish","type":"page","link":"https:\/\/sisu.ut.ee\/rosak\/eesti-robotite-urdfid\/","title":{"rendered":"Lisa\u00fclesanne. Eesti robotite URDFid"},"content":{"rendered":"<blockquote>\r\n\t<p>\r\n\t\t<strong>N\u00fc\u00fcd, kui oled URDFiga tuttav, v\u00f5id uurida ka teiste robotite URDF kirjeldusi: n\u00e4iteks m\u00f5ningate Eesti ettev\u00f5tete omi.<\/strong>\r\n\t<\/p>\r\n<\/blockquote>\r\n\r\n<p>\r\n\t\u00a0\r\n<\/p>\r\n\r\n<p dir=\"ltr\" style=\"line-height:1.38;margin-top:0pt;margin-bottom:0pt\">\r\n\t<span>Klooni, kompileeri, laadi ja kuva <\/span><span><strong>Yanu teenindusroboti<\/strong> <\/span><span>kirjeldus.<br>Kimbu leiad GitHubi repositooriumist, juhised README.md failist: <\/span><a href=\"https:\/\/github.com\/unitartu-edu\/yanu_description\" style=\"text-decoration:none\"><span>https:\/\/github.com\/unitartu-edu\/yanu_description<\/span><\/a>\r\n<\/p>\r\n\u00a0\r\n\r\n<p dir=\"ltr\" style=\"line-height:1.38;margin-top:0pt;margin-bottom:0pt\">\r\n\t\u00a0\r\n<\/p>\r\n\r\n<p dir=\"ltr\" style=\"line-height:1.38;margin-top:0pt;margin-bottom:0pt\">\r\n\t<span>Klooni, kompileeri, laadi ja kuva <\/span><strong><span>Starshipi pakiroboti<\/span><\/strong><span> kirjeldus.<br>Kimbu leiad GitHubi repositooriumist, juhised README.md failist:<\/span> <a href=\"https:\/\/github.com\/unitartu-edu\/starship_description\" style=\"text-decoration:none\"><span>https:\/\/github.com\/unitartu-edu\/starship_description<\/span><\/a>\r\n<\/p>\r\n\r\n<p>\r\n\t\u00a0\r\n<\/p>\r\n\r\n<p dir=\"ltr\" style=\"line-height:1.38;margin-top:0pt;margin-bottom:0pt\">\r\n\t<span>Klooni, kompileeri, laadi ja kuva <\/span><strong><span>Clevoni pakiroboti<\/span><\/strong><span> kirjeldus.<\/span><br><span>Kimbu leiad GitHubi repositooriumist, juhised README.md failist:<\/span> <a data-url=\"https:\/\/github.com\/unitartu-edu\/clevon_description\" href=\"https:\/\/github.com\/unitartu-edu\/clevon_description\" target=\"_blank\" title=\"\" rel=\"noopener\">https:\/\/github.com\/unitartu-edu\/clevon_description<\/a>\r\n<\/p>\r\n\r\n<p dir=\"ltr\" style=\"line-height:1.38;margin-top:0pt;margin-bottom:0pt\">\r\n\t\u00a0\r\n<\/p>\r\n\r\n<p dir=\"ltr\" style=\"line-height:1.38;margin-top:0pt;margin-bottom:0pt\">\r\n\t<strong>Ka siin n\u00e4ed nende robotite kirjeldusi. Robotite vahel saad liikuda paremale ja vasakule viivate nooltega.<\/strong>\r\n<\/p>\r\n\r\n<div class=\"h5p-iframe-wrapper\"><div class=\"video-placeholder-wrapper video-placeholder-wrapper--fixed\" style=\"height: 366px;\">\n\t\t\t    <div class=\"video-placeholder d-flex justify-content-center align-items-center\">\n\t\t\t        <div class=\"overlay text-white p-2 w-100 text-center d-block justify-content-center align-items-center\">\n\t\t\t            <div>Kolmandate osapoolte sisu n\u00e4gemiseks palun n\u00f5ustu k\u00fcpsistega.<\/div>\n\t\t\t            <button class=\"btn btn-secondary btn-sm mt-1 consent-change\">Muuda n\u00f5usolekut<\/button>\n\t\t\t        <\/div>\n\t\t\t    <\/div>\n\t\t\t<\/div>\n<\/div>\r\n","protected":false},"excerpt":{"rendered":"<p>N\u00fc\u00fcd, kui oled URDFiga tuttav, v\u00f5id uurida ka teiste robotite URDF kirjeldusi: n\u00e4iteks m\u00f5ningate Eesti ettev\u00f5tete omi. \u00a0 Klooni, kompileeri, laadi ja kuva Yanu teenindusroboti kirjeldus.Kimbu leiad GitHubi repositooriumist, juhised README.md failist: https:\/\/github.com\/unitartu-edu\/yanu_description \u00a0 \u00a0 Klooni, kompileeri, laadi ja kuva &#8230;<\/p>\n","protected":false},"author":98,"featured_media":0,"parent":0,"menu_order":0,"comment_status":"closed","ping_status":"closed","template":"","meta":{"_acf_changed":false,"inline_featured_image":false,"footnotes":""},"class_list":["post-81","page","type-page","status-publish","hentry"],"acf":[],"_links":{"self":[{"href":"https:\/\/sisu.ut.ee\/rosak\/wp-json\/wp\/v2\/pages\/81","targetHints":{"allow":["GET"]}}],"collection":[{"href":"https:\/\/sisu.ut.ee\/rosak\/wp-json\/wp\/v2\/pages"}],"about":[{"href":"https:\/\/sisu.ut.ee\/rosak\/wp-json\/wp\/v2\/types\/page"}],"author":[{"embeddable":true,"href":"https:\/\/sisu.ut.ee\/rosak\/wp-json\/wp\/v2\/users\/98"}],"replies":[{"embeddable":true,"href":"https:\/\/sisu.ut.ee\/rosak\/wp-json\/wp\/v2\/comments?post=81"}],"version-history":[{"count":3,"href":"https:\/\/sisu.ut.ee\/rosak\/wp-json\/wp\/v2\/pages\/81\/revisions"}],"predecessor-version":[{"id":423,"href":"https:\/\/sisu.ut.ee\/rosak\/wp-json\/wp\/v2\/pages\/81\/revisions\/423"}],"wp:attachment":[{"href":"https:\/\/sisu.ut.ee\/rosak\/wp-json\/wp\/v2\/media?parent=81"}],"curies":[{"name":"wp","href":"https:\/\/api.w.org\/{rel}","templated":true}]}}