{"id":68,"date":"2024-04-04T08:01:27","date_gmt":"2024-04-04T05:01:27","guid":{"rendered":"https:\/\/sisu.ut.ee\/rosak\/starship\/"},"modified":"2024-04-04T08:03:56","modified_gmt":"2024-04-04T05:03:56","slug":"starship","status":"publish","type":"page","link":"https:\/\/sisu.ut.ee\/rosak\/starship\/","title":{"rendered":"Starship"},"content":{"rendered":"<p>\n\t<span id=\"docs-internal-guid-a1e580c7-7fff-689d-0ba3-d0f23dbd7ce5\">Eesti ettev\u00f5tte Starship Technologies ehitab ja programmeerib <strong>autonoomseid pakiroboteid<\/strong>. J\u00e4rgnev video annab kiire \u00fclevaate, milliste v\u00e4ljakutsetega nende inimesed igap\u00e4evaselt tegelevad ning kas ja kuidas neid selles ROS abistab.<\/span>\n<\/p>\n<p>\n\t<strong><div class=\"ratio ratio-16x9 mb-3\"><div class=\"video-placeholder-wrapper video-placeholder-wrapper--16x9\">\n\t\t\t    <div class=\"video-placeholder d-flex justify-content-center align-items-center\">\n\t\t\t        <div class=\"overlay text-white p-2 w-100 text-center d-block justify-content-center align-items-center\">\n\t\t\t            <div>Kolmandate osapoolte sisu n\u00e4gemiseks palun n\u00f5ustu k\u00fcpsistega.<\/div>\n\t\t\t            <button class=\"btn btn-secondary btn-sm mt-1 consent-change\">Muuda n\u00f5usolekut<\/button>\n\t\t\t        <\/div>\n\t\t\t    <\/div>\n\t\t\t<\/div>\n<\/div><\/strong>\n<\/p>\n<p style=\"text-align: center\">\n\t<strong><span id=\"docs-internal-guid-376a8383-7fff-1f32-7da2-86014d40cd20\">Rohkem infot <\/span><a href=\"http:\/\/www.starship.xyz\" style=\"text-decoration:none\"><span>www.starship.xyz<\/span><\/a><span>.<\/span><\/strong><br><span>Vaata ka TikToki,<\/span><a href=\"https:\/\/www.instagram.com\/starshiprobots\" style=\"text-decoration:none\"><span> <\/span><\/a><span>Instagrami v\u00f5i<\/span><a href=\"https:\/\/www.facebook.com\/StarshipTechnologies\/\" style=\"text-decoration:none\"><span> <\/span><\/a><span>Facebooki!<\/span><\/p>\n<p><strong><span>\u00a0<\/span><\/strong><a href=\"https:\/\/www.tiktok.com\/@starshiprobots\" target=\"_blank\" rel=\"noopener\"><img loading=\"lazy\" decoding=\"async\" width=\"76\" height=\"100\" class=\"alignnone wp-image-165\" style=\"width: 38px;height: 50px\" src=\"https:\/\/sisu.ut.ee\/wp-content\/uploads\/sites\/560\/tiktoklogo.gif\" title=\"tiktoklogo.gif\" alt=\"TikTok logo\"><\/a>\u00a0\u00a0\u00a0\u00a0<a href=\"https:\/\/www.instagram.com\/starshiprobots\" target=\"_blank\" rel=\"noopener\"><img loading=\"lazy\" decoding=\"async\" width=\"100\" height=\"100\" class=\"alignnone wp-image-105\" style=\"width: 50px;height: 50px\" src=\"https:\/\/sisu.ut.ee\/wp-content\/uploads\/sites\/560\/instagram_icon.gif\" title=\"instagram_icon.gif\" alt=\"Instagram logo\"><\/a>\u00a0 \u00a0\u00a0<a href=\"https:\/\/www.facebook.com\/StarshipTechnologies\/\" target=\"_blank\" rel=\"noopener\"><img loading=\"lazy\" decoding=\"async\" width=\"100\" height=\"100\" class=\"alignnone wp-image-104\" style=\"width:50px;height:50px\" src=\"https:\/\/sisu.ut.ee\/wp-content\/uploads\/sites\/560\/facebook.gif\" title=\"facebook.gif\" alt=\"Facebook logo\"><\/a><\/p>\n","protected":false},"excerpt":{"rendered":"<p>Eesti ettev\u00f5tte Starship Technologies ehitab ja programmeerib autonoomseid pakiroboteid. J\u00e4rgnev video annab kiire \u00fclevaate, milliste v\u00e4ljakutsetega nende inimesed igap\u00e4evaselt tegelevad ning kas ja kuidas neid selles ROS abistab. Kolmandate osapoolte sisu n\u00e4gemiseks palun n\u00f5ustu k\u00fcpsistega. Muuda n\u00f5usolekut Rohkem infot www.starship.xyz.Vaata &#8230;<\/p>\n","protected":false},"author":98,"featured_media":0,"parent":0,"menu_order":0,"comment_status":"closed","ping_status":"closed","template":"","meta":{"_acf_changed":false,"inline_featured_image":false,"footnotes":""},"class_list":["post-68","page","type-page","status-publish","hentry"],"acf":[],"_links":{"self":[{"href":"https:\/\/sisu.ut.ee\/rosak\/wp-json\/wp\/v2\/pages\/68","targetHints":{"allow":["GET"]}}],"collection":[{"href":"https:\/\/sisu.ut.ee\/rosak\/wp-json\/wp\/v2\/pages"}],"about":[{"href":"https:\/\/sisu.ut.ee\/rosak\/wp-json\/wp\/v2\/types\/page"}],"author":[{"embeddable":true,"href":"https:\/\/sisu.ut.ee\/rosak\/wp-json\/wp\/v2\/users\/98"}],"replies":[{"embeddable":true,"href":"https:\/\/sisu.ut.ee\/rosak\/wp-json\/wp\/v2\/comments?post=68"}],"version-history":[{"count":1,"href":"https:\/\/sisu.ut.ee\/rosak\/wp-json\/wp\/v2\/pages\/68\/revisions"}],"predecessor-version":[{"id":333,"href":"https:\/\/sisu.ut.ee\/rosak\/wp-json\/wp\/v2\/pages\/68\/revisions\/333"}],"wp:attachment":[{"href":"https:\/\/sisu.ut.ee\/rosak\/wp-json\/wp\/v2\/media?parent=68"}],"curies":[{"name":"wp","href":"https:\/\/api.w.org\/{rel}","templated":true}]}}