{"id":60,"date":"2024-04-04T08:01:26","date_gmt":"2024-04-04T05:01:26","guid":{"rendered":"https:\/\/sisu.ut.ee\/rosak\/linuxi-terminal-avamine\/"},"modified":"2024-04-04T08:03:56","modified_gmt":"2024-04-04T05:03:56","slug":"linuxi-terminal-avamine","status":"publish","type":"page","link":"https:\/\/sisu.ut.ee\/rosak\/linuxi-terminal-avamine\/","title":{"rendered":"7. Linuxi terminal: avamine"},"content":{"rendered":"<blockquote>\n<p>\n\t\t<strong>Selles harjutuses \u00f5pid avama Linuxi terminali ning tutvud k\u00e4suviibaga.<\/strong><br><em>Samm-sammulise juhendi vaatamiseks klikka harjutuse vahepealkirjadele.<\/em>\n\t<\/p>\n<\/blockquote>\n<p>\n\t<\/p><div class=\"accordion mb-3\">\n        <div class=\"accordion-item accordion-item--white\">\n        <h2 class=\"accordion-header\" id=\"accordion-69d423a676190-heading\">\n            <button class=\"accordion-button collapsed\" type=\"button\" data-bs-toggle=\"collapse\" data-bs-target=\"#accordion-69d423a676190-collapse\" aria-expanded=\"true\" aria-controls=\"accordion-69d423a676190-collapse\"><strong>1. Terminali avamine tegumiribalt<\/strong><\/button>\n        <\/h2>\n        <div id=\"accordion-69d423a676190-collapse\" class=\"accordion-collapse collapse\" aria-labelledby=\"accordion-69d423a676190-heading\">\n            <div class=\"accordion-body\">\n\n<p style=\"margin-left: 40px\">\n\tTerminali avamiseks leia tegumiribal j\u00e4rgmise pildiga ikoon ja vajuta seda:<br><img loading=\"lazy\" decoding=\"async\" width=\"62\" height=\"57\" class=\"alignnone wp-image-148\" src=\"https:\/\/sisu.ut.ee\/wp-content\/uploads\/sites\/560\/terminaliikoon.png\" title=\"terminaliikoon.png\" alt=\"Terminali ikoon\">\n<\/p>\n<p style=\"margin-left: 40px\">\n\tKui terminal on juba avatud, siis teeb see terminaliakna aktiivseks. Terminali saad sulgeda akna \u00fclemises paremas nurgas punasele ristike klikkides.\n<\/p>\n<p>\n\t<\/p><\/div>\n        <\/div>\n        <\/div>\n    <\/div>\n\n<p>\n\t<\/p><div class=\"accordion mb-3\">\n        <div class=\"accordion-item accordion-item--white\">\n        <h2 class=\"accordion-header\" id=\"accordion-69d423a676196-heading\">\n            <button class=\"accordion-button collapsed\" type=\"button\" data-bs-toggle=\"collapse\" data-bs-target=\"#accordion-69d423a676196-collapse\" aria-expanded=\"true\" aria-controls=\"accordion-69d423a676196-collapse\"><strong>2. Terminali avamine rakenduste men\u00fc\u00fcst<\/strong><\/button>\n        <\/h2>\n        <div id=\"accordion-69d423a676196-collapse\" class=\"accordion-collapse collapse\" aria-labelledby=\"accordion-69d423a676196-heading\">\n            <div class=\"accordion-body\">\n\n<p style=\"margin-left:40px\">\n\tTerminali v\u00f5id avada ka rakenduste men\u00fc\u00fcst. Selleks ava rakenduste men\u00fc\u00fc ja tr\u00fcki otsingukasti \u201cTerminal\u201d:<br><img loading=\"lazy\" decoding=\"async\" width=\"353\" height=\"216\" class=\"alignnone wp-image-149\" src=\"https:\/\/sisu.ut.ee\/wp-content\/uploads\/sites\/560\/terminal-otsing.png\" title=\"terminal-otsing.png\" alt=\"Terminali avamine rakenduste men\u00fc\u00fcst\" srcset=\"https:\/\/sisu.ut.ee\/wp-content\/uploads\/sites\/560\/terminal-otsing.png 353w, https:\/\/sisu.ut.ee\/wp-content\/uploads\/sites\/560\/terminal-otsing-300x184.png 300w\" sizes=\"auto, (max-width: 353px) 100vw, 353px\">\n<\/p>\n<p style=\"margin-left:40px\">\n\tN\u00fc\u00fcd saad leitud ikoonil klikkides samuti terminali avada.\n<\/p>\n<p>\n\t<\/p><\/div>\n        <\/div>\n        <\/div>\n    <\/div>\n\n<p>\n\t<\/p><div class=\"accordion mb-3\">\n        <div class=\"accordion-item accordion-item--white\">\n        <h2 class=\"accordion-header\" id=\"accordion-69d423a676199-heading\">\n            <button class=\"accordion-button collapsed\" type=\"button\" data-bs-toggle=\"collapse\" data-bs-target=\"#accordion-69d423a676199-collapse\" aria-expanded=\"true\" aria-controls=\"accordion-69d423a676199-collapse\"><strong>3. Mis on k\u00e4suviip?<\/strong><\/button>\n        <\/h2>\n        <div id=\"accordion-69d423a676199-collapse\" class=\"accordion-collapse collapse\" aria-labelledby=\"accordion-69d423a676199-heading\">\n            <div class=\"accordion-body\">\n\n<p style=\"margin-left: 40px\">\n\tTerminaliaknas n\u00e4ed vaikimisi \u00fcht rida teksti, mis n\u00e4eb v\u00e4lja umbes selline:\n<\/p>\n<pre style=\"margin-left:40px\">peko@laptop-0:~$<\/pre>\n<p style=\"margin-left:40px\">\n\tSelle rea nimi on k\u00e4suviip ja see n\u00e4itab, et terminal on valmis vastu v\u00f5tma k\u00e4ske. K\u00e4suviip sisaldab kolme infokildu:\n<\/p>\n<p style=\"margin-left:80px\">\n\ti. <span style=\"New,Courier,monospace\">peko<\/span> on kasutajanimi, mille alt hetkel arvutit kasutad (v\u00f5ib Sinul olla erinev).<br>ii. <span style=\"New,Courier,monospace\">laptop-0<\/span> on arvuti nimi (v\u00f5ib Sinul olla erinev).<br>iii. <span style=\"New,Courier,monospace\">~<\/span> on kataloogi nimi, milles terminal hetkel avatud on. Sellest r\u00e4\u00e4gime rohkem veidi hiljem.\n<\/p>\n<p>\n\t<\/p><\/div>\n        <\/div>\n        <\/div>\n    <\/div>\n\n<p>\n\t<\/p><div class=\"accordion mb-3\">\n        <div class=\"accordion-item accordion-item--white\">\n        <h2 class=\"accordion-header\" id=\"accordion-69d423a6761db-heading\">\n            <button class=\"accordion-button collapsed\" type=\"button\" data-bs-toggle=\"collapse\" data-bs-target=\"#accordion-69d423a6761db-collapse\" aria-expanded=\"true\" aria-controls=\"accordion-69d423a6761db-collapse\"><strong>4. Veel teise terminaliakna avamine<\/strong><\/button>\n        <\/h2>\n        <div id=\"accordion-69d423a6761db-collapse\" class=\"accordion-collapse collapse\" aria-labelledby=\"accordion-69d423a6761db-heading\">\n            <div class=\"accordion-body\">\n\n<p style=\"margin-left: 40px\">\n\tM\u00f5nikord on vaja lahti v\u00f5tta mitu terminaliakent korraga. Selleks on mitu v\u00f5imalust.\n<\/p>\n<p style=\"margin-left: 40px\">\n\t\u00dcks v\u00f5imalus on tegumiribal teha paremklikk terminaliikoonile ja valida valik <span style=\"font-family:Courier New,Courier,monospace\">Uus aken \/ New Window<\/span>:\n<\/p>\n<p style=\"margin-left: 40px\">\n\t<img loading=\"lazy\" decoding=\"async\" width=\"319\" height=\"339\" class=\"alignnone wp-image-150\" src=\"https:\/\/sisu.ut.ee\/wp-content\/uploads\/sites\/560\/uusaken.png\" title=\"uusaken.png\" alt=\"Uue terminaliakna avamine tegumiribalt\" srcset=\"https:\/\/sisu.ut.ee\/wp-content\/uploads\/sites\/560\/uusaken.png 319w, https:\/\/sisu.ut.ee\/wp-content\/uploads\/sites\/560\/uusaken-282x300.png 282w\" sizes=\"auto, (max-width: 319px) 100vw, 319px\">\n<\/p>\n<p style=\"margin-left: 40px\">\n\tTeine v\u00f5imalus on p\u00e4ris uue akna asemel v\u00f5tta lahti uus <strong>kaart<\/strong> juba olemasolevas terminaliaknas. Selleks saab kasutada terminaliakna \u00fclemises vasakus nurgas olevat nuppu:\n<\/p>\n<p style=\"margin-left: 40px\">\n\t<img loading=\"lazy\" decoding=\"async\" width=\"278\" height=\"149\" class=\"alignnone wp-image-151\" src=\"https:\/\/sisu.ut.ee\/wp-content\/uploads\/sites\/560\/uusaken-vaike.png\" title=\"uusaken-vaike.png\" alt=\"Uue kaardi avamine\">\n<\/p>\n<p style=\"margin-left: 40px\">\n\tAvaneb uus kaart. Nende vahel saad vahetada terminali \u00fclaservas vastava kaardi peal klikkides. Igal kaardil on ka eraldi ristike, millest seda sulgeda.\n<\/p>\n<p style=\"margin-left: 40px\">\n\t<img loading=\"lazy\" decoding=\"async\" width=\"815\" height=\"144\" class=\"alignnone wp-image-152\" src=\"https:\/\/sisu.ut.ee\/wp-content\/uploads\/sites\/560\/mitukaarti.png\" title=\"mitukaarti.png\" alt=\"Mitme kaardiga terminaliaken\" srcset=\"https:\/\/sisu.ut.ee\/wp-content\/uploads\/sites\/560\/mitukaarti.png 815w, https:\/\/sisu.ut.ee\/wp-content\/uploads\/sites\/560\/mitukaarti-300x53.png 300w, https:\/\/sisu.ut.ee\/wp-content\/uploads\/sites\/560\/mitukaarti-768x136.png 768w\" sizes=\"auto, (max-width: 815px) 100vw, 815px\">\n<\/p>\n<p>\n\t<\/p><\/div>\n        <\/div>\n        <\/div>\n    <\/div>\n","protected":false},"excerpt":{"rendered":"<p>Selles harjutuses \u00f5pid avama Linuxi terminali ning tutvud k\u00e4suviibaga.Samm-sammulise juhendi vaatamiseks klikka harjutuse vahepealkirjadele. 1. Terminali avamine tegumiribalt Terminali avamiseks leia tegumiribal j\u00e4rgmise pildiga ikoon ja vajuta seda: Kui terminal on juba avatud, siis teeb see terminaliakna aktiivseks. Terminali saad &#8230;<\/p>\n","protected":false},"author":98,"featured_media":0,"parent":0,"menu_order":0,"comment_status":"closed","ping_status":"closed","template":"","meta":{"_acf_changed":false,"inline_featured_image":false,"footnotes":""},"class_list":["post-60","page","type-page","status-publish","hentry"],"acf":[],"_links":{"self":[{"href":"https:\/\/sisu.ut.ee\/rosak\/wp-json\/wp\/v2\/pages\/60","targetHints":{"allow":["GET"]}}],"collection":[{"href":"https:\/\/sisu.ut.ee\/rosak\/wp-json\/wp\/v2\/pages"}],"about":[{"href":"https:\/\/sisu.ut.ee\/rosak\/wp-json\/wp\/v2\/types\/page"}],"author":[{"embeddable":true,"href":"https:\/\/sisu.ut.ee\/rosak\/wp-json\/wp\/v2\/users\/98"}],"replies":[{"embeddable":true,"href":"https:\/\/sisu.ut.ee\/rosak\/wp-json\/wp\/v2\/comments?post=60"}],"version-history":[{"count":1,"href":"https:\/\/sisu.ut.ee\/rosak\/wp-json\/wp\/v2\/pages\/60\/revisions"}],"predecessor-version":[{"id":341,"href":"https:\/\/sisu.ut.ee\/rosak\/wp-json\/wp\/v2\/pages\/60\/revisions\/341"}],"wp:attachment":[{"href":"https:\/\/sisu.ut.ee\/rosak\/wp-json\/wp\/v2\/media?parent=60"}],"curies":[{"name":"wp","href":"https:\/\/api.w.org\/{rel}","templated":true}]}}