{"id":52,"date":"2024-04-04T08:01:25","date_gmt":"2024-04-04T05:01:25","guid":{"rendered":"https:\/\/sisu.ut.ee\/rosak\/robovoimete-lisamine\/"},"modified":"2024-04-04T08:03:57","modified_gmt":"2024-04-04T05:03:57","slug":"robovoimete-lisamine","status":"publish","type":"page","link":"https:\/\/sisu.ut.ee\/rosak\/robovoimete-lisamine\/","title":{"rendered":"2. Robov\u00f5imete lisamine"},"content":{"rendered":"<blockquote>\n<p>\n\t\t<strong>\u00dcks p\u00f5hjus, miks ROS on niiv\u00f5rd v\u00f5imas, on see, et internetis on palju vabalt k\u00e4ttesaadavaid ROSi kimpe, mis oskavad teha igasuguseid huvitavaid asju. Kuidas neid aga enda roboti huvides \u00e4ra kasutada?<\/strong>\n\t<\/p>\n<\/blockquote>\n<p>\n\t<\/p><div class=\"ratio ratio-16x9 mb-3\"><div class=\"video-placeholder-wrapper video-placeholder-wrapper--16x9\">\n\t\t\t    <div class=\"video-placeholder d-flex justify-content-center align-items-center\">\n\t\t\t        <div class=\"overlay text-white p-2 w-100 text-center d-block justify-content-center align-items-center\">\n\t\t\t            <div>Kolmandate osapoolte sisu n\u00e4gemiseks palun n\u00f5ustu k\u00fcpsistega.<\/div>\n\t\t\t            <button class=\"btn btn-secondary btn-sm mt-1 consent-change\">Muuda n\u00f5usolekut<\/button>\n\t\t\t        <\/div>\n\t\t\t    <\/div>\n\t\t\t<\/div>\n<\/div>\n","protected":false},"excerpt":{"rendered":"<p>\u00dcks p\u00f5hjus, miks ROS on niiv\u00f5rd v\u00f5imas, on see, et internetis on palju vabalt k\u00e4ttesaadavaid ROSi kimpe, mis oskavad teha igasuguseid huvitavaid asju. Kuidas neid aga enda roboti huvides \u00e4ra kasutada? Kolmandate osapoolte sisu n\u00e4gemiseks palun n\u00f5ustu k\u00fcpsistega. Muuda n\u00f5usolekut<\/p>\n","protected":false},"author":98,"featured_media":0,"parent":0,"menu_order":0,"comment_status":"closed","ping_status":"closed","template":"","meta":{"_acf_changed":false,"inline_featured_image":false,"footnotes":""},"class_list":["post-52","page","type-page","status-publish","hentry"],"acf":[],"_links":{"self":[{"href":"https:\/\/sisu.ut.ee\/rosak\/wp-json\/wp\/v2\/pages\/52","targetHints":{"allow":["GET"]}}],"collection":[{"href":"https:\/\/sisu.ut.ee\/rosak\/wp-json\/wp\/v2\/pages"}],"about":[{"href":"https:\/\/sisu.ut.ee\/rosak\/wp-json\/wp\/v2\/types\/page"}],"author":[{"embeddable":true,"href":"https:\/\/sisu.ut.ee\/rosak\/wp-json\/wp\/v2\/users\/98"}],"replies":[{"embeddable":true,"href":"https:\/\/sisu.ut.ee\/rosak\/wp-json\/wp\/v2\/comments?post=52"}],"version-history":[{"count":1,"href":"https:\/\/sisu.ut.ee\/rosak\/wp-json\/wp\/v2\/pages\/52\/revisions"}],"predecessor-version":[{"id":349,"href":"https:\/\/sisu.ut.ee\/rosak\/wp-json\/wp\/v2\/pages\/52\/revisions\/349"}],"wp:attachment":[{"href":"https:\/\/sisu.ut.ee\/rosak\/wp-json\/wp\/v2\/media?parent=52"}],"curies":[{"name":"wp","href":"https:\/\/api.w.org\/{rel}","templated":true}]}}