{"id":50,"date":"2024-04-04T08:01:25","date_gmt":"2024-04-04T05:01:25","guid":{"rendered":"https:\/\/sisu.ut.ee\/rosak\/rosi-terminoloogia\/"},"modified":"2024-04-04T08:03:57","modified_gmt":"2024-04-04T05:03:57","slug":"rosi-terminoloogia","status":"publish","type":"page","link":"https:\/\/sisu.ut.ee\/rosak\/rosi-terminoloogia\/","title":{"rendered":"1. ROSi terminoloogia"},"content":{"rendered":"<blockquote>\n<p>\n\t\t<strong>Esimese mooduli viimases harjutuses kasutasime ROSi, et robotit juhtida. Selleks sisestasime terminali ROSi k\u00e4su, mis k\u00e4ivitas \u00f5iged s\u00f5lmed ja lubas meil selle funktsionaalsust kasutada. Mida see k\u00f5ik aga t\u00e4hendas ja kuidas ROS tegelikult t\u00f6\u00f6tab?<\/strong>\n\t<\/p>\n<\/blockquote>\n<p>\n\t<\/p><div class=\"ratio ratio-16x9 mb-3\"><div class=\"video-placeholder-wrapper video-placeholder-wrapper--16x9\">\n\t\t\t    <div class=\"video-placeholder d-flex justify-content-center align-items-center\">\n\t\t\t        <div class=\"overlay text-white p-2 w-100 text-center d-block justify-content-center align-items-center\">\n\t\t\t            <div>Kolmandate osapoolte sisu n\u00e4gemiseks palun n\u00f5ustu k\u00fcpsistega.<\/div>\n\t\t\t            <button class=\"btn btn-secondary btn-sm mt-1 consent-change\">Muuda n\u00f5usolekut<\/button>\n\t\t\t        <\/div>\n\t\t\t    <\/div>\n\t\t\t<\/div>\n<\/div>\n","protected":false},"excerpt":{"rendered":"<p>Esimese mooduli viimases harjutuses kasutasime ROSi, et robotit juhtida. Selleks sisestasime terminali ROSi k\u00e4su, mis k\u00e4ivitas \u00f5iged s\u00f5lmed ja lubas meil selle funktsionaalsust kasutada. Mida see k\u00f5ik aga t\u00e4hendas ja kuidas ROS tegelikult t\u00f6\u00f6tab? Kolmandate osapoolte sisu n\u00e4gemiseks palun n\u00f5ustu &#8230;<\/p>\n","protected":false},"author":98,"featured_media":0,"parent":0,"menu_order":0,"comment_status":"closed","ping_status":"closed","template":"","meta":{"_acf_changed":false,"inline_featured_image":false,"footnotes":""},"class_list":["post-50","page","type-page","status-publish","hentry"],"acf":[],"_links":{"self":[{"href":"https:\/\/sisu.ut.ee\/rosak\/wp-json\/wp\/v2\/pages\/50","targetHints":{"allow":["GET"]}}],"collection":[{"href":"https:\/\/sisu.ut.ee\/rosak\/wp-json\/wp\/v2\/pages"}],"about":[{"href":"https:\/\/sisu.ut.ee\/rosak\/wp-json\/wp\/v2\/types\/page"}],"author":[{"embeddable":true,"href":"https:\/\/sisu.ut.ee\/rosak\/wp-json\/wp\/v2\/users\/98"}],"replies":[{"embeddable":true,"href":"https:\/\/sisu.ut.ee\/rosak\/wp-json\/wp\/v2\/comments?post=50"}],"version-history":[{"count":1,"href":"https:\/\/sisu.ut.ee\/rosak\/wp-json\/wp\/v2\/pages\/50\/revisions"}],"predecessor-version":[{"id":351,"href":"https:\/\/sisu.ut.ee\/rosak\/wp-json\/wp\/v2\/pages\/50\/revisions\/351"}],"wp:attachment":[{"href":"https:\/\/sisu.ut.ee\/rosak\/wp-json\/wp\/v2\/media?parent=50"}],"curies":[{"name":"wp","href":"https:\/\/api.w.org\/{rel}","templated":true}]}}