{"id":48,"date":"2024-04-04T08:01:25","date_gmt":"2024-04-04T05:01:25","guid":{"rendered":"https:\/\/sisu.ut.ee\/rosak\/avaleht\/"},"modified":"2024-04-18T13:03:22","modified_gmt":"2024-04-18T10:03:22","slug":"avaleht","status":"publish","type":"page","link":"https:\/\/sisu.ut.ee\/rosak\/","title":{"rendered":"Avaleht"},"content":{"rendered":"<p><a href=\"https:\/\/aire-edih.eu\/sundmus\/ros-i-algkursus\/\" target=\"_blank\" rel=\"noopener\"><img loading=\"lazy\" decoding=\"async\" width=\"1436\" height=\"295\" class=\"alignnone wp-image-134\" style=\"width: 1436px; height: 295px;\" title=\"banner_rosalgkursus_2023.png\" src=\"https:\/\/sisu.ut.ee\/wp-content\/uploads\/sites\/560\/banner_rosalgkursus_2023.png\" alt=\"Banner\" srcset=\"https:\/\/sisu.ut.ee\/wp-content\/uploads\/sites\/560\/banner_rosalgkursus_2023.png 1436w, https:\/\/sisu.ut.ee\/wp-content\/uploads\/sites\/560\/banner_rosalgkursus_2023-300x62.png 300w, https:\/\/sisu.ut.ee\/wp-content\/uploads\/sites\/560\/banner_rosalgkursus_2023-1024x210.png 1024w, https:\/\/sisu.ut.ee\/wp-content\/uploads\/sites\/560\/banner_rosalgkursus_2023-768x158.png 768w\" sizes=\"auto, (max-width: 1436px) 100vw, 1436px\"><\/a><\/p>\n<blockquote>\n<h2>Tere tulemast ROSi algkursusele!<\/h2>\n<p>Siin \u00f5pid programmeerima roboteid, kasutades vabavaralist tarkvararaamistikku ROS. Kursusel osalemiseks on sul vaja vaid arvutit ja interneti\u00fchendust. Saad oma kodus arvuti taga istudes ringi s\u00f5ita Tartu \u00dclikooli klassiruumis oleva Robotondi robotiga, \u00f5pid looma robotile digikaksikut ja paned roboti leidma ise endale \u00f5ige tee sihtpunkti. \u00d5ppimisel toetavad sind mitmed Tartu \u00dclikooli \u00f5ppej\u00f5ud ja teadlased.<\/p>\n<p><strong><a title=\"\" href=\"https:\/\/aire-edih.eu\/sundmus\/ros-i-algkursus\/\" target=\"_blank\" rel=\"noopener\">Registreeru siin<\/a><\/strong><\/p>\n<p><em>Kursuse valmimist on toetanud Haridus- ja Noorteamet. Kursus toimub koost\u00f6\u00f6s tehisintellekti- ja robootikakeskusega AIRE (EDIH), mida rahastab Digitaalse Euroopa Programmi Euroopa Digitaalse Innovatsiooni Keskuste alamprogramm ja Majandus- ja Kommunikatsooniministeerium (Projekti nr: 101083677).<\/em><\/p>\n<h4>L\u00f5busat osalemist!<\/h4>\n<\/blockquote>\n<div class=\"row\">\n<div class=\"col-md-7 col-sm-12 col-xs-12\">\n<\/div>\n<\/div>\n\n\n<div class=\"wp-block-columns is-layout-flex wp-container-core-columns-is-layout-9d6595d7 wp-block-columns-is-layout-flex\">\n<div class=\"wp-block-column is-layout-flow wp-block-column-is-layout-flow\">\n<figure class=\"wp-block-embed is-type-video is-provider-youtube wp-block-embed-youtube wp-embed-aspect-16-9 wp-has-aspect-ratio\"><div class=\"wp-block-embed__wrapper\">\n<div class=\"ratio ratio-16x9 mb-3\"><div class=\"video-placeholder-wrapper video-placeholder-wrapper--16x9\">\n\t\t\t    <div class=\"video-placeholder d-flex justify-content-center align-items-center\">\n\t\t\t        <div class=\"overlay text-white p-2 w-100 text-center d-block justify-content-center align-items-center\">\n\t\t\t            <div>Kolmandate osapoolte sisu n\u00e4gemiseks palun n\u00f5ustu k\u00fcpsistega.<\/div>\n\t\t\t            <button class=\"btn btn-secondary btn-sm mt-1 consent-change\">Muuda n\u00f5usolekut<\/button>\n\t\t\t        <\/div>\n\t\t\t    <\/div>\n\t\t\t<\/div>\n<\/div>\n<\/div><\/figure>\n<\/div>\n\n\n\n<div class=\"wp-block-column is-layout-flow wp-block-column-is-layout-flow\">\n<p>Nii Eestis kui ka kogu maailmas on tekkinud tugev vajadus inimeste j\u00e4rele, kes aitavad v\u00e4lja arendada ja ettev\u00f5tetes kasutusele v\u00f5tta uue p\u00f5lvkonna roboteid.<\/p>\n\n\n\n<p>Kaasaegse ja tulevikku vaatava robootika nurgakiviks on saanud avatud l\u00e4htekoodil ning vabakasutust lubav robootika arendusplatvorm ROS, www.ros.org. ROS on arendusplatvorm, mis on kasutusel nii robootikaga tegelevates ettev\u00f5tetes kui ka \u00fclikoolides. ROS v\u00f5imaldab luua kaasaegseid tarkvaralahendusi (sh tehisintellekti integreerimine) s\u00f5ltumatult konkreetsest riistvarast. Seet\u00f5ttu on vajadus ROSi inseneride j\u00e4rele katkematu!<\/p>\n<\/div>\n<\/div>\n\n\n\n<p>\u201cROS algajatele\u201d kursusel kasutatakse \u00f5ppet\u00f6\u00f6ks Robotont robotit, mis on Tartu \u00dclikoolis v\u00e4ljat\u00f6\u00f6tatud omniliikuv mobiilne robot. Robotondi tarkvara p\u00f5hineb ROSi tarkvaral, mis on \u00fcks maailma enimkasutatavaid robootika raamistikke!\u00a0<\/p>\n\n\n\n<p>Kui Sul on huvi robootika vastu, siis k\u00e4esolev kursus on just Sulle m\u00f5eldud! Siin saad ROSi kasutades robotit kaugteel juhtida, luua oma kood ROSi kimbus ja \u00f5ppida, kuidas arendusplatvormi abil lokaliseerida, kaardistada ja navigeerida oma seadet!\u00a0<\/p>\n\n\n\n<p>Ja see pole veel k\u00f5ik! Kursusel osaledes on sul ainulaadne v\u00f5imalus kasv\u00f5i maailma teisest otsast osaleda \u00f5ppet\u00f6\u00f6s, kus Sul on v\u00f5imalik oma keskkonnast olla \u00fchenduses f\u00fc\u00fcsiliste robotitega!\u00a0<\/p>\n","protected":false},"excerpt":{"rendered":"<p>Tere tulemast ROSi algkursusele! Siin \u00f5pid programmeerima roboteid, kasutades vabavaralist tarkvararaamistikku ROS. Kursusel osalemiseks on sul vaja vaid arvutit ja interneti\u00fchendust. Saad oma kodus arvuti taga istudes ringi s\u00f5ita Tartu \u00dclikooli klassiruumis oleva Robotondi robotiga, \u00f5pid looma robotile digikaksikut ja &#8230;<\/p>\n","protected":false},"author":98,"featured_media":0,"parent":0,"menu_order":0,"comment_status":"closed","ping_status":"closed","template":"","meta":{"_acf_changed":false,"inline_featured_image":false,"footnotes":""},"class_list":["post-48","page","type-page","status-publish","hentry"],"acf":[],"_links":{"self":[{"href":"https:\/\/sisu.ut.ee\/rosak\/wp-json\/wp\/v2\/pages\/48","targetHints":{"allow":["GET"]}}],"collection":[{"href":"https:\/\/sisu.ut.ee\/rosak\/wp-json\/wp\/v2\/pages"}],"about":[{"href":"https:\/\/sisu.ut.ee\/rosak\/wp-json\/wp\/v2\/types\/page"}],"author":[{"embeddable":true,"href":"https:\/\/sisu.ut.ee\/rosak\/wp-json\/wp\/v2\/users\/98"}],"replies":[{"embeddable":true,"href":"https:\/\/sisu.ut.ee\/rosak\/wp-json\/wp\/v2\/comments?post=48"}],"version-history":[{"count":3,"href":"https:\/\/sisu.ut.ee\/rosak\/wp-json\/wp\/v2\/pages\/48\/revisions"}],"predecessor-version":[{"id":472,"href":"https:\/\/sisu.ut.ee\/rosak\/wp-json\/wp\/v2\/pages\/48\/revisions\/472"}],"wp:attachment":[{"href":"https:\/\/sisu.ut.ee\/rosak\/wp-json\/wp\/v2\/media?parent=48"}],"curies":[{"name":"wp","href":"https:\/\/api.w.org\/{rel}","templated":true}]}}