{"id":45,"date":"2024-04-04T08:24:49","date_gmt":"2024-04-04T05:24:49","guid":{"rendered":"https:\/\/sisu.ut.ee\/rootecology\/avaleht-et\/"},"modified":"2025-01-22T14:00:07","modified_gmt":"2025-01-22T12:00:07","slug":"avaleht-et","status":"publish","type":"page","link":"https:\/\/sisu.ut.ee\/rootecology\/","title":{"rendered":"Avaleht"},"content":{"rendered":"<div class=\"wp-block-group is-layout-constrained wp-block-group-is-layout-constrained\">\n<figure class=\"wp-block-image alignleft size-large is-resized\"><img loading=\"lazy\" decoding=\"async\" width=\"683\" height=\"1024\" src=\"https:\/\/sisu.ut.ee\/wp-content\/uploads\/sites\/605\/6f49910fd212ae99057dcf21fb283336-683x1024.jpeg\" alt=\"\" class=\"wp-image-340\" style=\"width:336px;height:auto\" srcset=\"https:\/\/sisu.ut.ee\/wp-content\/uploads\/sites\/605\/6f49910fd212ae99057dcf21fb283336-683x1024.jpeg 683w, https:\/\/sisu.ut.ee\/wp-content\/uploads\/sites\/605\/6f49910fd212ae99057dcf21fb283336-200x300.jpeg 200w, https:\/\/sisu.ut.ee\/wp-content\/uploads\/sites\/605\/6f49910fd212ae99057dcf21fb283336-768x1152.jpeg 768w, https:\/\/sisu.ut.ee\/wp-content\/uploads\/sites\/605\/6f49910fd212ae99057dcf21fb283336-1024x1536.jpeg 1024w, https:\/\/sisu.ut.ee\/wp-content\/uploads\/sites\/605\/6f49910fd212ae99057dcf21fb283336.jpeg 1365w\" sizes=\"auto, (max-width: 683px) 100vw, 683px\"><\/figure>\n\n\n\n<p>\u00a0<\/p>\n\n\n\n<div class=\"wp-block-group is-layout-constrained wp-block-group-is-layout-constrained\">\n<p class=\"has-text-align-left\">Juure\u00f6koloogia t\u00f6\u00f6r\u00fchm tegeleb taimede juurte, risosf\u00e4\u00e4ri ja tervete \u00f6kos\u00fcsteemide maa aluste protsesside uurimisega. Anal\u00fc\u00fcsime kuidas juured, nende risosf\u00e4\u00e4ris elavad mikroobid ja mulla toiduv\u00f5rgustikud m\u00f5jutavad aineringeid mullas, kuidas m\u00f5jutavad neid kliima ja maakasutuse muutused ning millised on muutustega kohanemise mehhanismid maa-all. M\u00f5\u00f5dame s\u00fcsiniku- ja toitainete varu ja voogusid maa all nii risosf\u00e4\u00e4ri mikroskoopilisel skaalal kui ka erinevates \u00f6kos\u00fcsteemides maastiku skaalal. T\u00f6\u00f6tame mitmesugustes \u00f6kos\u00fcsteemides, sealhulgas subarktilistel rohu- ja metsamaadel, boreaalsetes ja parasv\u00f6\u00f6tme metsades nii keskkonnagradientidel kui manipulatsiooniekseprimentides vabas \u00f5hus kui ka kontrollitud tingimustes kliimakambrites. Sellisena kombineerime meetodeid paljudelt erialadelt, sealhulgas maastiku- ja \u00f6kos\u00fcsteemi\u00f6koloogiast, \u00f6kof\u00fcsioloogiast, mikroobi\u00f6koloogiast ja mullateadusest. Lisaks rakendame uuenduslikke tehnoloogiaid, mis p\u00f5hinevad erinevatel geoinformaatika ja masin\u00f5ppe l\u00e4henemisviisidel.<\/p>\n<\/div>\n<\/div>\n\n\n\n<div class=\"wp-block-columns is-layout-flex wp-container-core-columns-is-layout-9d6595d7 wp-block-columns-is-layout-flex\">\n<div class=\"wp-block-column is-layout-flow wp-block-column-is-layout-flow\"><\/div>\n\n\n\n<div class=\"wp-block-column is-layout-flow wp-block-column-is-layout-flow\"><\/div>\n<\/div>\n\n\n\n<div class=\"wp-block-group is-layout-constrained wp-block-group-is-layout-constrained\">\n<figure class=\"wp-block-gallery has-nested-images columns-default is-cropped wp-block-gallery-1 is-layout-flex wp-block-gallery-is-layout-flex\"><\/figure>\n<\/div>\n","protected":false},"excerpt":{"rendered":"<p>\u00a0 Juure\u00f6koloogia t\u00f6\u00f6r\u00fchm tegeleb taimede juurte, risosf\u00e4\u00e4ri ja tervete \u00f6kos\u00fcsteemide maa aluste protsesside uurimisega. Anal\u00fc\u00fcsime kuidas juured, nende risosf\u00e4\u00e4ris elavad mikroobid ja mulla toiduv\u00f5rgustikud m\u00f5jutavad aineringeid mullas, kuidas m\u00f5jutavad neid kliima ja maakasutuse muutused ning millised on muutustega kohanemise mehhanismid &#8230;<\/p>\n","protected":false},"author":199,"featured_media":0,"parent":0,"menu_order":0,"comment_status":"closed","ping_status":"closed","template":"","meta":{"_acf_changed":false,"inline_featured_image":false,"footnotes":""},"class_list":["post-45","page","type-page","status-publish","hentry"],"acf":[],"_links":{"self":[{"href":"https:\/\/sisu.ut.ee\/rootecology\/wp-json\/wp\/v2\/pages\/45","targetHints":{"allow":["GET"]}}],"collection":[{"href":"https:\/\/sisu.ut.ee\/rootecology\/wp-json\/wp\/v2\/pages"}],"about":[{"href":"https:\/\/sisu.ut.ee\/rootecology\/wp-json\/wp\/v2\/types\/page"}],"author":[{"embeddable":true,"href":"https:\/\/sisu.ut.ee\/rootecology\/wp-json\/wp\/v2\/users\/199"}],"replies":[{"embeddable":true,"href":"https:\/\/sisu.ut.ee\/rootecology\/wp-json\/wp\/v2\/comments?post=45"}],"version-history":[{"count":16,"href":"https:\/\/sisu.ut.ee\/rootecology\/wp-json\/wp\/v2\/pages\/45\/revisions"}],"predecessor-version":[{"id":426,"href":"https:\/\/sisu.ut.ee\/rootecology\/wp-json\/wp\/v2\/pages\/45\/revisions\/426"}],"wp:attachment":[{"href":"https:\/\/sisu.ut.ee\/rootecology\/wp-json\/wp\/v2\/media?parent=45"}],"curies":[{"name":"wp","href":"https:\/\/api.w.org\/{rel}","templated":true}]}}